{"id":1689,"date":"2024-04-03T23:41:45","date_gmt":"2024-04-03T20:41:45","guid":{"rendered":"https:\/\/sisu.ut.ee\/ewod\/tarand\/"},"modified":"2024-04-04T00:06:33","modified_gmt":"2024-04-03T21:06:33","slug":"tarand","status":"publish","type":"page","link":"https:\/\/sisu.ut.ee\/ewod\/t\/tarand\/","title":{"rendered":"Helmut Tarand"},"content":{"rendered":"<p>\n\t<a href=\"https:\/\/sisu.ut.ee\/ewod\/t\/tarand\/poems\"><strong><span style=\"font-family: verdana,geneva;font-size: medium\">Poems <\/span><\/strong><\/a><strong><a href=\"https:\/\/sisu.ut.ee\/wp-content\/uploads\/sites\/108\/helmut_tarand.jpg\" target=\"_self\" rel=\"noopener\"><img decoding=\"async\" alt=\"Helmut Tarand\" src=\"https:\/\/sisu.ut.ee\/wp-content\/uploads\/sites\/108\/helmut_tarand_vaike.jpg\" style=\"float: right;width: 200px;height: 301px\"><\/a><\/strong>\n<\/p>\n<p>\n\t<a href=\"https:\/\/sisu.ut.ee\/ewod\/t\/tarand\/about\"><strong><span style=\"font-family: verdana,geneva;font-size: medium\">About Helmut Tarand<\/span><\/strong><\/a>\n<\/p>\n<p><span style=\"font-size:13px\"><span style=\"font-family:Verdana,Geneva,sans-serif\">Helmut Tarand (also Helmuth Tarand, until 1935 Helmuth Takenberg, pseudonyms Annus R\u00e4v\u00e4l\u00e4 and Aili Helm, 8. X 1911 \u2013 1. XI 1987) was a cultural figure and poet.<\/span><\/span>\n<\/p>\n<p>\n\t<span style=\"font-size:13px\"><span style=\"font-family:Verdana,Geneva,sans-serif\">He graduated from Kaarli Gymnasium in Tallinn in 1929, and from 1929 to 1936 he studied in the faculty of philosophy at the University of Tartu. He belonged to the Veljesto student society. From 1935 to 1940 he edited the journal <em>Eesti Noorus<\/em>, heading the \u201cElbumus\u201d student circle associated with it. From 1940 to 1941 he was editor of the journal <em>N\u00f5ukogude Kultuur<\/em>. In summer 1941 he was active in the anti-Soviet Home Guard militia in Harju county. From 1944 to 1945 he worked at the Historical Museum as a head of department and deputy director.<\/span><\/span>\n<\/p>\n<p>\n\t<span style=\"font-size:13px\"><span style=\"font-family:Verdana,Geneva,sans-serif\">In 1945 he was arrested on political charges. In 1946 he was deported as a prisoner to the Vorkuta coal mines. From 1955 he was living in forced exile there, working as a stoker at the Permafrost Research Institute of the USSR Academy of Sciences. In 1956 he was allowed back into Estonia, supporting himself with casual literary commissions in Tallinn. From 1962 to 1971 he worked at the Horticultural Administration centre. From 1972 to 1986 he was the official compiling the chronicle of the Pelgulinn Hospital in Tallinn. With the help of nursing sister Hilja R\u00fc\u00fctli, who had also been a political prisoner in Vorkuta, Helmut Tarand managed to get his own poems sent to Sweden.<\/span><\/span>\n<\/p>\n<p>\n\t<span style=\"font-size:13px\"><span style=\"font-family:Verdana,Geneva,sans-serif\">Tarand\u2019s son Andres Tarand is a climatologist and veteran social democratic top politician, prime minister of Estonia from 1994-1995 and member of European Parliament from 2004-2009. Andres\u2019s son Indrek Tarand is also a politician and former member of European Parliament, second son Kaarel Tarand is a journalist and long-time editor-in-chief of the arts and culture newspaper Sirp.<\/span><\/span>\n<\/p>\n<p>\n\t<span style=\"font-size:13px\"><span style=\"font-family:Verdana,Geneva,sans-serif\">Tarand and Hilja R\u00fc\u00fctli used together the pseudonym Aili Helm which was created from their first names. Under this name they co-wrote the five-part sequence of documentary novels about the Soviet prison system. The manuscript was secretly moved out of the Soviet Union, then the first three novels \u2013 <em>Kuradil ei ole varju<\/em> (\u201cThe Devil has No Shadow\u201d, 1979), <em>V\u00e4givallamaa<\/em> (\u201cLand of Violence\u201d, 1982) and <em>Re\u017eiim \u2013 see k\u00f5lab uhkelt<\/em> (\u201cHow proud the word rings \u2013 REGIME!\u201d, 1984) \u2013 were published in Lund, Sweden. The final two \u2013 <em>Kirjad pimedusest<\/em> (\u201cLetters from the Dark\u201d) and <em>Kummelite suvi<\/em> (\u201cThe Summer of Camomiles\u201d) were published in series in the Estonian-language newspaper <em>Vaba Eesti S\u00f5na<\/em> in Toronto in 1981 and 1983-84. The main author was R\u00fc\u00fctli, Tarand was the co-author and editor of the novel sequence.<\/span><\/span>\n<\/p>\n<p>\n\t<span style=\"font-size:13px\"><span style=\"font-family:Verdana,Geneva,sans-serif\">In 1981 Tarand\u2019s poetry collection <em>Vorkuta v\u00e4rsse<\/em> (\u2018The Vorkuta Verses\u2019) appeared in Lund under the pseudonym Annus R\u00e4v\u00e4l\u00e4. In 1983 Helmut Tarand received the Estonian Henrik Visnapuu Prize for this collection.<\/span><\/span>\n<\/p>\n<p>\n\t<span style=\"font-size:13px\"><span style=\"font-family:Verdana,Geneva,sans-serif\"><em>L. P. (Translated by C. M.)<\/em><\/span><\/span><\/p>\n<p><strong><span style=\"font-size:16px\"><span style=\"font-family:Verdana,Geneva,sans-serif\">Books in Estonian<\/span><\/span><\/strong><\/p>\n<p><span style=\"font-size:13px\"><span style=\"font-family:Verdana,Geneva,sans-serif\"><strong><em>Poetry<\/em><\/strong><\/span><\/span><br><span><span><span style=\"font-size:13px\"><span style=\"font-family:Verdana,Geneva,sans-serif\">Annus R\u00e4v\u00e4l\u00e4,<\/span><\/span> <\/span><\/span><span style=\"font-size:13px\"><span style=\"font-family:Verdana,Geneva,sans-serif\"><strong>Vorkuta v\u00e4rsse<\/strong>. Lund: Eesti Kirjanike Kooperatiiv, 1981. 61 lk.<br><strong>Epitaaf<\/strong>. Tallinn: Perioodika, 1990. 61 lk.<br><strong>\u00dcrglohutus<\/strong>. Tallinn: Eesti Keele Sihtasutus, 2011. 439 lk.<\/span><\/span>\n<\/p>\n<p>\n\t<span style=\"font-size:13px\"><span style=\"font-family:Verdana,Geneva,sans-serif\"><strong><em>Novels<\/em><\/strong><br>Aili Helm, <strong>Kuradil ei ole varju<\/strong>. M\u00e4rkmeid n\u00f5ukogude naistevanglast 1946. Lund: Eesti Kirjanike Kooperatiiv, 1979, 204 lk. [2. tr\u00fckk: 2009.]<br>Aili Helm, <strong>V\u00e4givallamaa<\/strong>. Lund: Eesti Kirjanike Kooperatiiv, 1982, 198 lk. [2. tr\u00fckk: 2009.]<br>Aili Helm, <strong>Re\u017eiim \u2013 see k\u00f5lab uhkelt<\/strong>. Lund: Eesti Kirjanike Kooperatiiv, 1984, 185 lk. [2. tr\u00fckk: 2009.]<\/span><\/span><\/p>\n","protected":false},"excerpt":{"rendered":"<p>Poems About Helmut Tarand Helmut Tarand (also Helmuth Tarand, until 1935 Helmuth Takenberg, pseudonyms Annus R\u00e4v\u00e4l\u00e4 and Aili Helm, 8. X 1911 \u2013 1. XI 1987) was a cultural figure and poet. He graduated from Kaarli Gymnasium in Tallinn in &#8230;<\/p>\n","protected":false},"author":43,"featured_media":0,"parent":709,"menu_order":0,"comment_status":"closed","ping_status":"closed","template":"","meta":{"_acf_changed":false,"inline_featured_image":false,"footnotes":""},"class_list":["post-1689","page","type-page","status-publish","hentry"],"acf":[],"_links":{"self":[{"href":"https:\/\/sisu.ut.ee\/ewod\/wp-json\/wp\/v2\/pages\/1689","targetHints":{"allow":["GET"]}}],"collection":[{"href":"https:\/\/sisu.ut.ee\/ewod\/wp-json\/wp\/v2\/pages"}],"about":[{"href":"https:\/\/sisu.ut.ee\/ewod\/wp-json\/wp\/v2\/types\/page"}],"author":[{"embeddable":true,"href":"https:\/\/sisu.ut.ee\/ewod\/wp-json\/wp\/v2\/users\/43"}],"replies":[{"embeddable":true,"href":"https:\/\/sisu.ut.ee\/ewod\/wp-json\/wp\/v2\/comments?post=1689"}],"version-history":[{"count":1,"href":"https:\/\/sisu.ut.ee\/ewod\/wp-json\/wp\/v2\/pages\/1689\/revisions"}],"predecessor-version":[{"id":3391,"href":"https:\/\/sisu.ut.ee\/ewod\/wp-json\/wp\/v2\/pages\/1689\/revisions\/3391"}],"up":[{"embeddable":true,"href":"https:\/\/sisu.ut.ee\/ewod\/wp-json\/wp\/v2\/pages\/709"}],"wp:attachment":[{"href":"https:\/\/sisu.ut.ee\/ewod\/wp-json\/wp\/v2\/media?parent=1689"}],"curies":[{"name":"wp","href":"https:\/\/api.w.org\/{rel}","templated":true}]}}