{"id":1635,"date":"2024-04-03T23:41:40","date_gmt":"2024-04-03T20:41:40","guid":{"rendered":"https:\/\/sisu.ut.ee\/ewod\/vaapovaher\/"},"modified":"2024-04-04T00:06:40","modified_gmt":"2024-04-03T21:06:40","slug":"vaapovaher","status":"publish","type":"page","link":"https:\/\/sisu.ut.ee\/ewod\/v\/vaapovaher\/","title":{"rendered":"Vaapo Vaher"},"content":{"rendered":"<p>\n\t<a href=\"https:\/\/sisu.ut.ee\/wp-content\/uploads\/sites\/108\/vaapo_vaher_alar_madisson.jpg\" target=\"_self\" rel=\"noopener\"><img decoding=\"async\" alt=\"Vaapo Vaher\" src=\"https:\/\/sisu.ut.ee\/wp-content\/uploads\/sites\/108\/vaapo_vaher_alar_madisson.jpg\" style=\"float: right;width: 450px;height: 301px\" title=\"Photo: Alar Madisson\"><\/a>\n<\/p>\n<p><span style=\"color:#000000\"><span style=\"font-size:13px\"><span style=\"font-family:Verdana,Geneva,sans-serif\">Vaapo Vaher (27 I 1945 \u2013 17 III 2024) was a critic, researcher of literature, essayist and poet.<\/span><\/span><\/span>\n<\/p>\n<p>\n\t<span style=\"color:#000000\"><span style=\"font-size:13px\"><span style=\"font-family:Verdana,Geneva,sans-serif\">Vaher was born in Tallinn. For the first two schoolyears, he attended school in Tallinn. In 1954, the family moved to Hiiumaa Island where Vaher completed K\u00e4rdla Secondary School. In his further life, Vaher has lived alternately in Tallinn and Hiiumaa. From 1965\u20131968, he studied architecture at Tallinn Technical School of Construction and Mechanics but did not finish his studies. Vaher has worked as a cargo handler, carpenter, painter, road construction worker. In 1974\u20131976, he was senior bibliographer at Hiiumaa Central Library, in 1976\u20131978, proof-reader of the newspaper <em>N\u00f5ukogude Hiiumaa<\/em>. In the following years, he worked as a journalist in Tallinn, in 1979\u20131982 as a correspondent of the newspaper <em>\u00d5htuleht<\/em>, in 1982\u20131985 as senior editor of the magazine <em>Pikker<\/em>, in 1992\u20131996 as culture editor of the newspaper <em>Eesti Aeg<\/em> and in 1996\u20131999 of the magazine <em>Luup<\/em>. Later he has been a freelance writer. Vaapo Vaher was a member of the Estonian Writers\u2019 Union since 1995; he was also a member of the Estonian Literary Society.<\/span><\/span><\/span>\n<\/p>\n<p>\n\t<span style=\"color:#000000\"><span style=\"font-size:13px\"><span style=\"font-family:Verdana,Geneva,sans-serif\">Vaher published hundreds of articles, research papers and essays. In addition to Estonian literature, Vaher was interested in Russian literature and culture in the broader sense. His poetry has been published in the collection <em>Noori autoreid 77<\/em> (\u2018Young Authors 77\u2019), <em>Eesti murdeluuleantoloogia<\/em> (\u2018Anthology of Estonian Dialect Poetry\u2019), in the journals <em>Looming<\/em> and <em>Noorus<\/em> and in newspapers.\u00a0 He wrote stories and poetry for children, the film script <em>Klaaside taga<\/em> (\u2018Behind the Windows\u2019), radio plays, song lyrics for Valter Ojak\u00e4\u00e4r\u2019s operettas <em>Maskeraad Ungrus<\/em> (\u2018Masquerade at Ungru\u2019) and <em>Winnetou<\/em>, vaudevilles in Hiiumaa dialect (composer Arved Haug), etc. Vaher\u2019s poetry has been translated into Russian, English and Belarusian, his essays into Russian, Finnish and German.<\/span><\/span><\/span>\n<\/p>\n<p>\n\t<span style=\"color:#000000\"><span style=\"font-size:13px\"><span style=\"font-family:Verdana,Geneva,sans-serif\">In 2019, Vaapo Vaher published a book in two volumes, <em>Hiiumaa kirjanduse lugu<\/em> (\u2018History of Literature of Hiiumaa. Essays and Studies\u2019). The book provides information about writers who have had personal relations with Hiiumaa Island, which are reflected in their creation and biographies. Such writers are, for example, Villem Ridala, Aino Kallas, Marie Under, Artur Adson, Ernst Enno, Debora Vaarandi, Juhan Smuul, Jaan Kross, Mats Traat, Paul-Eerik Rummo, Rein Saluri, T\u00f5nu \u00d5nnepalu, and many others.<\/span><\/span><\/span>\n<\/p>\n<p>\n\t<em><span style=\"color:#000000\"><span style=\"font-size:13px\"><span style=\"font-family:Verdana,Geneva,sans-serif\">L. P. (Translated by I. A.)<\/span><\/span><\/span><\/em><\/p>\n<p>\u00a0\n<\/p>\n<p>\n\t<strong><span style=\"font-size:16px\"><span style=\"color:#000000\"><span style=\"font-family:Verdana,Geneva,sans-serif\">Books in Estonian<\/span><\/span><\/span><\/strong>\n<\/p>\n<p>\n\t<span style=\"color:#000000\"><span style=\"font-size:13px\"><span style=\"font-family:Verdana,Geneva,sans-serif\"><strong><em>Essays<\/em><\/strong> <strong><em>and articles<\/em><\/strong><br><strong>Surmakuul &amp; seemnepurse<\/strong>. Tallinn: Eesti\u2013Kambod\u017ea S\u00f5prus\u00fching &amp; Juku-Kalle Raid, 2002. 528 lk.<br><strong>Kokaiin Balti jaama turult<\/strong>: miniatuure vene kultuurist. Tallinn: Sirp, 2003. 223 lk.<br><strong>Imelaps, kellest ei saanud geeniust: esseistlik monograafia Ardi Liivesest<\/strong>. Tallinn: Eesti Keele Sihtasutus, 2007. 463 lk.<br><strong>Kino on saatan, kes imeb su rinda: vene kino katekismus<\/strong>. Tallinn: Pegasus, 2009. 327 lk.<br><strong>Jalgpall hingede \u00f6\u00f6s: vutist eesti kultuuriloos<\/strong>. Tallinn: Pegasus, 2010. 256 lk.<br><strong>Vampiiride tants<\/strong>: esseed ja \u00fctlemised. Tallinn: Eesti Keele Sihtasutus, 2012. 430 lk.<br><strong>Hiiumaa kirjanduse lugu<\/strong>. 1. Esseid ja uurimusi. K\u00e4rdla: Hiiumaa Teabekapital, 2019. 848 lk.<br><strong>Hiiumaa kirjanduse lugu<\/strong>. 2. Esseid ja uurimusi. K\u00e4rdla: Hiiumaa Teabekapital, 2019. 928 lk.<\/span><\/span><\/span>\n<\/p>\n<p>\n\t\u00a0<\/p>\n","protected":false},"excerpt":{"rendered":"<p>Vaapo Vaher (27 I 1945 \u2013 17 III 2024) was a critic, researcher of literature, essayist and poet. Vaher was born in Tallinn. For the first two schoolyears, he attended school in Tallinn. In 1954, the family moved to Hiiumaa &#8230;<\/p>\n","protected":false},"author":43,"featured_media":0,"parent":733,"menu_order":0,"comment_status":"closed","ping_status":"closed","template":"","meta":{"_acf_changed":false,"inline_featured_image":false,"footnotes":""},"class_list":["post-1635","page","type-page","status-publish","hentry"],"acf":[],"_links":{"self":[{"href":"https:\/\/sisu.ut.ee\/ewod\/wp-json\/wp\/v2\/pages\/1635","targetHints":{"allow":["GET"]}}],"collection":[{"href":"https:\/\/sisu.ut.ee\/ewod\/wp-json\/wp\/v2\/pages"}],"about":[{"href":"https:\/\/sisu.ut.ee\/ewod\/wp-json\/wp\/v2\/types\/page"}],"author":[{"embeddable":true,"href":"https:\/\/sisu.ut.ee\/ewod\/wp-json\/wp\/v2\/users\/43"}],"replies":[{"embeddable":true,"href":"https:\/\/sisu.ut.ee\/ewod\/wp-json\/wp\/v2\/comments?post=1635"}],"version-history":[{"count":1,"href":"https:\/\/sisu.ut.ee\/ewod\/wp-json\/wp\/v2\/pages\/1635\/revisions"}],"predecessor-version":[{"id":3433,"href":"https:\/\/sisu.ut.ee\/ewod\/wp-json\/wp\/v2\/pages\/1635\/revisions\/3433"}],"up":[{"embeddable":true,"href":"https:\/\/sisu.ut.ee\/ewod\/wp-json\/wp\/v2\/pages\/733"}],"wp:attachment":[{"href":"https:\/\/sisu.ut.ee\/ewod\/wp-json\/wp\/v2\/media?parent=1635"}],"curies":[{"name":"wp","href":"https:\/\/api.w.org\/{rel}","templated":true}]}}