{"id":16,"date":"2024-04-03T23:39:15","date_gmt":"2024-04-03T20:39:15","guid":{"rendered":"https:\/\/sisu.ut.ee\/ewod\/triinpaja\/"},"modified":"2024-04-04T00:11:14","modified_gmt":"2024-04-03T21:11:14","slug":"triinpaja","status":"publish","type":"page","link":"https:\/\/sisu.ut.ee\/ewod\/p\/triinpaja\/","title":{"rendered":"Triin Paja"},"content":{"rendered":"<p>Triin Paja (born 26 October 1990) is a poet and translator.\n<\/p>\n<p>\n\tFor her debut collection <em>N\u00f5ges<\/em> (\u2018Nettle\u2019, 2018), Paja received the Betti Alver Betti Alver Debut Prize together with Raul Ore\u0161kin\u2019s collection <em>Kui ma vananen\u2026<\/em> (\u2018When I Get Older\u2019). In the same year, she received the poetry prize of the journal <em>V\u00e4rske R\u00f5hk<\/em>, and, in 2020, the Juhan Liiv Poetry Prize for the poem <em>\u00d6\u00f6 on tume nagu \u00f5dede juuksed<\/em> (\u2018The Night is Dark Like Sisters\u2019 Hair) which was published in <em>V\u00e4rske R\u00f5hk<\/em> in 2019 and in the collection <em>\u00dcrglind<\/em> (\u2018Archaeopteryx\u2019) in 2021. Triin Paja is a member of the Estonian Writers\u2019 Union from 2022.\n<\/p>\n<p>\n\tPaja\u2019s characteristic features \u2014 the richness of images and introspectiveness, motifs of nature, beliefs and myths \u2014 are entwined into a magic whole; the theme of loved ones and death are more closely dealt with in the collection <em>J\u00f5e matmine<\/em> (\u2018Burying the River\u2019, 2022).\n<\/p>\n<p>\n\tPaja has translated the US poet Donika Kelly\u2019s poetry collection Bestiary into Estonian.\n<\/p>\n<p>\n\t<em>A. K. (Translated by I. A.)<\/em>\n<\/p>\n<p><strong><span style=\"font-size:16px\">Books in Estonian<\/span><\/strong>\n<\/p>\n<p>\n\t<strong><em>Poetry collections<\/em><\/strong><br><strong>N\u00f5ges<\/strong>. Tallinn: Kultuurileht, 2018, 94 lk<br><strong>\u00dcrglind<\/strong>. Tallinn: Tuum, 2021, 78 lk<br><strong>J\u00f5e matmine<\/strong>. Luige: Verb, 2022, 52 lk<\/p>\n","protected":false},"excerpt":{"rendered":"<p>Triin Paja (born 26 October 1990) is a poet and translator. For her debut collection N\u00f5ges (\u2018Nettle\u2019, 2018), Paja received the Betti Alver Betti Alver Debut Prize together with Raul Ore\u0161kin\u2019s collection Kui ma vananen\u2026 (\u2018When I Get Older\u2019). In &#8230;<\/p>\n","protected":false},"author":43,"featured_media":0,"parent":675,"menu_order":0,"comment_status":"closed","ping_status":"closed","template":"","meta":{"_acf_changed":false,"inline_featured_image":false,"footnotes":""},"class_list":["post-16","page","type-page","status-publish","hentry"],"acf":[],"_links":{"self":[{"href":"https:\/\/sisu.ut.ee\/ewod\/wp-json\/wp\/v2\/pages\/16","targetHints":{"allow":["GET"]}}],"collection":[{"href":"https:\/\/sisu.ut.ee\/ewod\/wp-json\/wp\/v2\/pages"}],"about":[{"href":"https:\/\/sisu.ut.ee\/ewod\/wp-json\/wp\/v2\/types\/page"}],"author":[{"embeddable":true,"href":"https:\/\/sisu.ut.ee\/ewod\/wp-json\/wp\/v2\/users\/43"}],"replies":[{"embeddable":true,"href":"https:\/\/sisu.ut.ee\/ewod\/wp-json\/wp\/v2\/comments?post=16"}],"version-history":[{"count":1,"href":"https:\/\/sisu.ut.ee\/ewod\/wp-json\/wp\/v2\/pages\/16\/revisions"}],"predecessor-version":[{"id":5051,"href":"https:\/\/sisu.ut.ee\/ewod\/wp-json\/wp\/v2\/pages\/16\/revisions\/5051"}],"up":[{"embeddable":true,"href":"https:\/\/sisu.ut.ee\/ewod\/wp-json\/wp\/v2\/pages\/675"}],"wp:attachment":[{"href":"https:\/\/sisu.ut.ee\/ewod\/wp-json\/wp\/v2\/media?parent=16"}],"curies":[{"name":"wp","href":"https:\/\/api.w.org\/{rel}","templated":true}]}}