{"id":1546,"date":"2024-04-03T23:41:31","date_gmt":"2024-04-03T20:41:31","guid":{"rendered":"https:\/\/sisu.ut.ee\/ewod\/about-et-170\/"},"modified":"2024-09-27T12:18:44","modified_gmt":"2024-09-27T09:18:44","slug":"about","status":"publish","type":"page","link":"https:\/\/sisu.ut.ee\/ewod\/k\/koidula\/about\/","title":{"rendered":"Lydia Koidula &#8211; about"},"content":{"rendered":"<p><strong><span style=\"font-family: verdana,geneva; font-size: medium;\">Books<\/span><\/strong><\/p>\n\n\n\n<p><span style=\"font-size: small;\"><span style=\"font-family: verdana, geneva;\"><strong><em>English<\/em><\/strong><br>Madli Puhvel, <strong>Symbol of dawn: the life and times of the 19th-century Estonian poet Lydia Koidula<\/strong>. Tartu: Tartu University Press, 1995, 297 pp. [2nd print: 1999.]<\/span><\/span><\/p>\n\n\n\n<p><span style=\"font-size: small;\"><span style=\"font-family: verdana, geneva;\"><strong><em>Finnish<\/em><\/strong><br>Aino Kallas, <strong>T\u00e4hdenlento: Virolaisen runoilijattaren Koidulan el\u00e4m\u00e4<\/strong>. Helsinki: Otava, 1915, 259 pp. [2nd ed: Helsinki: Otava, 1935, 298 pp.]<\/span><\/span><\/p>\n\n\n\n<p>\u00a0<\/p>\n\n\n\n<p><strong><span style=\"font-family: verdana,geneva; font-size: medium;\">Articles<\/span><\/strong><\/p>\n\n\n\n<p><strong><em><span style=\"font-family: verdana,geneva;\">German<\/span><\/em><\/strong><br><span style=\"font-family: verdana,geneva;\">Gisbert J\u00e4nicke, <strong>\u00dcber meinen Umgang mit Lydia Koidula<\/strong>. \u2013 Estonia, no 1, 2000, pp 28-39.<br>Cornelius Hasselblatt, <strong>Lydia Koidula im Badischen<\/strong>. \u2013 Estonia, no 1, 2000, pp 4-11.<br>Irja Dittmann-Gr\u00f6nholm, <strong>Koidula, Lydia (eigentl. Lydia Emilie Florentine Jannsen)<\/strong>. \u2013 Metzler Autorinnen Lexikon. Hrsg. von Ute Hechtfischer, Renate Hof, Inge Stephan und Flora Veit-Wild. Stuttgart, Weimar: Metzler, 1998, pp 259-260.<br>3M. M., <strong>Lydia Koidula ist unvergessen<\/strong>. \u2013 Baltische Briefe, no 7-8, 1986, p 3.<br>Urmas Bereczki, <strong>Lydia Koidulas Briefe an P\u00e1l Hunfalvy<\/strong>. \u2013 Estonia, no 2, 1985, pp 6-15.<br>C. J. Brinkmann, <strong>Zum 100. Geburtstag der estnischen Dichterin<\/strong>. \u2013 Revaler Zeitung, no 295, 1943, p 5.<br>Thusnelda Thomson, <strong>Ein Frauenleben in einem Volksfr\u00fchling<\/strong>. \u2013 Die Frau (Berlin), no 6, 1938, pp 316-321.<br>NN, <strong>Der 50-j\u00e4hrige Todestag Lydia Koidulas<\/strong>. \u2013 Revaler Zeitung, no 183, 1936, p 4.<\/span><\/p>\n\n\n\n<p><strong><em>Hungarian<\/em><\/strong><br><span style=\"font-family: verdana,geneva;\">\u00c1rp\u00e1s K\u00e1roly,\u00a0<a href=\"http:\/\/www.sulinet.hu\/oroksegtar\/data\/tudomany_es_ismeretterjesztes\/messze_van_esztorszag\/\" target=\"_blank\" rel=\"noopener\"><strong>Messze van \u00c9sztorsz\u00e1g\u2026: (v\u00e1logatott finnugrisztikai dolgozatok)<\/strong><\/a>. Savariae [i.e. Szombathely]: Berzsenyi D\u00e1niel Tan\u00e1rk\u00e9pz\u00f6 F\u00f6iskola, 2003, 275 pp. [A monograph about Estonian history and literature. Includes special chapters about \u2018Kalevipoeg\u2019, Lydia Koidula (in German), A. H. Tammsaare, Jaan Kross, Minni Nurme, Viivi Luik and Paul-Eerik Rummo.]<\/span><br>Varga Magdolna, <strong>Gondolatok egy ford\u00edt\u00e1sr\u00f3l (Az \u00e9sztek \u201eSz\u00f3zata\u201d magyarul)<\/strong>. \u2013 <a href=\"http:\/\/www.sulinet.hu\/oroksegtar\/data\/tudomany_es_ismeretterjesztes\/messze_van_esztorszag\/pages\/056_csatolmany_8.htm\">http:\/\/www.sulinet.hu\/oroksegtar\/data\/tudomany_es_ismeretterjesztes\/messze_van_esztorszag\/pages\/056_csatolmany_8.htm<\/a>, 1993.<br>\u00c1rp\u00e1s K\u00e1roly,\u00a0<strong>A Hajnal \u00e9rkez\u00e9se<\/strong>. \u2013 http:\/\/www.sulinet.hu\/oroksegtar\/data\/tudomany_es_ismeretterjesztes\/messze_van_esztorszag\/pages\/055_csatolmany_7.htm [s.a.]. [About the poem \u2018Mu isamaa on minu arm\u2019.]<\/p>\n\n\n\n<p><span style=\"font-family: verdana,geneva;\"><strong><em>Russian<\/em><\/strong><br>\u0411\u043e\u0440\u0438\u0441 \u0422\u0443\u0445,\u00a0<strong>\u041b\u0438\u0434\u0438\u044f \u041a\u043e\u0439\u0434\u0443\u043b\u0430 (1843-1886). \u201c\u0421 \u0442\u0435\u0445 \u043f\u043e\u0440 \u043d\u0435 \u0443\u0433\u0430\u0441\u0430\u043b\u0430 \u043f\u0435\u0447\u0430\u043b\u044c \u0432 \u0433\u0440\u0443\u0434\u0438 \u043c\u043e\u0435\u0439\u2026\u201d<\/strong>. \u2013 \u0411\u043e\u0440\u0438\u0441 \u0422\u0443\u0445, \u0413\u0440\u0443\u043f\u043f\u043e\u0432\u043e\u0439 \u043f\u043e\u0440\u0442\u0440\u0435\u0442 \u0441 \u0434\u0430\u043c\u043e\u0439 \u0432 \u0438\u043d\u0442\u0435\u0440\u044c\u0435\u0440\u0435 \u044d\u0441\u0442\u043e\u043d\u0441\u043a\u043e\u0439 \u043b\u0438\u0442\u0435\u0440\u0430\u0442\u0443\u0440\u044b: \u041b\u0438\u0434\u0438\u044f \u041a\u043e\u0439\u0434\u0443\u043b\u0430, \u041c\u0430\u0440\u0438\u0435 \u0423\u043d\u0434\u0435\u0440, \u0414\u0435\u0431\u043e\u0440\u0430 \u0412\u0430\u0430\u0440\u0430\u043d\u0434\u0438, \u0411\u0435\u0442\u0442\u0438 \u0410\u043b\u044c\u0432\u0435\u0440, \u041c\u0430\u0439\u043c\u0443 \u0411\u0435\u0440\u0433, \u042d\u043c\u044d \u0411\u044d\u044d\u043a\u043c\u0430\u043d, \u041b\u0435\u044d\u043b\u043e \u0422\u0443\u043d\u0433\u0430\u043b, \u0414\u043e\u0440\u0438\u0441 \u041a\u0430\u0440\u0435\u0432\u0430. \u0420\u0435\u0434\u0430\u043a\u0442\u043e\u0440 \u0421\u0432\u0435\u0442\u043b\u0430\u043d\u0430 \u0418\u0432\u0430\u043d\u043e\u0432\u0430; \u0445\u0443\u0434\u043e\u0436\u0435\u0441\u0442\u0432\u0435\u043d\u043d\u043e\u0435 \u043e\u0444\u043e\u0440\u043c\u043b\u0435\u043d\u0438\u0435: \u0423\u043b\u044c\u0432\u0438 \u041b\u0430\u0445\u0435\u0441\u0430\u043b\u0443; \u0445\u0443\u0434\u043e\u0436\u043d\u0438\u043a \u0422\u0430\u043c\u0430\u0440\u0430 \u0421\u0435\u0440\u0433\u0438\u0435\u043d\u043a\u043e. \u0422\u0430\u043b\u043b\u0438\u043d\u043d: \u0418\u0437\u0434\u0430\u0442\u0435\u043b\u044c\u0441\u0442\u0432\u043e \u201c\u041a\u041f\u0414\u201d, 2010, pp 3-18. [Articles and interviews. See <a href=\"https:\/\/sisu.ut.ee\/ewod\/general\/booksinrussian\/boristuh\"><strong>contents<\/strong><\/a>.]<br>\u0420\u043e\u043c\u0430\u043d \u041a\u0430\u043b\u043b\u0430\u0441, <strong>\u041b\u0438\u0434\u0438\u044f \u041a\u043e\u0439\u0434\u0443\u043b\u0430: \u0421\u0438\u043c\u0432\u043e\u043b \u0443\u0442\u0440\u0435\u043d\u043d\u0435\u0439 \u0437\u0430\u0440\u0438<\/strong>. \u2013 \u0420\u043e\u043c\u0430\u043d \u041a\u0430\u043b\u043b\u0430\u0441, \u042d\u0441\u0442\u043e\u043d\u0441\u043a\u0430\u044f \u043b\u0438\u0442\u0435\u0440\u0430\u0442\u0443\u0440\u0430: 20 \u0438\u043c\u0435\u043d \u043e\u0442 \u043a\u043b\u0430\u0441\u0441\u0438\u043a\u0438 \u0434\u043e \u0441\u043e\u0432\u0440\u0435\u043c\u0435\u043d\u043d\u043e\u0441\u0442\u0438: \u043d\u0430\u0447\u0430\u043b\u044c\u043d\u044b\u0439 \u043a\u0443\u0440\u0441 \u0434\u043b\u044f \u0448\u043a\u043e\u043b \u0441 \u0440\u0443\u0441\u0441\u043a\u0438\u043c \u044f\u0437\u044b\u043a\u043e\u043c \u043e\u0431\u0443\u0447\u0435\u043d\u0438\u044f. Viljandi: Sarapuu, 1997, pp 45-50. [See <strong><a href=\"https:\/\/sisu.ut.ee\/ewod\/general\/booksinrussian\/20imen\">contents<\/a><\/strong> of the monograph.]<br>\u0420\u043e\u043c\u0430\u043d \u041a\u0430\u043b\u043b\u0430\u0441, <strong>\u041f\u0430\u0442\u0440\u0438\u043e\u0442\u0438\u0447\u0435\u0441\u043a\u0430\u044f \u043b\u0438\u0440\u0438\u043a\u0430 \u041b\u0438\u0434\u0438\u0438 \u041a\u043e\u0439\u0434\u0443\u043b\u044b<\/strong>. \u2013 \u0420\u043e\u043c\u0430\u043d \u041a\u0430\u043b\u043b\u0430\u0441, \u042d\u0441\u0442\u043e\u043d\u0441\u043a\u0430\u044f \u043b\u0438\u0442\u0435\u0440\u0430\u0442\u0443\u0440\u0430: 20 \u0438\u043c\u0435\u043d \u043e\u0442 \u043a\u043b\u0430\u0441\u0441\u0438\u043a\u0438 \u0434\u043e \u0441\u043e\u0432\u0440\u0435\u043c\u0435\u043d\u043d\u043e\u0441\u0442\u0438: \u043d\u0430\u0447\u0430\u043b\u044c\u043d\u044b\u0439 \u043a\u0443\u0440\u0441 \u0434\u043b\u044f \u0448\u043a\u043e\u043b \u0441 \u0440\u0443\u0441\u0441\u043a\u0438\u043c \u044f\u0437\u044b\u043a\u043e\u043c \u043e\u0431\u0443\u0447\u0435\u043d\u0438\u044f. Viljandi: Sarapuu, 1997, pp 50-52. [See <strong><a href=\"https:\/\/sisu.ut.ee\/ewod\/general\/booksinrussian\/20imen\">contents<\/a><\/strong> of the monograph.]<\/span><\/p>\n\n\n\n<p><em><strong>Spanish<\/strong><\/em><br>J\u00fcri Talvet, <strong>Lydia Koidula<\/strong>. \u2013 Nube C\u00f3nica (Chile), no 3, 2022, <a href=\"https:\/\/nubeconica.cl\/lydia-koidula\/\" target=\"_blank\" rel=\"noreferrer noopener\">https:\/\/nubeconica.cl\/lydia-koidula\/<\/a><\/p>\n\n\n\n<p>\u00a0<\/p>\n\n\n\n<p><strong><span style=\"font-family: verdana,geneva; font-size: medium;\">Reviews<\/span><\/strong><\/p>\n\n\n\n<p><span style=\"font-family: verdana,geneva;\"><strong><em>German<\/em><\/strong><br>Cornelius Hasselblatt,\u00a0<strong>Lydia Koidula: Emmaj\u00f6e \u00f6pik + S\u00e4rane mulk, ehk sada wakka tangusoola<\/strong>. \u2013\u00a0Kindlers Literatur Lexikon 3, bd 9.\u00a0Stuttgart, Weimar: Verlag\u00a0J.B. Metzler, 2009, pp\u00a0232f.<br>Cornelius Hasselblatt, <strong>Lydia Koidula: Emaj\u00f6e \u00f6pik; S\u00e4rane mulk, ehk sada wakka tangusoola<\/strong>. \u2013 Kindlers Neues Literatur Lexikon, Bd 9. M\u00fcnchen: Kindler, 1990, pp 584-585.<br>Wilhelm Schott, <strong>Ein ehstnisches Original-Schauspiel<\/strong>. \u2013 Magazin f\u00fcr die Literatur des Auslandes, 1873, pp 152-153. [About \u2018S\u00e4\u00e4rane mulk ehk Sada vakka tangusoola\u2019.]<br>Wilhelm Schott, <strong>Ein ehstnischer Roman<\/strong>. \u2013 Magazin f\u00fcr die Literatur des Auslandes, 1869, p 471. [About \u2018Ojam\u00f6lder ja tema minia\u2019.]<br><\/span><\/p>\n","protected":false},"excerpt":{"rendered":"<p>Books EnglishMadli Puhvel, Symbol of dawn: the life and times of the 19th-century Estonian poet Lydia Koidula. Tartu: Tartu University Press, 1995, 297 pp. [2nd print: 1999.] FinnishAino Kallas, T\u00e4hdenlento: Virolaisen runoilijattaren Koidulan el\u00e4m\u00e4. Helsinki: Otava, 1915, 259 pp. [2nd &#8230;<\/p>\n","protected":false},"author":43,"featured_media":0,"parent":1540,"menu_order":0,"comment_status":"closed","ping_status":"closed","template":"","meta":{"_acf_changed":false,"inline_featured_image":false,"footnotes":""},"class_list":["post-1546","page","type-page","status-publish","hentry"],"acf":[],"_links":{"self":[{"href":"https:\/\/sisu.ut.ee\/ewod\/wp-json\/wp\/v2\/pages\/1546","targetHints":{"allow":["GET"]}}],"collection":[{"href":"https:\/\/sisu.ut.ee\/ewod\/wp-json\/wp\/v2\/pages"}],"about":[{"href":"https:\/\/sisu.ut.ee\/ewod\/wp-json\/wp\/v2\/types\/page"}],"author":[{"embeddable":true,"href":"https:\/\/sisu.ut.ee\/ewod\/wp-json\/wp\/v2\/users\/43"}],"replies":[{"embeddable":true,"href":"https:\/\/sisu.ut.ee\/ewod\/wp-json\/wp\/v2\/comments?post=1546"}],"version-history":[{"count":3,"href":"https:\/\/sisu.ut.ee\/ewod\/wp-json\/wp\/v2\/pages\/1546\/revisions"}],"predecessor-version":[{"id":5592,"href":"https:\/\/sisu.ut.ee\/ewod\/wp-json\/wp\/v2\/pages\/1546\/revisions\/5592"}],"up":[{"embeddable":true,"href":"https:\/\/sisu.ut.ee\/ewod\/wp-json\/wp\/v2\/pages\/1540"}],"wp:attachment":[{"href":"https:\/\/sisu.ut.ee\/ewod\/wp-json\/wp\/v2\/media?parent=1546"}],"curies":[{"name":"wp","href":"https:\/\/api.w.org\/{rel}","templated":true}]}}