{"id":1543,"date":"2024-04-03T23:41:30","date_gmt":"2024-04-03T20:41:30","guid":{"rendered":"https:\/\/sisu.ut.ee\/ewod\/about-et-168\/"},"modified":"2024-04-04T00:06:58","modified_gmt":"2024-04-03T21:06:58","slug":"about","status":"publish","type":"page","link":"https:\/\/sisu.ut.ee\/ewod\/h\/hurt\/about\/","title":{"rendered":"Jakob Hurt &#8211; about"},"content":{"rendered":"<p><span style=\"font-family: verdana, geneva\"><strong><span style=\"font-size: medium\">Articles<\/span><\/strong><\/span><\/p>\n<p><span style=\"font-family: verdana, geneva;font-size: small\"><strong><em>English<\/em><\/strong><\/span><br><span style=\"font-family: verdana, geneva;font-size: small\">Valdur Mikita, <strong>The return of Jakob Hurt or how to get a shaman to use a smartphone<\/strong>. \u2013 Estonian Literary Magazine, no 38, 2014<\/span><\/p>\n<p><span style=\"font-family: verdana, geneva;font-size: small\"><strong><em>German<\/em><\/strong><br>\u00dclle Sihver, <strong>Konzeptionen des \u203aNationalen Erwachens\u2039. Der pers\u00f6nliche Beitrag von Johann Voldemar Jannsen, Johann K\u00f6hler, Carl Robert Jakobson und Jakob Hurt zur estnischen Bewegung in der zweiten H\u00e4lfte des 19. Jahrhunderts<\/strong>. \u2013 Kulturgeschichte der baltischen L\u00e4nder in der Fr\u00fchen Neuzeit. Mit einem Ausblick in die Moderne. Hrsg. von Klaus Garber und Martin Kl\u00f6ker. T\u00fcbingen: Max Niemeyer Verlag, 2003, pp 463-480.<br>Artur Adson, <strong>Jakob Hurt<\/strong>. \u2013 Eesti Keele ja Kirjanduse Instituudi Aastaraamat I. Stockholm, 1973, pp 90-91.<\/span><\/p>\n","protected":false},"excerpt":{"rendered":"<p>Articles EnglishValdur Mikita, The return of Jakob Hurt or how to get a shaman to use a smartphone. \u2013 Estonian Literary Magazine, no 38, 2014 German\u00dclle Sihver, Konzeptionen des \u203aNationalen Erwachens\u2039. Der pers\u00f6nliche Beitrag von Johann Voldemar Jannsen, Johann K\u00f6hler, &#8230;<\/p>\n","protected":false},"author":43,"featured_media":0,"parent":521,"menu_order":0,"comment_status":"closed","ping_status":"closed","template":"","meta":{"_acf_changed":false,"inline_featured_image":false,"footnotes":""},"class_list":["post-1543","page","type-page","status-publish","hentry"],"acf":[],"_links":{"self":[{"href":"https:\/\/sisu.ut.ee\/ewod\/wp-json\/wp\/v2\/pages\/1543","targetHints":{"allow":["GET"]}}],"collection":[{"href":"https:\/\/sisu.ut.ee\/ewod\/wp-json\/wp\/v2\/pages"}],"about":[{"href":"https:\/\/sisu.ut.ee\/ewod\/wp-json\/wp\/v2\/types\/page"}],"author":[{"embeddable":true,"href":"https:\/\/sisu.ut.ee\/ewod\/wp-json\/wp\/v2\/users\/43"}],"replies":[{"embeddable":true,"href":"https:\/\/sisu.ut.ee\/ewod\/wp-json\/wp\/v2\/comments?post=1543"}],"version-history":[{"count":1,"href":"https:\/\/sisu.ut.ee\/ewod\/wp-json\/wp\/v2\/pages\/1543\/revisions"}],"predecessor-version":[{"id":3541,"href":"https:\/\/sisu.ut.ee\/ewod\/wp-json\/wp\/v2\/pages\/1543\/revisions\/3541"}],"up":[{"embeddable":true,"href":"https:\/\/sisu.ut.ee\/ewod\/wp-json\/wp\/v2\/pages\/521"}],"wp:attachment":[{"href":"https:\/\/sisu.ut.ee\/ewod\/wp-json\/wp\/v2\/media?parent=1543"}],"curies":[{"name":"wp","href":"https:\/\/api.w.org\/{rel}","templated":true}]}}