{"id":1522,"date":"2024-04-03T23:41:28","date_gmt":"2024-04-03T20:41:28","guid":{"rendered":"https:\/\/sisu.ut.ee\/ewod\/suits\/"},"modified":"2024-09-10T20:35:55","modified_gmt":"2024-09-10T17:35:55","slug":"suits","status":"publish","type":"page","link":"https:\/\/sisu.ut.ee\/ewod\/s\/suits\/","title":{"rendered":"Gustav Suits"},"content":{"rendered":"<h5 class=\"wp-block-heading\"><br><a href=\"https:\/\/sisu.ut.ee\/ewod\/s\/suits\/poems\"><strong><span style=\"font-size: medium; font-family: verdana,geneva;\">Poems<\/span><\/strong><\/a><a href=\"\/wp-content\/uploads\/sites\/108\/suits_gustav_2.jpg\"><span style=\"font-size: medium; font-family: verdana,geneva;\"><img loading=\"lazy\" decoding=\"async\" title=\"Photo by Carl Sarap\" width=\"200\" height=\"273\" style=\"float: right;\" src=\"\/wp-content\/uploads\/sites\/108\/suits_gustav_2.jpg\" alt=\"Gustav Suits. Photo by Carl Sarap\"><\/span><\/a><\/h5>\n\n\n\n<h5 class=\"wp-block-heading\"><a href=\"https:\/\/sisu.ut.ee\/ewod\/s\/suits\/nonfiction\"><strong><span style=\"font-size: medium; font-family: verdana,geneva;\">Non-fiction<\/span><\/strong><\/a><\/h5>\n\n\n\n<h5 class=\"wp-block-heading\"><a href=\"https:\/\/sisu.ut.ee\/ewod\/s\/suits\/about\"><strong><span style=\"font-size: medium; font-family: verdana,geneva;\">About Gustav Suits<\/span><\/strong><\/a><\/h5>\n\n\n\n<p><\/p>\n\n\n\n<p><span style=\"font-size: medium; font-family: verdana,geneva;\"><span style=\"font-size: small;\">Gustav Suits (30\/18 November 1883 \u2013 23 May 1956) was an Estonian poet and literary scholar. He is considered one of the most important innovators of poetry in Estonian literature, a spiritual leader of the Noor-Eesti (the Young Estonia) literary group, and also the founder of Estonian literary studies and first professor of Estonian Literature. <\/span><\/span><span style=\"font-size: medium; font-family: verdana,geneva;\"><br><span style=\"font-size: small;\">\u00a0<\/span><br><span style=\"font-size: small;\">Gustav Suits was born in Kastre-V\u00f5nnu parish in Tartu County. On graduating from Tartu Alexander Gymnasium, he went on to study in the Department of History and Language at Tartu University in 1904. The very next year he transferred to Helsinki University where he studied contemporary European literature and aesthetics, and Finnish language, literature and folklore. Suits was also politically active: in 1917 he joined the Estonian Socialist Revolutionary Party; in 1918 he participated in the work of the foreign delegation of the Republic of Estonia in Stockholm. Once the Republic of Estonia gained independence, he was invited to work at the Chair of Estonian and World Literature of Tartu University. Suits became the first professor of Estonian literature: from 1919\u20131924 he was the acting professor, then <em>professor extraordinarius<\/em>, and from 1931 full professor of Estonian and world literature. In 1944 Suits escaped to Stockholm where he worked as a stipendiary of the Nobel Foundation. He wrote poetry, researched literature and participated in the political activities of the exiles. \u00a0<\/span><br><span style=\"font-size: small;\">\u00a0<\/span><br><span style=\"font-size: small;\">The first poems by Suits appeared in the press in 1899. His first poetry collection, <em>Elu tuli<\/em> (\u2018Fire of Life\u2019, 1905), includes texts with vivid images and a vigorous rhythm, in keeping with the revolutionary mood characteristic of the time, so his debut attracted considerable attention. The second poetry collection, <em>Tuulemaa<\/em> (\u2018Land of Wind\u2019, 1913), shifts from revolutionary mood to more reflective lyrics of sentiment; the poems are more varied in form and more multi-layered in meaning. The work is considered a landmark in the development of Estonian poetry, as it introduces a significantly different aesthetics, marking the rise of symbolism. Subsequently, Suits published a collection of love poetry, <em>Ohvrisuits<\/em> (\u2018Smoke of Sacrifice\u2019, 1920), and the ballad <em>Lapse s\u00fcnd<\/em> (\u2018Birth of a Child\u2019, 1922) in traditional runic verse (<em>regiv\u00e4rss<\/em>). Simultaneously, a third collection came out, <em>K\u00f5ik on kokku unen\u00e4gu<\/em> (\u2018All and Sundry is a Dream\u2019, 1922), in which social subject matter features more prominently again: the depiction of social problems and war motifs. Yet the collection strives for greater artistic freedom than symbolism permits: the result is an even more diverse aesthetics, including complete rhythmic freedom. Suits\u2019 last collection, <em>Tuli ja tuul<\/em> (\u2018Wind and Fire\u2019, 1950), was published in exile and maintains his recognisable intensity of thought and expression. Influenced by the events of World War II and the occupation of Estonia, it records social tragedy and personal destiny. In addition to writing poetry, Suits translated poetry, e.g. from Finnish, Dutch and Swedish. <\/span><br><span style=\"font-size: small;\">\u00a0<\/span><br><\/span><span style=\"font-size: medium; font-family: verdana,geneva;\"><span style=\"font-size: small;\">After editing the album <em>Kiired<\/em> (\u2018Rays\u2019, I\u2013III, 1901\u20131902), Suits emerged as the spiritual leader of the progressive minded literary group Noor-Eesti (Young Estonia, 1905). He was the editor of the <em>Noor-Eesti<\/em> albums I\u2013V (1905\u20131915), the collection <em>V\u00f5itluse p\u00e4evil<\/em> (\u2018In the Days of the Fight\u2019, 1905) and the magazine <em>Noor-Eesti<\/em>. Articles published in the latter were later compiled in the collection <em>Noor-Eesti n\u00f5lvakult<\/em> (\u2018From the Slopes of Young Estonia\u2019, 1931). Concurrently, Suits began delving into the history of Estonian literature, publishing the collection <em>Sihid ja vaated<\/em> (\u2018Aims and Views\u2019, 1906). Besides research, he collaborated in the compilation of several important works: the first volume of poetry by Juhan Liiv <em>Juhan Liivi luuletused<\/em> (\u2018The Poems of Juhan Liiv\u2019, 1909\/1910), the anthology <em>Eesti luule<\/em> (\u2018Estonian Poetry\u2019, 1910), <em>Teatri raamat<\/em> (\u2018The Book of the Theatre\u2019, 1913), <em>Eesti lugemisraamat<\/em> (\u2018The Estonian Reader\u2019, I-II, 1916, 1919) and the anthology <em>Eesti n\u00fc\u00fcdisl\u00fc\u00fcrika<\/em> (\u2018Contemporary Estonian Lyrics\u2019, 1929). He also collaborated on the publication of Koidula\u2019s <em>Kogutud luuletused<\/em> (\u2018Collected Poems\u2019, 1925), Kreutzwald\u2019s <em>Viru lauliku laulud<\/em> (\u2018Songs of the Viru Bard\u2019, 1926) and the journals <em>Murrang<\/em> (1921), <em>Tarapita<\/em> (1921\u20131922) and <em>T\u00e4nap\u00e4ev<\/em> (1938\u20131939). In exile, Suits continued the research he had started in Tartu, publishing the works <em>Eesti kirjandusajalugu<\/em>, volume 1 (\u2018A History of Estonian Literature\u2019, 1953) and a treatise on Kreutzwald in Finnish <em>Nuori Kreutzwald<\/em> (\u2018Young Kreutzwald\u2019, 1953). Suits was also held in esteem as a university lecturer, some of his students (B. Kangro, A. Vinkel et al) would later become key figures of Estonian literary scholarship.<\/span><\/span><\/p>\n\n\n\n<p><em><span style=\"font-size: medium; font-family: verdana,geneva;\"><span style=\"font-size: small;\">I. S. (Translated by M. M.-K.)<\/span><\/span><span style=\"font-size: medium; font-family: verdana,geneva;\"><br><\/span><span style=\"font-size: medium; font-family: verdana,geneva;\"><br><\/span><\/em><\/p>\n\n\n\n<p><strong><span style=\"font-size: medium; font-family: verdana,geneva;\">Books in Estonian<\/span><\/strong><\/p>\n\n\n\n<p><span style=\"font-size: small;\"><span style=\"font-family: verdana,geneva;\"><strong><em>Poems<\/em><\/strong><br><strong>Elu tuli: laulud 1900\u20131904<\/strong>. Helsingi: Weilin, 1905, 96 lk. [J\u00e4rgnevad tr\u00fckid: 1913, 1921, 1947, 1984 (faksiimile-v\u00e4ljaanne 1905. a. tr\u00fckist).] <br><strong>Tuulemaa: luuletused 1905\u20131912<\/strong>. [Tartu]: Noor-Eesti, 1913, 100 lk. [J\u00e4rgnevad tr\u00fckid: 1920, 1953.]<br><strong>Ohvrisuits: valik armastusluuletusi 1904\u20131920<\/strong>. Tallinn: Varrak, 1920, 82 lk.<br><strong>K\u00f5ik on kokku unen\u00e4gu: luuletused 1913\u20131921<\/strong>. Tartu: Noor-Eesti, 1922, 196 lk. [3. tr\u00fckk: 1954.]<br><strong>Lapse s\u00fcnd: uusi keeli vanal kandlel: ballaad<\/strong>. Tallinn: Varrak, 1922, 47, lk. [J\u00e4rgnevad tr\u00fckid: 1957, 1990 (faksiimile-v\u00e4ljaanne 1922. a. tr\u00fckist).] <br><strong>Aastate aknal: valitud luuletisi 1900\u20131930<\/strong>. Tartu: Noor-Eesti, 1933, 158 lk.<br><strong>Kogutud luuletused<\/strong>. [Tartu]: Eesti Kirjastuse Kooperatiiv, 1938, 349 lk. [Sisu: \u2018Elu tuli\u2019, \u2018Tuulemaa\u2019, \u2018K\u00f5ik on kokku unen\u00e4gu\u2019, \u2018Lapse s\u00fcnd\u2019, \u2018Ohvrisuits\u2019, \u2018Lahtisi lehti\u2019.]<br><strong>Tuli ja tuul<\/strong>. Stockholm: Noor-Eesti, 1950, 151 lk.<br><strong>Luuletused<\/strong>. Tallinn: Eesti Riiklik Kirjastus, 1959, 432 lk.<br><strong>Kogutud luuletused<\/strong>. [Stockholm]: Eesti Kultuuri Koondis, 1963, 647 lk. [Sisu: \u2018Elu tuli\u2019, \u2018Tuulemaa\u2019, \u2018K\u00f5ik on kokku unen\u00e4gu\u2019, \u2018Tuli ja tuul\u2019, \u2018Lapse s\u00fcnd\u2019, \u2018Ohvrisuits\u2019, \u2018Lahtisi lehti\u2019.]<br><strong>Gustav Suits<\/strong>. Tallinn: Eesti Riiklik Kirjastus, 1964, 171 lk. [Sari \u2018V\u00e4ike luuleraamat\u2019.]<br><strong>Luulet<\/strong>. Tallinn: Eesti Raamat, 1979, 143 lk. <br><strong>Valitud luuletused<\/strong>. Stockholm: Rootsi-Eesti \u00f5pperaamatufond, 1983, 63 lk.<br><strong>Luule<\/strong>. Tallinn: Eesti Raamat, 1992, 445 lk. [Sisu: \u2018Elu tuli\u2019, \u2018Tuulemaa\u2019, \u2018K\u00f5ik on kokku unen\u00e4gu\u2019, \u2018M\u00f5nesuguseid l\u00fchisalme\u2019, \u2018Tuli ja tuul\u2019, \u2018Lahtisi lehti\u2019, \u2018Lapse s\u00fcnd\u2019, \u2018Ohvrisuits\u2019.]<br><strong>Elutules ja ajatuultes<\/strong>. Tallinn: T\u00e4nap\u00e4ev, 2007, 128 lk.<\/span><\/span><\/p>\n\n\n\n<p><strong><em>Non-fiction<\/em><\/strong>:<br><strong>Sihid ja vaated<\/strong>. Helsingi: Y. Weilin, 1906, 141 lk.<br><strong>Noor-Eesti n\u00f5lvakult: kahe revolutsiooni vahel<\/strong>. Tartu: Noor-Eesti, 1931, 176 lk.<br><strong>Eesti kirjanduslugu. I. k\u00f6ide: algusest kuni \u00e4rkamisaja l\u00f5puni<\/strong>. [Lund]: Eesti Kirjanike Kooperatiiv, 1953, 255 lk. <br><strong>Nuori Kreutzwald<\/strong>. Helsinki: Suomalaisen Kirjallisuuden Seura, 1953, 203 lk. [Eesti keeles: \u2018Noor Kreutzwald\u2019, Lund: 1983; Tallinn: 1984.]<br><span style=\"font-size: small;\"><span style=\"font-family: verdana,geneva;\"><strong>Eesti kirjanduslugu<\/strong>. Tartu: Ilmamaa, 1999, 429 lk. [Sari \u2018Eesti m\u00f5ttelugu\u2019.]<\/span><\/span><br><strong>Vabaduse v\u00e4raval<\/strong>. Tartu: Ilmamaa, 2002, 444 lk. [Sari \u2018Eesti m\u00f5ttelugu\u2019.]<\/p>\n","protected":false},"excerpt":{"rendered":"<p>Poems Non-fiction About Gustav Suits Gustav Suits (30\/18 November 1883 \u2013 23 May 1956) was an Estonian poet and literary scholar. He is considered one of the most important innovators of poetry in Estonian literature, a spiritual leader of the &#8230;<\/p>\n","protected":false},"author":43,"featured_media":0,"parent":697,"menu_order":0,"comment_status":"closed","ping_status":"closed","template":"","meta":{"_acf_changed":false,"inline_featured_image":false,"footnotes":""},"class_list":["post-1522","page","type-page","status-publish","hentry"],"acf":[],"_links":{"self":[{"href":"https:\/\/sisu.ut.ee\/ewod\/wp-json\/wp\/v2\/pages\/1522","targetHints":{"allow":["GET"]}}],"collection":[{"href":"https:\/\/sisu.ut.ee\/ewod\/wp-json\/wp\/v2\/pages"}],"about":[{"href":"https:\/\/sisu.ut.ee\/ewod\/wp-json\/wp\/v2\/types\/page"}],"author":[{"embeddable":true,"href":"https:\/\/sisu.ut.ee\/ewod\/wp-json\/wp\/v2\/users\/43"}],"replies":[{"embeddable":true,"href":"https:\/\/sisu.ut.ee\/ewod\/wp-json\/wp\/v2\/comments?post=1522"}],"version-history":[{"count":2,"href":"https:\/\/sisu.ut.ee\/ewod\/wp-json\/wp\/v2\/pages\/1522\/revisions"}],"predecessor-version":[{"id":5442,"href":"https:\/\/sisu.ut.ee\/ewod\/wp-json\/wp\/v2\/pages\/1522\/revisions\/5442"}],"up":[{"embeddable":true,"href":"https:\/\/sisu.ut.ee\/ewod\/wp-json\/wp\/v2\/pages\/697"}],"wp:attachment":[{"href":"https:\/\/sisu.ut.ee\/ewod\/wp-json\/wp\/v2\/media?parent=1522"}],"curies":[{"name":"wp","href":"https:\/\/api.w.org\/{rel}","templated":true}]}}