{"id":144,"date":"2024-04-03T23:39:25","date_gmt":"2024-04-03T20:39:25","guid":{"rendered":"https:\/\/sisu.ut.ee\/ewod\/eduardtuur\/"},"modified":"2026-04-14T14:19:21","modified_gmt":"2026-04-14T11:19:21","slug":"eduardtuur","status":"publish","type":"page","link":"https:\/\/sisu.ut.ee\/ewod\/t\/eduardtuur\/","title":{"rendered":"Eduard T\u00fc\u00fcr"},"content":{"rendered":"<figure class=\"wp-block-image alignright\"><a href=\"https:\/\/sisu.ut.ee\/wp-content\/uploads\/sites\/108\/eduard_tuur.jpg\" target=\"_self\" rel=\"noopener\"><img decoding=\"async\" src=\"https:\/\/sisu.ut.ee\/wp-content\/uploads\/sites\/108\/eduard_tuur.jpg\" alt=\"Eduard T\u00fc\u00fcr\" title=\"Photo: Sven Friberg. CC BY-SA 4.0\"><\/a><\/figure>\n\n\n\n<p><span style=\"color: #000000;\"><span style=\"font-size: 13px;\"><span style=\"font-family: Verdana,Geneva,sans-serif;\">Eduard T\u00fc\u00fcr (born 15. August 1961) is a prose writer. \u00a0<\/span><\/span><\/span><\/p>\n\n\n\n<p><span style=\"color: #000000;\"><span style=\"font-size: 13px;\"><span style=\"font-family: Verdana,Geneva,sans-serif;\">T\u00fc\u00fcr grew up at Rummu in Harjumaa County. He has graduated from one university as an engineer and from another as a psychologist. T\u00fc\u00fcr has worked as a journalist, as an air traffic controller at Estonian Air, at the Estonian Civil Aviation Administration (was its director general from 1996\u20131998), at Tallinn Airport and as manager of the Uniprint printery. He publishes books at his one-man company Iibis. He is a member of the Estonian Writers\u2019 Union from 2019. His father was cartoonist and graphic artist Eduard T\u00fc\u00fcr (1931-2022).<\/span><\/span><\/span><\/p>\n\n\n\n<p><span style=\"color: #000000;\"><span style=\"font-size: 13px;\"><span style=\"font-family: Verdana,Geneva,sans-serif;\">Eduard T\u00fc\u00fcr\u2019s first book <em>Rossi.nimi<\/em> (\u2018The Name of Rossi\u2019) appeared in 2012. In Estonian literature, Eduard T\u00fc\u00fcr\u2019s creation has been found to reveal similarities with Mihkel Mutt and Toomas Raudam. T\u00fc\u00fcr plays with words and sentence constructions, irritates the reader with mythology. He has said that he likes intense text and shifted personal space spiced with cultural allusions. T\u00fc\u00fcr\u2019s childhood pictures are realistic and nostalgic but tough and painful. Descriptions are laconic, the depiction of the Soviet time includes hints at irony and perception of the absurd. With personal time moving forward, T\u00fc\u00fcr\u2019s text becomes more playful and richer in fantasy. Psychologisms remain but puns and games with images are added to them.<\/span><\/span><\/span><\/p>\n\n\n\n<p><em><span style=\"color: #000000;\"><span style=\"font-size: 13px;\"><span style=\"font-family: Verdana,Geneva,sans-serif;\">L. P. (Translated by I. A.)<\/span><\/span><\/span><\/em><\/p>\n\n\n\n<p>\u00a0<\/p>\n\n\n\n<p><span style=\"color: #000000;\"><strong><span style=\"font-size: 16px;\"><span style=\"font-family: Verdana,Geneva,sans-serif;\">Books in Estonian<\/span><\/span><\/strong><br><span style=\"font-size: 13px;\"><span style=\"font-family: Verdana,Geneva,sans-serif;\">\u00a0<br><strong><em>Novels<\/em><\/strong><br><strong>Rossi.nimi<\/strong>. Tallinn: E. T\u00fc\u00fcr, 2012. 228 lk.<br><strong>R\u00f5\u00f5mustada vanaema<\/strong>. Tallinn: E. T\u00fc\u00fcr, 2015. 105 lk.<br><strong>N\u00e4gemine on n\u00e4htamatu<\/strong>. Tallinn: E. T\u00fc\u00fcr, 2016. 281 lk.<br><strong>Mamma Engalandi miraa\u017e<\/strong>. Tallinn: E. T\u00fc\u00fcr, 2017. 243 lk.<br><strong>Sneguri armastus oli \u00f5una n\u00e4gu: j\u00f5ulujutt k\u00fcpsele inimesele<\/strong>. Tallinn: E. T\u00fc\u00fcr, 2018. 223 lk.<br><strong>Pianobaar Bizarre<\/strong>. Tallinn: E. T\u00fc\u00fcr, 2020. 275 lk.<br><strong>1961<\/strong>. Tallinn: E. T\u00fc\u00fcr, 2021. 107 lk.<\/span><\/span><\/span><\/p>\n\n\n\n<p><strong><em>Short stories<\/em><\/strong><br><strong>Well done<\/strong>. Tallinn: Eduard T\u00fc\u00fcr, 2023, 169 lk.<\/p>\n","protected":false},"excerpt":{"rendered":"<p>Eduard T\u00fc\u00fcr (born 15. August 1961) is a prose writer. \u00a0 T\u00fc\u00fcr grew up at Rummu in Harjumaa County. He has graduated from one university as an engineer and from another as a psychologist. T\u00fc\u00fcr has worked as a journalist, &#8230;<\/p>\n","protected":false},"author":43,"featured_media":0,"parent":709,"menu_order":0,"comment_status":"closed","ping_status":"closed","template":"","meta":{"_acf_changed":false,"inline_featured_image":false,"footnotes":""},"class_list":["post-144","page","type-page","status-publish","hentry"],"acf":[],"_links":{"self":[{"href":"https:\/\/sisu.ut.ee\/ewod\/wp-json\/wp\/v2\/pages\/144","targetHints":{"allow":["GET"]}}],"collection":[{"href":"https:\/\/sisu.ut.ee\/ewod\/wp-json\/wp\/v2\/pages"}],"about":[{"href":"https:\/\/sisu.ut.ee\/ewod\/wp-json\/wp\/v2\/types\/page"}],"author":[{"embeddable":true,"href":"https:\/\/sisu.ut.ee\/ewod\/wp-json\/wp\/v2\/users\/43"}],"replies":[{"embeddable":true,"href":"https:\/\/sisu.ut.ee\/ewod\/wp-json\/wp\/v2\/comments?post=144"}],"version-history":[{"count":4,"href":"https:\/\/sisu.ut.ee\/ewod\/wp-json\/wp\/v2\/pages\/144\/revisions"}],"predecessor-version":[{"id":8315,"href":"https:\/\/sisu.ut.ee\/ewod\/wp-json\/wp\/v2\/pages\/144\/revisions\/8315"}],"up":[{"embeddable":true,"href":"https:\/\/sisu.ut.ee\/ewod\/wp-json\/wp\/v2\/pages\/709"}],"wp:attachment":[{"href":"https:\/\/sisu.ut.ee\/ewod\/wp-json\/wp\/v2\/media?parent=144"}],"curies":[{"name":"wp","href":"https:\/\/api.w.org\/{rel}","templated":true}]}}