{"id":1432,"date":"2024-04-03T23:41:19","date_gmt":"2024-04-03T20:41:19","guid":{"rendered":"https:\/\/sisu.ut.ee\/ewod\/trull\/"},"modified":"2026-04-14T22:58:39","modified_gmt":"2026-04-14T19:58:39","slug":"trull","status":"publish","type":"page","link":"https:\/\/sisu.ut.ee\/ewod\/t\/trull\/","title":{"rendered":"Ilmar Trull"},"content":{"rendered":"<p><a href=\"https:\/\/sisu.ut.ee\/ewod\/t\/trull\/poems\"><strong><span style=\"font-family: verdana, geneva; font-size: medium;\">Poems<\/span><\/strong><\/a><strong><span style=\"font-family: verdana, geneva; font-size: medium;\"> <a href=\"https:\/\/sisu.ut.ee\/wp-content\/uploads\/sites\/108\/ilmar_trull.jpg\" target=\"_self\" rel=\"noopener\"><img decoding=\"async\" style=\"float: right; width: 300px; height: 433px;\" src=\"https:\/\/sisu.ut.ee\/wp-content\/uploads\/sites\/108\/ilmar_trull.jpg\" alt=\"Ilmar Trull\"><\/a><\/span><\/strong><\/p>\n\n\n\n<p>\u00a0<\/p>\n\n\n\n<p><span style=\"color: #000000;\"><span style=\"font-size: 13px;\"><span style=\"font-family: Verdana,Geneva,sans-serif;\"><span style=\"font-weight: normal;\">Ilmar Trull <\/span>(b. 21. II 1957) is a children\u2019s author and poet, as well as an illustrator and caricaturist. <\/span><\/span><\/span><\/p>\n\n\n\n<p><span style=\"color: #000000;\"><span style=\"font-size: 13px;\"><span style=\"font-family: Verdana,Geneva,sans-serif;\">Trull was born in Tallinn. From 1964 to 1975 he attended secondary school number 7 in Tallinn and from 1976 to 1978 studied English at the University of Tartu. After military service, Trull held several jobs. From 1985 to 1995 he worked as departmental and managing editor of the <i><span style=\"font-style: italic;\">Pikker <\/span><\/i>humour magazine. From 1993 to 1996 he was the editor of the crossword magazine <i><span style=\"font-style: italic;\">Ristik<\/span><\/i>. Trull has been a member of the Estonian Writers\u2019 Union since 1996 and earns his living as a freelance writer in Tallinn.<\/span><\/span><\/span><\/p>\n\n\n\n<p><span style=\"color: #000000;\"><span style=\"font-size: 13px;\"><span style=\"font-family: Verdana,Geneva,sans-serif;\">Ilmar Trull made his debut in 1977 with poems and children\u2019s songs in periodicals and anthologies, and published his own first collection for adults in 1984. In 1991, with Mart Juur, he published the humorous collection <i><span style=\"font-style: italic;\">Kuumad k\u00e4kid k\u00fclmas \u00f6\u00f6s <\/span><\/i>(\u2018Hot Mess-ups on a Cold Night\u2019), consisting of pieces that had appeared in the magazine <i><span style=\"font-style: italic;\">Pikker<\/span><\/i>. It was children\u2019s poetry that brought recognition to Trull. Trull is a long-standing contributor to the children\u2019s magazines <i><span style=\"font-style: italic;\">T\u00e4heke <\/span><\/i>and <i><span style=\"font-style: italic;\">Hea Laps<\/span><\/i>. Since 1996 he has been providing the children\u2019s page of the weekly <i><span style=\"font-style: italic;\">Eesti Ekspress <\/span><\/i>with poems<i><span style=\"font-style: italic;\">, <\/span><\/i>for which he draws the illustrations himself. The best of the poems that appear in the press end up in a collection every couple of years. Trull\u2019s poems for children are frolicsome, rhythmic, and they revel in rhyme. He has a natural gift for putting familiar everyday words in unfamiliar settings, in flight to an imaginary world. <\/span><\/span><\/span><\/p>\n\n\n\n<p><span style=\"color: #000000;\"><span style=\"font-size: 13px;\"><span style=\"font-family: Verdana,Geneva,sans-serif;\">He has won the Karl Eduard S\u00f6\u00f6t prize for children\u2019s poetry six times and the Literature Endowment annual award three times.<\/span><\/span><\/span> He has also been awarded the Order of the White Star, V Class.<\/p>\n\n\n\n<p><span style=\"color: #000000;\"><span style=\"font-size: 13px;\"><span style=\"font-family: Verdana,Geneva,sans-serif;\"><i><span style=\"font-style: italic;\">L. P. (Translated by C. M.)<\/span><\/i><\/span><\/span><\/span><\/p>\n\n\n\n<p><span style=\"font-size: 16px;\"><span style=\"color: #000000;\"><span style=\"font-family: Verdana,Geneva,sans-serif;\"><strong>Books in Estonian<\/strong><\/span><\/span><\/span><\/p>\n\n\n\n<p><span style=\"color: #000000;\"><span style=\"font-size: 13px;\"><span style=\"font-family: Verdana,Geneva,sans-serif;\"><strong><em>Children\u2019s poems<\/em><\/strong><br><strong>L\u00f5busad luuletused<\/strong>. Illustratsioonid: Hillar Mets. Tallinn: Varrak, 1998, 32 lk.<br><strong>Iseloomuga loom<\/strong>. Tallinn: Eesti Ekspressi Kirjastus, 2005, 85 lk.<br><strong>Musta kassi mumba<\/strong>. Pildid joonistas Ilmar Trull. Tallinn: Eesti Ekspressi Kirjastus, 2006, 85 lk.<br><strong>J\u00f5ulusalmik<\/strong>. Tallinn: I. Trull, 2007, 14 lk koos kaanega.<br><strong>J\u00e4rvevaht ja joogivesi<\/strong>. Tallinn: Eesti Ekspressi Kirjastus, 2007, 85 lk.<br><strong>Hiire pidu<\/strong>. Pildid joonistanud Ilmar Trull. Tallinn: TEA Kirjastus, 2009, 35 lk.<br><strong>Kaelkirjak ja t\u00e4hed<\/strong>. Pildid joonistanud Ilmar Trull. Tallinn: TEA Kirjastus, 2010, 37 lk.<br><strong>V\u00e4ike viisakas k\u00e4rbes<\/strong>. Pildid: Ilmar Trull. Tallinn: Varrak, 2011, 67 lk.<br><strong>Tuvi jalutab<\/strong>. Pildid joonistanud Ilmar Trull. Tallinn: Varrak, 2012, 70 lk.<br><strong>Tantsiv kaamel 1<\/strong>. Tallinn: BRI&amp;Ko, 2013. 80 lk.<br><strong>R\u00e4hni ravi<\/strong>. Pildid joonistanud Ilmar Trull. Tallinn: Tammerraamat, 2015, 400 lk. [Kogumiku luuletused p\u00e4rinevad raamatutest \u2018L\u00f5busad luuletused\u2019 (1998), \u2018Iseloomuga loom\u2019 (2005), \u2018Musta kassi mumba\u2019 (2006), \u2018J\u00e4rvevaht ja joogivesi\u2019 (2007), \u2018V\u00e4ike viisakas k\u00e4rbes\u2019 (2011) ja \u2018Tuvi jalutab\u2019 (2012). Juurdetr\u00fckk: 2016.]<br><strong>J\u00e4nese valitud palitud<\/strong>. Pildid: Ilmar Trull. Tallinn: Tammerraamat, 2016, 62 lk.<br><strong>Mannekeeni talu<\/strong>. Pildid: Ilmar Trull. Tallinn: Tammerraamat, 2017, 62 lk.<br><strong>Metsa toodi kuuseke<\/strong>. Tallinn: Tammerraamat, 2018. 39 lk.<br><strong>Pori k\u00e4rbes ja tori hobu<\/strong>. Tallinn: Tammerraamat, 2019. 62 lk.<br><strong>Kala ei l\u00e4rma<\/strong>. Tallinn: Tammerraamat, 2020. 77 lk.<\/span><\/span><\/span><br><strong>Pakirobot r\u00fcgab<\/strong>. Tallinn: Tammerraamat, 2022, 78 lk.<br><strong>Veidi veidrad veised<\/strong>. Tallinn: Tammerraamat, 2025, 79 lk.<\/p>\n\n\n\n<p><span style=\"color: #000000;\"><span style=\"font-size: 13px;\"><span style=\"font-family: Verdana,Geneva,sans-serif;\"><strong><em>Poems<\/em><\/strong><br><strong>Millest m\u00f5tled seljaaju?<\/strong>. Illustreerinud A. Tali. Tallinn: Eesti Raamat, 1984, 48 lk.<\/span><\/span><\/span><\/p>\n\n\n\n<p><span style=\"color: #000000;\"><span style=\"font-size: 13px;\"><span style=\"font-family: Verdana,Geneva,sans-serif;\"><strong><em>Prose (humour)<\/em><\/strong><br>Ilmar Trull, Mart Juur, <strong>Kuumad k\u00e4kid k\u00fclmas \u00f6\u00f6s<\/strong>. Illustreerinud ja kujundanud R. Lauks. Tallinn: Pikker, 1991, 111 lk.<\/span><\/span><\/span><\/p>\n","protected":false},"excerpt":{"rendered":"<p>Poems \u00a0 Ilmar Trull (b. 21. II 1957) is a children\u2019s author and poet, as well as an illustrator and caricaturist. Trull was born in Tallinn. From 1964 to 1975 he attended secondary school number 7 in Tallinn and from &#8230;<\/p>\n","protected":false},"author":43,"featured_media":0,"parent":709,"menu_order":0,"comment_status":"closed","ping_status":"closed","template":"","meta":{"_acf_changed":false,"inline_featured_image":false,"footnotes":""},"class_list":["post-1432","page","type-page","status-publish","hentry"],"acf":[],"_links":{"self":[{"href":"https:\/\/sisu.ut.ee\/ewod\/wp-json\/wp\/v2\/pages\/1432","targetHints":{"allow":["GET"]}}],"collection":[{"href":"https:\/\/sisu.ut.ee\/ewod\/wp-json\/wp\/v2\/pages"}],"about":[{"href":"https:\/\/sisu.ut.ee\/ewod\/wp-json\/wp\/v2\/types\/page"}],"author":[{"embeddable":true,"href":"https:\/\/sisu.ut.ee\/ewod\/wp-json\/wp\/v2\/users\/43"}],"replies":[{"embeddable":true,"href":"https:\/\/sisu.ut.ee\/ewod\/wp-json\/wp\/v2\/comments?post=1432"}],"version-history":[{"count":2,"href":"https:\/\/sisu.ut.ee\/ewod\/wp-json\/wp\/v2\/pages\/1432\/revisions"}],"predecessor-version":[{"id":8374,"href":"https:\/\/sisu.ut.ee\/ewod\/wp-json\/wp\/v2\/pages\/1432\/revisions\/8374"}],"up":[{"embeddable":true,"href":"https:\/\/sisu.ut.ee\/ewod\/wp-json\/wp\/v2\/pages\/709"}],"wp:attachment":[{"href":"https:\/\/sisu.ut.ee\/ewod\/wp-json\/wp\/v2\/media?parent=1432"}],"curies":[{"name":"wp","href":"https:\/\/api.w.org\/{rel}","templated":true}]}}