{"id":1430,"date":"2024-04-03T23:41:19","date_gmt":"2024-04-03T20:41:19","guid":{"rendered":"https:\/\/sisu.ut.ee\/ewod\/molodajaproza\/"},"modified":"2024-04-04T00:07:16","modified_gmt":"2024-04-03T21:07:16","slug":"molodajaproza","status":"publish","type":"page","link":"https:\/\/sisu.ut.ee\/ewod\/anthologies\/molodajaproza\/","title":{"rendered":"\u042d\u0441\u0442\u043e\u043d\u0441\u043a\u0430\u044f \u043c\u043e\u043b\u043e\u0434\u0430\u044f \u043f\u0440\u043e\u0437\u0430"},"content":{"rendered":"<p><strong><span style=\"font-family: verdana, geneva\">\u042d\u0441\u0442\u043e\u043d\u0441\u043a\u0430\u044f \u043c\u043e\u043b\u043e\u0434\u0430\u044f \u043f\u0440\u043e\u0437\u0430. \u0421\u043e\u0441\u0442\u0430\u0432\u0438\u0442\u0435\u043b\u0438 \u042d. \u041c\u0430\u043b\u043b\u0435\u043d\u0435 \u0438 \u0420. \u0421\u0430\u043b\u0443\u0440\u0438. \u0422\u0430\u043b\u043b\u0438\u043d\u043d: \u042d\u044d\u0441\u0442\u0438 \u0440\u0430\u0430\u043c\u0430\u0442, 1978, 349 pp.<\/span><\/strong><\/p>\n<p><strong><span style=\"font-family: verdana, geneva\">Contents:<br><\/span><\/strong><\/p>\n<p><span style=\"font-family: verdana, geneva\">\u042d\u043d\u0434\u0435\u043b\u044c \u041c\u0430\u043b\u043b\u0435\u043de, \u0412\u043c\u0435\u0441\u0442\u043e \u043f\u0440\u0435\u0434\u0438\u0441\u043b\u043e\u0432\u0438\u044f.<\/span><br><span style=\"font-family: verdana, geneva\">\u0410\u0440\u0432\u043e \u0412\u0430\u043b\u0442\u043e\u043d, <strong>\u041f\u0435\u0442\u043b\u044f<\/strong>. [\u2019Silmus\u2019.]<\/span><br><span style=\"font-family: verdana, geneva\">\u0410\u0440\u0432\u043e \u0412\u0430\u043b\u0442\u043e\u043d, <strong>\u0413\u0443\u043c\u0430\u043d\u0438\u0441\u0442<\/strong>. [\u2019Humanist\u2019.]<\/span><br><span style=\"font-family: verdana, geneva\">\u0410\u0440\u0432\u043e \u0412\u0430\u043b\u0442\u043e\u043d, <strong>\u0427\u0435\u043b\u043e\u0432\u0435\u043a \u0441 \u0437\u0435\u043b\u0435\u043d\u044b\u043c \u0440\u044e\u043a\u0437\u0430\u043a\u043e\u043c<\/strong>. [\u2019Rohelise seljakotiga mees\u2019.]<\/span><br><span style=\"font-family: verdana, geneva\">\u0410\u0440\u0432\u043e \u0412\u0430\u043b\u0442\u043e\u043d, <strong>\u041c\u0443\u0441\u0442\u0430\u043c\u044f\u044d\u0441\u043a\u0430\u044f \u043b\u044e\u0431\u043e\u0432\u044c<\/strong>. [\u2019Mustam\u00e4e armastus\u2019.]<\/span><br><span style=\"font-family: verdana, geneva\">\u0410\u0440\u0432\u043e \u0412\u0430\u043b\u0442\u043e\u043d, <strong>\u041f\u043e\u0445\u043e\u0440\u043e\u043d\u043d\u044b\u0439 \u043a\u043e\u043b\u043e\u043a\u043e\u043b<\/strong>. [\u2019Hingekell\u2019.]<\/span><br><span style=\"font-family: verdana, geneva\">\u0410\u0440\u0432\u043e \u0412\u0430\u043b\u0442\u043e\u043d, <strong>\u041f\u0435\u0442\u043b\u044f<\/strong>. [\u2019Silmus\u2019.]<\/span><br><span style=\"font-family: verdana, geneva\">\u0410\u0440\u0432\u043e \u0412\u0430\u043b\u0442\u043e\u043d, <strong>\u0424\u0430\u043a\u0435\u043b\u043e\u043d\u043e\u0441\u0435\u0446<\/strong>. [\u2019T\u00f5rvikukandja\u2019.]<\/span><br><span style=\"font-family: verdana, geneva\">\u0410\u0440\u0432\u043e \u0412\u0430\u043b\u0442\u043e\u043d, <strong>\u0413\u043e\u043b\u043e\u0441\u0443\u044e\u0449\u0430\u044f<\/strong>. [\u2019H\u00e4\u00e4letaja\u2019.]<\/span><br><span style=\"font-family: verdana, geneva\">\u0410\u0440\u0432\u043e \u0412\u0430\u043b\u0442\u043e\u043d, <strong>\u0410\u043b\u043e\u0435 \u043d\u0430 \u0431\u0435\u043b\u043e\u043c, \u0431\u0435\u043b\u043e\u0435 \u043d\u0430 \u0437\u0435\u043b\u0435\u043d\u0438<\/strong>. [\u2019Punane valgel, valge rohelisel\u2019.]<\/span><br><span style=\"font-family: verdana, geneva\">\u0410\u0440\u0432\u043e \u0412\u0430\u043b\u0442\u043e\u043d, <strong>\u041f\u0435\u0442\u043b\u044f<\/strong>. [\u2019Silmus\u2019.]<\/span><br><span style=\"font-family: verdana, geneva\">\u0412\u0430\u0439\u043d\u043e \u0412\u0430\u0445\u0438\u043d\u0433, <strong>\u0410\u043a\u0442\u0435\u0440<\/strong>. [\u2019N\u00e4itleja\u2019.]<\/span><br><span style=\"font-family: verdana, geneva\">\u0422\u043e\u043e\u043c\u0430\u0441 \u0412\u0438\u043d\u0442, <strong>\u0412\u043e\u0441\u043f\u043e\u043c\u0438\u043d\u0430\u043d\u0438\u0435<\/strong>. [\u2019M\u00e4lestus\u2019.]<\/span><br><span style=\"font-family: verdana, geneva\">\u0422\u043e\u043e\u043c\u0430\u0441 \u0412\u0438\u043d\u0442, <strong>\u0423\u043a\u0440\u0430\u0434\u0435\u043d\u043d\u044b\u0439 \u043b\u0435\u0431\u0435\u0434\u044c<\/strong>. [\u2019Luigevargus\u2019.]<\/span><br><span style=\"font-family: verdana, geneva\">\u0422\u043e\u043e\u043c\u0430\u0441 \u0412\u0438\u043d\u0442, <strong>\u041f\u0440\u0438\u0445\u043e\u0434 \u0436\u0435\u043d\u0449\u0438\u043d\u044b<\/strong>. [\u2019Naise tulek\u2019.]<\/span><br><span style=\"font-family: verdana, geneva\">\u0422\u043e\u043e\u043c\u0430\u0441 \u0412\u0438\u043d\u0442, <strong>\u041d\u0435\u0441\u043a\u043e\u043b\u044c\u043a\u043e \u043f\u0440\u043e\u043f\u0443\u0449\u0435\u043d\u043d\u044b\u0445 \u0447\u0430\u0441\u043e\u0432<\/strong>. [\u2019M\u00f5ned vahelej\u00e4etud tunnid\u2019.]<\/span><br><span style=\"font-family: verdana, geneva\">\u0422\u044d\u044d\u0442 \u041a\u0430\u043b\u043b\u0430\u0441, <strong>\u0422\u0440\u0430\u0434\u0438\u0446\u0438\u043e\u043d\u043d\u044b\u0439 \u0441\u0431\u043e\u0440<\/strong>. [\u2019Kokkutulek\u2019.]<\/span><br><span style=\"font-family: verdana, geneva\">\u0422\u044d\u044d\u0442 \u041a\u0430\u043b\u043b\u0430\u0441, <strong>\u0425\u043e\u0440\u043e\u0448\u043e, \u0447\u0442\u043e \u043e\u043d \u0443\u043c\u0435\u0440<\/strong>. [\u2019Hea, et ta surnud on\u2019.]<\/span><br><span style=\"font-family: verdana, geneva\">\u042f\u0430\u043d \u041a\u0440\u0443\u0443\u0441\u0432\u0430\u043b\u043b\u044c, <strong>\u041c\u043e\u043b\u0438\u0442\u0432\u0430<\/strong>.<\/span><br><span style=\"font-family: verdana, geneva\">\u042f\u0430\u043d \u041a\u0440\u0443\u0443\u0441\u0432\u0430\u043b\u043b\u044c, <strong>\u041f\u043e\u043a\u043e\u0439\u043d\u0438\u043a<\/strong>. [\u2019Surnu\u2019.]<\/span><br><span style=\"font-family: verdana, geneva\">\u042f\u0430\u043d \u041a\u0440\u0443\u0443\u0441\u0432\u0430\u043b\u043b\u044c, <strong>\u041c\u0430\u044d\u0441\u0442\u0440\u043e. \u0412\u043e\u0441\u043f\u043e\u043c\u0438\u043d\u0430\u043d\u0438\u044f \u043c\u043e\u043b\u043e\u0434\u043e\u0433\u043e \u043a\u043e\u043c\u043f\u043e\u0437\u0438\u0442\u043e\u0440\u0430<\/strong>. [\u2019Maestro\u2019.]<\/span><br><span style=\"font-family: verdana, geneva\">\u042f\u0430\u043d \u041a\u0440\u0443\u0443\u0441\u0432\u0430\u043b\u043b\u044c, <strong>\u0413\u043e\u0440\u044c\u043a\u043e\u0435 \u0441\u0447\u0430\u0441\u0442\u044c\u0435<\/strong>. [\u2019Valuline \u00f5nn\u2019.]<\/span><br><span style=\"font-family: verdana, geneva\">\u042f\u0430\u043d \u041a\u0440\u0443\u0443\u0441\u0432\u0430\u043b\u043b\u044c, <strong>\u041f\u043e\u0435\u0437\u0434<\/strong>. [\u2019Rong\u2019.]<\/span><br><span style=\"font-family: verdana, geneva\">\u042f\u0430\u043d \u041a\u0440\u0443\u0443\u0441\u0432\u0430\u043b\u043b\u044c, <strong>\u0421\u043c\u0435\u0448\u0430\u043d\u043d\u0430\u044f \u043f\u0430\u0440\u043d\u0430\u044f \u0438\u0433\u0440\u0430<\/strong>. [\u2019Segapaarism\u00e4ng\u2019.]<\/span><br><span style=\"font-family: verdana, geneva\">\u042f\u0430\u043d \u041a\u0440\u0443\u0443\u0441\u0432\u0430\u043b\u043b\u044c, <strong>\u0416\u0438\u0437\u043d\u044c \u041a\u0430\u0430\u0440\u0435\u043b\u0430<\/strong>. [\u2019Kaarli elu\u2019.]<\/span><br><span style=\"font-family: verdana, geneva\">\u041a\u0430\u043b\u044c\u044e \u0421\u0430\u0430\u0431\u0435\u0440, <strong>\u041f\u0435\u0440\u0435\u043b\u043e\u043c\u043d\u044b\u0439 \u0432\u043e\u0437\u0440\u0430\u0441\u0442\u044c<\/strong>. [\u2019Murdeiga\u2019.]<\/span><br><span style=\"font-family: verdana, geneva\">\u041c\u0430\u0440\u0438 \u0421\u0430\u0430\u0442, <strong>\u0422\u0430\u0439\u043d\u044b\u0439 \u043f\u0443\u0434\u0435\u043b\u044c<\/strong>. [\u2019Salapuudel\u2019.]<\/span><br><span style=\"font-family: verdana, geneva\">\u041c\u0430\u0440\u0438 \u0421\u0430\u0430\u0442, <strong>\u041f\u0435\u0449\u0435\u0440\u0430<\/strong>. [\u2019Koobas\u2019.]<\/span><br><span style=\"font-family: verdana, geneva\">\u0420\u0435\u0439\u043d \u0421\u0430\u043b\u0443\u0440\u0438, <strong>\u0421 \u043f\u043b\u0435\u0447 \u0434\u043e\u043b\u043e\u0439<\/strong>.<\/span><br><span style=\"font-family: verdana, geneva\">\u0420\u0435\u0439\u043d \u0421\u0430\u043b\u0443\u0440\u0438, <strong>\u0423\u0442\u0440\u043e<\/strong>. [\u2018K\u00f5nelus IV. Hommik\u2019.]<\/span><br><span style=\"font-family: verdana, geneva\">\u0420\u0435\u0439\u043d \u0421\u0430\u043b\u0443\u0440\u0438, <strong>\u0421\u043e\u0431\u0438\u0440\u0430\u0442\u0435\u043b\u044c<\/strong>. [\u2019Koguja\u2019.]<\/span><br><span style=\"font-family: verdana, geneva\">\u042e\u043b\u043e \u0422\u0443\u0443\u043b\u0438\u043a, <strong>\u0427\u0430\u0439\u043a\u0438<\/strong>. [\u2019Kajakad\u2019.]<\/span><br><span style=\"font-family: verdana, geneva\">\u042e\u043b\u043e \u0422\u0443\u0443\u043b\u0438\u043a, <strong>\u0421\u0442\u0440\u0430\u043d\u043d\u043e\u0435 \u0447\u0443\u0432\u0441\u0442\u0432\u043e<\/strong>. [\u2019Imelik tunne\u2019.]<\/span><br><span style=\"font-family: verdana, geneva\">\u042e\u043b\u043e \u0422\u0443\u0443\u043b\u0438\u043a, <strong>\u0417\u0430\u0433\u0440\u044f\u0437\u043d\u0435\u043d\u0438\u0435<\/strong>.<\/span><br><span style=\"font-family: verdana, geneva\">\u042e\u0440\u0438 \u0422\u0443\u0443\u043b\u0438\u043a, <strong>\u0411\u0435\u043d\u044c\u044f\u043c\u0438\u043d\u00a0 \u041f\u0435\u0440\u0435\u043c\u0430\u0445\u043d\u0438\u0437\u0430\u0431\u043e\u0440, \u0448\u0442\u0443\u0440\u043c\u0430\u043d<\/strong>. [\u2019Benjamin \u00dcleaiakargaja, t\u00fc\u00fcrimees\u2019.]<\/span><br><span style=\"font-family: verdana, geneva\">\u042e\u0440\u0438 \u0422\u0443\u0443\u043b\u0438\u043a, <strong>\u0414\u0440\u0443\u0433 \u042f\u0430\u0433\u0443\u043f! \u041f\u0440\u0438\u0432\u0435\u0442!<\/strong>. [\u2018S\u00f5ber Jaagup! Tervitus!\u2019.]<\/span><br><span style=\"font-family: verdana, geneva\">\u042e\u0440\u0438 \u0422\u0443\u0443\u043b\u0438\u043a, <strong>\u0429\u0435\u043b\u043a\u043e\u043f\u0435\u0440\u043e\u0432 \u201c\u0413\u0430\u043c\u043b\u0435\u0442\u201d<\/strong>. [\u2018Sakkuspea \u201cHamleet\u201d\u2018.]<\/span><br><span style=\"font-family: verdana, geneva\">\u041c\u0430\u0442\u0438 \u0423\u043d\u0442, <strong>\u0413\u043e\u043b\u044b\u0439 \u0431\u0435\u0440\u0435\u0433<\/strong>. [\u2019T\u00fchirand\u2019.]<\/span><\/p>\n","protected":false},"excerpt":{"rendered":"<p>\u042d\u0441\u0442\u043e\u043d\u0441\u043a\u0430\u044f \u043c\u043e\u043b\u043e\u0434\u0430\u044f \u043f\u0440\u043e\u0437\u0430. \u0421\u043e\u0441\u0442\u0430\u0432\u0438\u0442\u0435\u043b\u0438 \u042d. \u041c\u0430\u043b\u043b\u0435\u043d\u0435 \u0438 \u0420. \u0421\u0430\u043b\u0443\u0440\u0438. \u0422\u0430\u043b\u043b\u0438\u043d\u043d: \u042d\u044d\u0441\u0442\u0438 \u0440\u0430\u0430\u043c\u0430\u0442, 1978, 349 pp. Contents: \u042d\u043d\u0434\u0435\u043b\u044c \u041c\u0430\u043b\u043b\u0435\u043de, \u0412\u043c\u0435\u0441\u0442\u043e \u043f\u0440\u0435\u0434\u0438\u0441\u043b\u043e\u0432\u0438\u044f.\u0410\u0440\u0432\u043e \u0412\u0430\u043b\u0442\u043e\u043d, \u041f\u0435\u0442\u043b\u044f. [\u2019Silmus\u2019.]\u0410\u0440\u0432\u043e \u0412\u0430\u043b\u0442\u043e\u043d, \u0413\u0443\u043c\u0430\u043d\u0438\u0441\u0442. [\u2019Humanist\u2019.]\u0410\u0440\u0432\u043e \u0412\u0430\u043b\u0442\u043e\u043d, \u0427\u0435\u043b\u043e\u0432\u0435\u043a \u0441 \u0437\u0435\u043b\u0435\u043d\u044b\u043c \u0440\u044e\u043a\u0437\u0430\u043a\u043e\u043c. [\u2019Rohelise seljakotiga mees\u2019.]\u0410\u0440\u0432\u043e \u0412\u0430\u043b\u0442\u043e\u043d, \u041c\u0443\u0441\u0442\u0430\u043c\u044f\u044d\u0441\u043a\u0430\u044f \u043b\u044e\u0431\u043e\u0432\u044c. [\u2019Mustam\u00e4e armastus\u2019.]\u0410\u0440\u0432\u043e \u0412\u0430\u043b\u0442\u043e\u043d, &#8230;<\/p>\n","protected":false},"author":43,"featured_media":0,"parent":1214,"menu_order":0,"comment_status":"closed","ping_status":"closed","template":"","meta":{"_acf_changed":false,"inline_featured_image":false,"footnotes":""},"class_list":["post-1430","page","type-page","status-publish","hentry"],"acf":[],"_links":{"self":[{"href":"https:\/\/sisu.ut.ee\/ewod\/wp-json\/wp\/v2\/pages\/1430","targetHints":{"allow":["GET"]}}],"collection":[{"href":"https:\/\/sisu.ut.ee\/ewod\/wp-json\/wp\/v2\/pages"}],"about":[{"href":"https:\/\/sisu.ut.ee\/ewod\/wp-json\/wp\/v2\/types\/page"}],"author":[{"embeddable":true,"href":"https:\/\/sisu.ut.ee\/ewod\/wp-json\/wp\/v2\/users\/43"}],"replies":[{"embeddable":true,"href":"https:\/\/sisu.ut.ee\/ewod\/wp-json\/wp\/v2\/comments?post=1430"}],"version-history":[{"count":1,"href":"https:\/\/sisu.ut.ee\/ewod\/wp-json\/wp\/v2\/pages\/1430\/revisions"}],"predecessor-version":[{"id":3647,"href":"https:\/\/sisu.ut.ee\/ewod\/wp-json\/wp\/v2\/pages\/1430\/revisions\/3647"}],"up":[{"embeddable":true,"href":"https:\/\/sisu.ut.ee\/ewod\/wp-json\/wp\/v2\/pages\/1214"}],"wp:attachment":[{"href":"https:\/\/sisu.ut.ee\/ewod\/wp-json\/wp\/v2\/media?parent=1430"}],"curies":[{"name":"wp","href":"https:\/\/api.w.org\/{rel}","templated":true}]}}