{"id":1381,"date":"2024-04-03T23:41:14","date_gmt":"2024-04-03T20:41:14","guid":{"rendered":"https:\/\/sisu.ut.ee\/ewod\/stories-et-158\/"},"modified":"2024-04-04T00:07:26","modified_gmt":"2024-04-03T21:07:26","slug":"stories","status":"publish","type":"page","link":"https:\/\/sisu.ut.ee\/ewod\/s\/sinijarv\/stories\/","title":{"rendered":"Karl Martin Sinij\u00e4rv &#8211; short stories"},"content":{"rendered":"<p><span style=\"font-size: medium\"><strong><span style=\"font-family: verdana, geneva\">In anthologies and magazines<\/span><\/strong><\/span><\/p>\n<p><strong><em><span style=\"font-family: verdana, geneva\">Swedish<\/span><\/em><\/strong><br><span style=\"font-family: verdana, geneva\"><strong>Hopp i s\u00e4ng!: godnattsagor av Estniska pappor<\/strong>: 11 pappor, 28 sagor. Translated by Jaan Seim; illustrations by J\u00fcri Mildeberg. Tallinn: NyNorden, 2007, 105 pp. [\u2019 Ruttu tuttu!: isade unejutte\u2019. Bedtime stories by daddies: Karl Martin Sinij\u00e4rv, Veiko Belials, Andrus Kivir\u00e4hk, Juhani P\u00fcttsepp, Contra, J\u00fcrgen Rooste, Jaanus Vaiksoo, Kivisildnik, Peeter Sauter, Jaan T\u00e4tte and Peep Pedmanson.]<\/span><\/p>\n","protected":false},"excerpt":{"rendered":"<p>In anthologies and magazines SwedishHopp i s\u00e4ng!: godnattsagor av Estniska pappor: 11 pappor, 28 sagor. Translated by Jaan Seim; illustrations by J\u00fcri Mildeberg. Tallinn: NyNorden, 2007, 105 pp. [\u2019 Ruttu tuttu!: isade unejutte\u2019. Bedtime stories by daddies: Karl Martin Sinij\u00e4rv, &#8230;<\/p>\n","protected":false},"author":43,"featured_media":0,"parent":828,"menu_order":0,"comment_status":"closed","ping_status":"closed","template":"","meta":{"_acf_changed":false,"inline_featured_image":false,"footnotes":""},"class_list":["post-1381","page","type-page","status-publish","hentry"],"acf":[],"_links":{"self":[{"href":"https:\/\/sisu.ut.ee\/ewod\/wp-json\/wp\/v2\/pages\/1381","targetHints":{"allow":["GET"]}}],"collection":[{"href":"https:\/\/sisu.ut.ee\/ewod\/wp-json\/wp\/v2\/pages"}],"about":[{"href":"https:\/\/sisu.ut.ee\/ewod\/wp-json\/wp\/v2\/types\/page"}],"author":[{"embeddable":true,"href":"https:\/\/sisu.ut.ee\/ewod\/wp-json\/wp\/v2\/users\/43"}],"replies":[{"embeddable":true,"href":"https:\/\/sisu.ut.ee\/ewod\/wp-json\/wp\/v2\/comments?post=1381"}],"version-history":[{"count":1,"href":"https:\/\/sisu.ut.ee\/ewod\/wp-json\/wp\/v2\/pages\/1381\/revisions"}],"predecessor-version":[{"id":3702,"href":"https:\/\/sisu.ut.ee\/ewod\/wp-json\/wp\/v2\/pages\/1381\/revisions\/3702"}],"up":[{"embeddable":true,"href":"https:\/\/sisu.ut.ee\/ewod\/wp-json\/wp\/v2\/pages\/828"}],"wp:attachment":[{"href":"https:\/\/sisu.ut.ee\/ewod\/wp-json\/wp\/v2\/media?parent=1381"}],"curies":[{"name":"wp","href":"https:\/\/api.w.org\/{rel}","templated":true}]}}