{"id":1362,"date":"2024-04-03T23:41:12","date_gmt":"2024-04-03T20:41:12","guid":{"rendered":"https:\/\/sisu.ut.ee\/ewod\/edgarsaks\/"},"modified":"2025-03-04T13:29:15","modified_gmt":"2025-03-04T11:29:15","slug":"edgarsaks","status":"publish","type":"page","link":"https:\/\/sisu.ut.ee\/ewod\/s\/edgarsaks\/","title":{"rendered":"Edgar Valter Saks"},"content":{"rendered":"<p>\n\t<a href=\"https:\/\/sisu.ut.ee\/ewod\/s\/edgarsaks\/stories\"><strong><span style=\"font-family: verdana, geneva;font-size: medium\">Short stories<\/span><\/strong><\/a><strong><span style=\"font-family: verdana, geneva;font-size: medium\"> <a href=\"https:\/\/sisu.ut.ee\/wp-content\/uploads\/sites\/108\/edgar_valter_saks.jpg\" target=\"_self\" rel=\"noopener\"><img decoding=\"async\" alt=\"Edgar Valter Saks\" src=\"https:\/\/sisu.ut.ee\/wp-content\/uploads\/sites\/108\/edgar_valter_saks.jpg\" style=\"float: right;width: 220px;height: 304px\"><\/a><\/span><\/strong>\n<\/p>\n<p>\n\t<strong><span style=\"font-size:16px\"><a data-url=\"https:\/\/sisu.ut.ee\/ewod\/s\/edgarsaks\/historicalresearch\" href=\"https:\/\/sisu.ut.ee\/ewod\/s\/edgarsaks\/historicalresearch\" title=\"\">Historical research<\/a><\/span><\/strong>\n<\/p>\n<p>\u00a0\n<\/p>\n<p>\n\t\u00a0\n<\/p>\n<p>\n\tEdgar Valter Saks (25. I 1910\u201311. IV 1984) was a politician, publicist, economist, amateur historian, and writer.\n<\/p>\n<p>\n\tSaks was born the son of a mechanic. In 1928, he graduated from Hugo Treffner gymnasium in Tartu and in 1934, from the law department of the University of Tartu. He worked as a journalist at various jobs (from 1929-1934 he was employed in the editorial board of <em>P\u00e4evaleht<\/em> newspaper in Tartu), then as a civil servant and an industry manager.\n<\/p>\n<p>\n\tIn 1944, he escaped to Finland from Estonia. From 1944-1949, he lived in Sweden and from 1949, he resided in Canada. He worked in Canada, Peru, and Mexico. Saks was active in several Estonian expatriate organizations and was one of the founders of the Estonians\u2019 Union in Canada, the chairman of the Estonian Society of North Canada, and from 1971-1984, he was the Minister of Education of the Estonian government-in-exile. He was the publisher and a member of the editorial board of the two-part almanac <em>Eesti looming<\/em> (\u2018Estonian Works\u2019, Helsinki 1944) and the founder and editor-in-chief (1944-1948) of the weekly newspaper <em>V\u00e4lis-Eesti<\/em> in Stockholm. From 1931, he was a member of the Estonian PEN Club and in 1933, joined the Estonian Writers\u2019 Union.\n<\/p>\n<p>\n\tBefore World War II, Saks wrote four novels. The first one was <em>Kodutu<\/em> (\u2018Homeless\u2019, 1929) which came third in the novel competition by Loodus publishing house. The following three novels <em>Jaan Tamar<\/em> (1932), <em>Armuke<\/em> (\u2018Lover\u2019, 1936), and <em>Hannibali rahvas<\/em> (\u2018The People of Hannibal\u2019, 1936) were not warmly received by readers or critics. His prose includes good descriptions of settings, but the characters\u2019 psychology was secondary to him. The historical novel \u2018The People of Hannibal\u2019 features the events of the Livonian War and is noteworthy for glorifying Estonian war heroes. Saks also wrote short stories that were published in the magazine <em>Looming<\/em> and almanac <em>Eesti Looming<\/em> (\u2018Estonian Works\u2019).\n<\/p>\n<p>\n\tFrom the point of view of literary history, Saks\u2019 study of the university years of Ernst Enno in Riga (Eesti Kirjandus publishing 1935) and the nine interviews with Estonian writers published in the magazine <em>Looming<\/em> in 1936 are significant.\n<\/p>\n<p>\n\tIn exile, the author dedicated himself to the questions of Estonian identity and history and published several popular science books that glorified Estonians\u2019 prehistory and that professional historians consider pseudoscientific. Saks was a nationalist and decidedly against any leftist or Marxist dispositions.\n<\/p>\n<p>\n\t<em>L. P. (Translated buy A. A.)<\/em>\n<\/p>\n<p><strong><span style=\"font-size:16px\">Books in Estonian<\/span><\/strong>\n<\/p>\n<p>\n\t<strong><em>Novels<\/em><\/strong><br><strong>Kodutu<\/strong>. Tartu: Loodus, 1929. 246 lk.<br><strong>Jaan Tamar<\/strong>. Tartu: Loodus, 1932. 200 lk.<br><strong>Armuke<\/strong>. Tartu: Eesti Kirjastuse Kooperatiiv, 1936. 249 lk.<br><strong>Hannibali rahvas<\/strong>: ajalooline romaan Liivi-Vene s\u00f5jast. Tartu: Postimees, 1936. 294 lk.<br><strong>\u00d5igusen\u00f5udjad<\/strong>: Eesti rahva v\u00f5itlusromaan. Tallinn: Grenader, 2013. 236 lk.\n<\/p>\n<p>\n\t<strong><em>Historical research<\/em><\/strong><br><strong>Eesti soost vasalkond. J\u00fcri\u00f6\u00f6 m\u00e4ss: revideerivaid seisukohti \u00fcrikute alusel<\/strong>. Philadelphia; Wilmington: Korporatsioon Rotalia BWW allkoondis, 1971. 34 lk.<br><strong>Saxi-Saxa-Sax-Saks: nimikond ja suguselts: genealoogiline uurimus<\/strong>. Montreal: 1979. 108 lk.<br><strong>Eesti viikingid<\/strong>. Tallinn : Olion, 2003. 224 lk.<br><strong>Metsalise m\u00e4rgi all: punane paradiis: \u00fche epohhi kroonika<\/strong>. Tallinn: Grenader, 2012. 159 lk.\n<\/p>\n<p>\n\t\u00a0<\/p>\n","protected":false},"excerpt":{"rendered":"<p>Short stories Historical research \u00a0 \u00a0 Edgar Valter Saks (25. I 1910\u201311. IV 1984) was a politician, publicist, economist, amateur historian, and writer. Saks was born the son of a mechanic. In 1928, he graduated from Hugo Treffner gymnasium in &#8230;<\/p>\n","protected":false},"author":43,"featured_media":0,"parent":697,"menu_order":0,"comment_status":"closed","ping_status":"closed","template":"","meta":{"_acf_changed":false,"inline_featured_image":false,"footnotes":""},"class_list":["post-1362","page","type-page","status-publish","hentry"],"acf":[],"_links":{"self":[{"href":"https:\/\/sisu.ut.ee\/ewod\/wp-json\/wp\/v2\/pages\/1362","targetHints":{"allow":["GET"]}}],"collection":[{"href":"https:\/\/sisu.ut.ee\/ewod\/wp-json\/wp\/v2\/pages"}],"about":[{"href":"https:\/\/sisu.ut.ee\/ewod\/wp-json\/wp\/v2\/types\/page"}],"author":[{"embeddable":true,"href":"https:\/\/sisu.ut.ee\/ewod\/wp-json\/wp\/v2\/users\/43"}],"replies":[{"embeddable":true,"href":"https:\/\/sisu.ut.ee\/ewod\/wp-json\/wp\/v2\/comments?post=1362"}],"version-history":[{"count":1,"href":"https:\/\/sisu.ut.ee\/ewod\/wp-json\/wp\/v2\/pages\/1362\/revisions"}],"predecessor-version":[{"id":3723,"href":"https:\/\/sisu.ut.ee\/ewod\/wp-json\/wp\/v2\/pages\/1362\/revisions\/3723"}],"up":[{"embeddable":true,"href":"https:\/\/sisu.ut.ee\/ewod\/wp-json\/wp\/v2\/pages\/697"}],"wp:attachment":[{"href":"https:\/\/sisu.ut.ee\/ewod\/wp-json\/wp\/v2\/media?parent=1362"}],"curies":[{"name":"wp","href":"https:\/\/api.w.org\/{rel}","templated":true}]}}