{"id":1360,"date":"2024-04-03T23:41:12","date_gmt":"2024-04-03T20:41:12","guid":{"rendered":"https:\/\/sisu.ut.ee\/ewod\/nonfiction-et-66\/"},"modified":"2024-04-04T00:07:29","modified_gmt":"2024-04-03T21:07:29","slug":"nonfiction","status":"publish","type":"page","link":"https:\/\/sisu.ut.ee\/ewod\/s\/peetersauter\/nonfiction\/","title":{"rendered":"Peeter Sauter &#8211; non-fiction"},"content":{"rendered":"<p><span style=\"font-family:Verdana,Geneva,sans-serif\"><strong><span style=\"font-size:16px\">In anthologies and magazines<\/span><\/strong><\/span><\/p>\n<p><strong><em>German<\/em><\/strong><br><strong>Osteurop\u00e4ische Kr\u00e4mpfe<\/strong>. \u00dcbersetzung: Irja Gr\u00f6nholm. \u2013 Europaexpress. Ein literarisches Handbuch. Herausgegeben von Thomas Wohlfahrt und Christiane Lange. Frankfurt\/Main: Eichborn, 2001, pp 711-721. [\u2018Ida-euroopa krambid\u2019.]<\/p>\n","protected":false},"excerpt":{"rendered":"<p>In anthologies and magazines GermanOsteurop\u00e4ische Kr\u00e4mpfe. \u00dcbersetzung: Irja Gr\u00f6nholm. \u2013 Europaexpress. Ein literarisches Handbuch. Herausgegeben von Thomas Wohlfahrt und Christiane Lange. Frankfurt\/Main: Eichborn, 2001, pp 711-721. [\u2018Ida-euroopa krambid\u2019.]<\/p>\n","protected":false},"author":43,"featured_media":0,"parent":2102,"menu_order":0,"comment_status":"closed","ping_status":"closed","template":"","meta":{"_acf_changed":false,"inline_featured_image":false,"footnotes":""},"class_list":["post-1360","page","type-page","status-publish","hentry"],"acf":[],"_links":{"self":[{"href":"https:\/\/sisu.ut.ee\/ewod\/wp-json\/wp\/v2\/pages\/1360","targetHints":{"allow":["GET"]}}],"collection":[{"href":"https:\/\/sisu.ut.ee\/ewod\/wp-json\/wp\/v2\/pages"}],"about":[{"href":"https:\/\/sisu.ut.ee\/ewod\/wp-json\/wp\/v2\/types\/page"}],"author":[{"embeddable":true,"href":"https:\/\/sisu.ut.ee\/ewod\/wp-json\/wp\/v2\/users\/43"}],"replies":[{"embeddable":true,"href":"https:\/\/sisu.ut.ee\/ewod\/wp-json\/wp\/v2\/comments?post=1360"}],"version-history":[{"count":1,"href":"https:\/\/sisu.ut.ee\/ewod\/wp-json\/wp\/v2\/pages\/1360\/revisions"}],"predecessor-version":[{"id":3721,"href":"https:\/\/sisu.ut.ee\/ewod\/wp-json\/wp\/v2\/pages\/1360\/revisions\/3721"}],"up":[{"embeddable":true,"href":"https:\/\/sisu.ut.ee\/ewod\/wp-json\/wp\/v2\/pages\/2102"}],"wp:attachment":[{"href":"https:\/\/sisu.ut.ee\/ewod\/wp-json\/wp\/v2\/media?parent=1360"}],"curies":[{"name":"wp","href":"https:\/\/api.w.org\/{rel}","templated":true}]}}