{"id":1343,"date":"2024-04-03T23:41:11","date_gmt":"2024-04-03T20:41:11","guid":{"rendered":"https:\/\/sisu.ut.ee\/ewod\/plays-et-45\/"},"modified":"2024-04-04T00:07:29","modified_gmt":"2024-04-03T21:07:29","slug":"plays","status":"publish","type":"page","link":"https:\/\/sisu.ut.ee\/ewod\/t\/tatte\/plays\/","title":{"rendered":"Jaan T\u00e4tte &#8211; plays"},"content":{"rendered":"<p>\n\t<strong><span style=\"font-size:16px\"><span style=\"font-family:Verdana,Geneva,sans-serif\">Books<\/span><\/span><\/strong>\n<\/p>\n<p>\n\t<span style=\"font-family:Verdana,Geneva,sans-serif\"><strong><em>German<\/em><\/strong><br><strong>Fasten Seat Belts oder Viel Gl\u00fcck zum Alltag!<\/strong>. \u00dcbersetzung: Irja Gr\u00f6nholm. Berlin: Henschel Schauspiel Theaterverlag, 2003. 73 pp. [\u2018Palju \u00f5nne argip\u00e4evaks\u2019.]<br><strong>Die Br\u00fccke<\/strong>. Schauspiel in zwei Akten. \u00dcbersetzung: Irja Gr\u00f6nholm. Berlin: Henschel Schauspiel Theaterverlag, 2001. 75 pp. [\u2018Sild\u2019.]<br><strong>Bungee-jumping<\/strong>. \u00dcbersetzung: Irja Gr\u00f6nholm. Berlin: Henschel Schauspiel Theaterverlag, 1999. 65 pp. [\u2018Ristumine peateega\u2019.]<\/span><br>\u00a0\n<\/p>\n<p>\n\t<span style=\"font-size: medium\"><strong><span style=\"font-family: verdana, geneva\">In anthologies and magazines<\/span><\/strong><\/span>\n<\/p>\n<p>\n\t<span style=\"font-family:Verdana,Geneva,sans-serif\"><strong><em>German<\/em><\/strong><br><strong>Die Br\u00fccke<\/strong>. \u00dcbersetzung: Irja Gr\u00f6nholm. \u2013 Theater der Zeit 9, 2002, pp 53-76. [\u2018Sild\u2019.]<br><strong>Bungee-jumping<\/strong>. \u00dcbersetzung: Irja Gr\u00f6nholm \u2013 Estonia, no 1, 2001, pp 14-23. [\u2018Ristumine peateega\u2019, excerpt]<\/span><\/p>\n<p><strong><em><span style=\"font-family: verdana, geneva\">Russian<\/span><\/em><\/strong><br><span style=\"font-family: verdana, geneva\"><span style=\"font-family: verdana, geneva\">\u042f\u0430\u043d \u0422\u044f\u0442\u0442\u0435, <strong>\u041f\u0435\u0440\u0435\u0441\u0435\u0447\u0435\u043d\u0438\u0435 \u0441 \u0433\u043b\u0430\u0432\u043d\u043e\u0439 \u0434\u043e\u0440\u043e\u0433\u0438, \u0438\u043b\u0438, \u0421\u043a\u0430\u0437\u043a\u0430 \u043e \u0437\u043e\u043b\u043e\u0442\u043e\u0439 \u0440\u044b\u0431\u043a\u0435; \u0411\u0435\u0437\u0443\u043c\u0435\u0446<\/strong>. \u2013\u00a0<\/span>\u041a\u043e\u0441\u0442\u0435\u0440 \u0421\u0430\u0432\u043e\u043d\u0430\u0440\u043e\u043b\u044b \u0438 \u0435\u0449\u0435 7 \u043d\u043e\u0432\u0435\u0439\u0448\u0438\u0445 \u044d\u0441\u0442\u043e\u043d\u0441\u043a\u0438\u0445 \u043f\u044c\u0435\u0441; \u0432 \u043f\u0435\u0440\u0435\u0432\u043e\u0434\u0435 [\u0438 \u043f\u0440\u0435\u0434\u0438\u0441\u043b\u043e\u0432\u0438\u0435] \u0411\u043e\u0440\u0438\u0441\u0430 \u0422\u0443\u0445\u0430. \u0422\u0430\u043b\u043b\u0438\u043d\u043d: Aleksandra, 2006, 588 pp. [<span>\u2019Ristumine peateega, ehk, Muinasjutt kuldsest kalakesest\u2019, \u2019Meeletu\u2019.\u00a0<\/span>Contents of the anthology: \u041c\u0430\u0440\u0442 \u041a\u0438\u0432\u0430\u0441\u0442\u0438\u043a, \u2019\u041a\u043e\u0441\u0442\u0435\u0440 \u0421\u0430\u0432\u043e\u043d\u0430\u0440\u043e\u043b\u044b\u2019 (\u2019Savonarola tuleriit\u2019), \u2019\u0421\u043b\u0443\u0433\u0430\u2019 (\u2019Teener\u2019); \u0410\u043d\u0434\u0440\u0443\u0441 \u041a\u0438\u0432\u0438\u0440\u044f\u0445\u043a, \u2019\u041f\u043e\u043c\u0438\u043d\u043a\u0438 \u043f\u043e-\u044d\u0441\u0442\u043e\u043d\u0441\u043a\u0438\u2019 (\u2019Eesti matus\u2019), \u2019\u0413\u043e\u043b\u0443\u0431\u043e\u0439 \u0432\u0430\u0433\u043e\u043d\u2019 (\u2019Helesinine vagun\u2019); \u0423\u0440\u043c\u0430\u0441 \u041b\u0435\u043d\u043d\u0443\u043a, \u2019\u0411\u043e\u0431 \u0437\u043d\u0430\u0435\u0442\u2019 (\u2019Boob teab\u2019); \u042f\u0430\u043d \u0422\u044f\u0442\u0442\u0435, \u2019\u041f\u0435\u0440\u0435\u0441\u0435\u0447\u0435\u043d\u0438\u0435 \u0441 \u0433\u043b\u0430\u0432\u043d\u043e\u0439 \u0434\u043e\u0440\u043e\u0433\u0438, \u0438\u043b\u0438, \u0421\u043a\u0430\u0437\u043a\u0430 \u043e \u0437\u043e\u043b\u043e\u0442\u043e\u0439 \u0440\u044b\u0431\u043a\u0435\u2019 (\u2019Ristumine peateega, ehk, Muinasjutt kuldsest kalakesest\u2019), \u2019\u0411\u0435\u0437\u0443\u043c\u0435\u0446\u2019 (\u2019Meeletu\u2019); \u041c\u0430\u0434\u0438\u0441 \u041a\u044b\u0439\u0432, \u2019Filis nihili (\u041f\u043e\u0441\u043b\u0435\u0434\u043d\u0438\u0439 \u043d\u0438\u0433\u0438\u043b\u0438\u0441\u0442)\u2019.]<\/span><\/p>\n","protected":false},"excerpt":{"rendered":"<p>Books GermanFasten Seat Belts oder Viel Gl\u00fcck zum Alltag!. \u00dcbersetzung: Irja Gr\u00f6nholm. Berlin: Henschel Schauspiel Theaterverlag, 2003. 73 pp. [\u2018Palju \u00f5nne argip\u00e4evaks\u2019.]Die Br\u00fccke. Schauspiel in zwei Akten. \u00dcbersetzung: Irja Gr\u00f6nholm. Berlin: Henschel Schauspiel Theaterverlag, 2001. 75 pp. [\u2018Sild\u2019.]Bungee-jumping. \u00dcbersetzung: Irja &#8230;<\/p>\n","protected":false},"author":43,"featured_media":0,"parent":1333,"menu_order":0,"comment_status":"closed","ping_status":"closed","template":"","meta":{"_acf_changed":false,"inline_featured_image":false,"footnotes":""},"class_list":["post-1343","page","type-page","status-publish","hentry"],"acf":[],"_links":{"self":[{"href":"https:\/\/sisu.ut.ee\/ewod\/wp-json\/wp\/v2\/pages\/1343","targetHints":{"allow":["GET"]}}],"collection":[{"href":"https:\/\/sisu.ut.ee\/ewod\/wp-json\/wp\/v2\/pages"}],"about":[{"href":"https:\/\/sisu.ut.ee\/ewod\/wp-json\/wp\/v2\/types\/page"}],"author":[{"embeddable":true,"href":"https:\/\/sisu.ut.ee\/ewod\/wp-json\/wp\/v2\/users\/43"}],"replies":[{"embeddable":true,"href":"https:\/\/sisu.ut.ee\/ewod\/wp-json\/wp\/v2\/comments?post=1343"}],"version-history":[{"count":1,"href":"https:\/\/sisu.ut.ee\/ewod\/wp-json\/wp\/v2\/pages\/1343\/revisions"}],"predecessor-version":[{"id":3725,"href":"https:\/\/sisu.ut.ee\/ewod\/wp-json\/wp\/v2\/pages\/1343\/revisions\/3725"}],"up":[{"embeddable":true,"href":"https:\/\/sisu.ut.ee\/ewod\/wp-json\/wp\/v2\/pages\/1333"}],"wp:attachment":[{"href":"https:\/\/sisu.ut.ee\/ewod\/wp-json\/wp\/v2\/media?parent=1343"}],"curies":[{"name":"wp","href":"https:\/\/api.w.org\/{rel}","templated":true}]}}