{"id":1297,"date":"2024-04-03T23:41:06","date_gmt":"2024-04-03T20:41:06","guid":{"rendered":"https:\/\/sisu.ut.ee\/ewod\/lehtmets\/"},"modified":"2024-04-04T00:07:39","modified_gmt":"2024-04-03T21:07:39","slug":"lehtmets","status":"publish","type":"page","link":"https:\/\/sisu.ut.ee\/ewod\/l\/lehtmets\/","title":{"rendered":"T\u00f5nis Lehtmets"},"content":{"rendered":"<p>\n\t<a href=\"https:\/\/sisu.ut.ee\/ewod\/l\/lehtmets\/stories\"><strong><span style=\"font-size: medium;font-family: verdana, geneva\">Short stories<\/span><\/strong><\/a><strong><span style=\"font-size: medium;font-family: verdana, geneva\"> <a href=\"https:\/\/sisu.ut.ee\/wp-content\/uploads\/sites\/108\/tonis_lehtmets.jpg\" target=\"_self\" rel=\"noopener\"><img decoding=\"async\" alt=\"T\u00f5nis Lehtmets\" src=\"https:\/\/sisu.ut.ee\/wp-content\/uploads\/sites\/108\/tonis_lehtmets.jpg\" style=\"float: right;width: 200px;height: 292px\"><\/a><\/span><\/strong>\n<\/p>\n<p>\u00a0\n<\/p>\n<p>\n\t<span style=\"color:#000000\"><span style=\"font-size:13px\"><span style=\"font-family:Verdana,Geneva,sans-serif\">T\u00f5nis Lehtmets (born 22 October 1937) is a prose writer and poet.<\/span><\/span><\/span>\n<\/p>\n<p>\n\t<span style=\"color:#000000\"><span style=\"font-size:13px\"><span style=\"font-family:Verdana,Geneva,sans-serif\">Lehtmets was born in Rakvere. His parents were farmers at Luusika village, Paasvere parish, in Virumaa County. He attended primary school at Venevere and, from 1952\u20131956, Rakvere Secondary School No. 1. From 1956\u20131961, he studied Estonian language and literature at Tartu State University From 1962\u20131972, T\u00f5nis Lehtmets worked for the newspapers <em>Noorte H\u00e4\u00e4l<\/em> and <em>Edasi<\/em>, from 1974\u20131985, as a consultant at Tartu department of the Estonian Writers\u2019 Union, later as a professional writer. He was a member of the Communist Party of the Soviet Union from 1968\u20131989 and has been a member of the Estonian Writers\u2019 Union from 1962.<\/span><\/span><\/span>\n<\/p>\n<p>\n\t<span style=\"color:#000000\"><span style=\"font-size:13px\"><span style=\"font-family:Verdana,Geneva,sans-serif\">Lehtmets made his debut with poems and stories in 1955. He has published four poetry collections, the first of which appeared in 1960. In the writer\u2019s own words, throughout his life, his creation has been influenced by his childhood in the faraway forest village where work was done with primitive agrarian tools, the example of his parents who, although poorly educated, had cultural interests and impressions of forest in different seasons. Lehtmets\u2019 poetry deals with rural themes, and the language is folksy. In addition to the scenery, circumstances and people of his home place, the themes of his poetry include Tartu \u2013 the town of his studies \u2013 and impressions of Kazakhstan, Siberia and Karelia.<\/span><\/span><\/span>\n<\/p>\n<p>\n\t<span style=\"color:#000000\"><span style=\"font-size:13px\"><span style=\"font-family:Verdana,Geneva,sans-serif\">The main theme of T\u00f5nis Lehtmets\u2019 prose is abandonment of farms and urbanisation. He has published two novels and several short stories. Lehtmets\u2019 novel <em>Tume laas<\/em> (\u2018Dark Forest\u2019, 1978) depicts the fates of people of forest villages in 1947\u20131949. It is one of the first and also most truthful depictions of the life of forest brothers (anti-Soviet guerillas), which caused the author problems with Soviet government institutions and censorship. The novel <em>Kompromiss<\/em> (\u2018Compromise\u2019, 1982) shows the life of journalists and the cultural scene of Tartu. As the book critically depicted the authoritarianism of the management system, it caused vehement reactions.<\/span><\/span><\/span>\n<\/p>\n<p>\n\t<em><span style=\"color:#000000\"><span style=\"font-size:13px\"><span style=\"font-family:Verdana,Geneva,sans-serif\">L. P. (Translated by I. A.)<\/span><\/span><\/span><\/em>\n<\/p>\n<p><strong><span style=\"font-size:16px\"><span style=\"color:#000000\"><span style=\"font-family:Verdana,Geneva,sans-serif\">Books in Estonian<\/span><\/span><\/span><\/strong>\n<\/p>\n<p>\n\t<span style=\"color:#000000\"><span style=\"font-size:13px\"><span style=\"font-family:Verdana,Geneva,sans-serif\"><strong><em>Novels<\/em><\/strong><br><strong>Tume laas<\/strong>. Tallinn: Eesti Raamat, 1978. 212 lk.<br><strong>Kompromiss<\/strong>: sentimentaalse mehe m\u00e4lestusi. Tallinn: Eesti Raamat, 1982. 176 lk.<\/span><\/span><\/span>\n<\/p>\n<p>\n\t<span style=\"color:#000000\"><span style=\"font-size:13px\"><span style=\"font-family:Verdana,Geneva,sans-serif\"><strong><em>Stories<\/em><\/strong><br><strong>Kohtumine vanaema aias<\/strong> [jutustus]. Tallinn: Eesti Raamat, 1966. 264 lk.<br><strong>Pakane<\/strong> [dokumentaaljutustus]. Tallinn: Eesti Raamat, 1967.\u00a0 87 lk.<br><strong>Margapuuga m\u00f5\u00f5detud maa<\/strong>: jutustusi. Tallinn: Eesti Raamat, 1976. 127 lk.<\/span><\/span><\/span>\n<\/p>\n<p>\n\t<span style=\"color:#000000\"><span style=\"font-size:13px\"><span style=\"font-family:Verdana,Geneva,sans-serif\"><strong><em>Poetry<\/em><\/strong><br><strong>Esimesed v\u00e4rsid<\/strong> (1956\u20131959). Tallinn: Eesti Riiklik Kirjastus, 1960. 91 lk.<br><strong>T\u00e4navad ja tanumad<\/strong>: luuletusi aastaist 1959\u20131961. Tallinn: Eesti Riiklik Kirjastus, 1962. 96 lk.<br><strong>Kodumurul<\/strong>: luuletused (1962\u20131964). Tallinn: Eesti Raamat, 1966. 75 lk.<br><strong>L\u00f5kkem\u00f5tted<\/strong>. Tallinn: Eesti Raamat, 1974. 86 lk.<\/span><\/span><\/span>\n<\/p>\n<p>\n\t\u00a0<\/p>\n","protected":false},"excerpt":{"rendered":"<p>Short stories \u00a0 T\u00f5nis Lehtmets (born 22 October 1937) is a prose writer and poet. Lehtmets was born in Rakvere. His parents were farmers at Luusika village, Paasvere parish, in Virumaa County. He attended primary school at Venevere and, from &#8230;<\/p>\n","protected":false},"author":43,"featured_media":0,"parent":631,"menu_order":0,"comment_status":"closed","ping_status":"closed","template":"","meta":{"_acf_changed":false,"inline_featured_image":false,"footnotes":""},"class_list":["post-1297","page","type-page","status-publish","hentry"],"acf":[],"_links":{"self":[{"href":"https:\/\/sisu.ut.ee\/ewod\/wp-json\/wp\/v2\/pages\/1297","targetHints":{"allow":["GET"]}}],"collection":[{"href":"https:\/\/sisu.ut.ee\/ewod\/wp-json\/wp\/v2\/pages"}],"about":[{"href":"https:\/\/sisu.ut.ee\/ewod\/wp-json\/wp\/v2\/types\/page"}],"author":[{"embeddable":true,"href":"https:\/\/sisu.ut.ee\/ewod\/wp-json\/wp\/v2\/users\/43"}],"replies":[{"embeddable":true,"href":"https:\/\/sisu.ut.ee\/ewod\/wp-json\/wp\/v2\/comments?post=1297"}],"version-history":[{"count":1,"href":"https:\/\/sisu.ut.ee\/ewod\/wp-json\/wp\/v2\/pages\/1297\/revisions"}],"predecessor-version":[{"id":3784,"href":"https:\/\/sisu.ut.ee\/ewod\/wp-json\/wp\/v2\/pages\/1297\/revisions\/3784"}],"up":[{"embeddable":true,"href":"https:\/\/sisu.ut.ee\/ewod\/wp-json\/wp\/v2\/pages\/631"}],"wp:attachment":[{"href":"https:\/\/sisu.ut.ee\/ewod\/wp-json\/wp\/v2\/media?parent=1297"}],"curies":[{"name":"wp","href":"https:\/\/api.w.org\/{rel}","templated":true}]}}