{"id":1282,"date":"2024-04-03T23:41:05","date_gmt":"2024-04-03T20:41:05","guid":{"rendered":"https:\/\/sisu.ut.ee\/ewod\/lintrop\/"},"modified":"2024-04-04T00:07:40","modified_gmt":"2024-04-03T21:07:40","slug":"lintrop","status":"publish","type":"page","link":"https:\/\/sisu.ut.ee\/ewod\/l\/lintrop\/","title":{"rendered":"Aado Lintrop"},"content":{"rendered":"<p style=\"margin-bottom:0.11in\">\n\t<span style=\"color:#000000\"><span style=\"font-size:13px\"><span style=\"font-family:Verdana,Geneva,sans-serif\"><span style=\"line-height:108%\"><span style=\"font-weight:normal\"><a href=\"https:\/\/sisu.ut.ee\/wp-content\/uploads\/sites\/108\/aado_lintrop_alar_madisson.jpg\" target=\"_self\" rel=\"noopener\"><img decoding=\"async\" alt=\"Aado Lintrop\" src=\"https:\/\/sisu.ut.ee\/wp-content\/uploads\/sites\/108\/aado_lintrop_alar_madisson.jpg\" style=\"float: right;width: 300px;height: 199px\" title=\"Photo: Alar Madisson\"><\/a><\/span><\/span><\/span><\/span><\/span><\/p>\n<p>Aado Lintrop (b. 9. VI 1956) is a scholar of folklore and religion, and a writer. \n<\/p>\n<p style=\"margin-bottom:0.11in\">\n\t<span style=\"color:#000000\"><span style=\"font-size:13px\"><span style=\"font-family:Verdana,Geneva,sans-serif\"><span style=\"line-height:108%\">Lintrop was born in Tallinn into a working-class family. He attended several schools in Tallinn and graduated from number 37 secondary school there. From 1978 to 1984 and from 1994 to 1995 Lintrop studied Estonian philology at the University of Tartu, graduating from the university with a master\u2019s degree in Estonian and comparative folklore. In 2000 he gained his doctorate in Estonian and comparative folklore from the University of Tartu. Lintrop worked at the Tallinnfilm studio in 1976-1977 as an assistant camera operator, from 1979 to 1990 at the National Museum of Estonia as a cameraman and photographer, and from 1990 to 2000 at the Institute of Estonian Language as a technical and research assistant. Since 2000 he has been a senior researcher at the Estonian Literary Museum. He has conducted lecture courses on folk religion in the faculty of theology at the University of Tartu. He sings in the Setu men\u2019s choir Liinat\u015buraq in Tartu. Lintrop belongs to the Estonian Writers\u2019 Union since 2010.<\/span><\/span><\/span><\/span>\n<\/p>\n<p style=\"margin-bottom:0.11in\">\n\t<span style=\"color:#000000\"><span style=\"font-size:13px\"><span style=\"font-family:Verdana,Geneva,sans-serif\"><span style=\"line-height:108%\">Lintrop made his debut with poems in the newspaper of the Tartu State University in 1979. His first poetry collection, <i>Asuja <\/i>(\u2018Dweller\u2019), appeared in 1985. It earned a positive reception from the critics. The poems are basically philosophical and intuitive. Thereafter the author concentrated on folklore research. In 2000 the second collection, <i>S\u00f5naristi <\/i>(\u2018Wordcrosses\u2019) appeared. Some poems in it have been compared to the poetry of Heiti Talvik and Uku Masing, but also to that of younger contemporaries such as Doris Kareva or Hasso Krull. Lintrop\u2019s later poetry is concerned with Buddhism. In this way he is continuing a trend in Estonian poetry earlier represented by Ernst Enno and Uku Masing.<\/span><\/span><\/span><\/span>\n<\/p>\n<p style=\"margin-bottom:0.11in\">\n\t<span style=\"color:#000000\"><span style=\"font-size:13px\"><span style=\"font-family:Verdana,Geneva,sans-serif\"><span style=\"line-height:108%\">Lintrop has also written books of prose, such as a diary of the time he spent in Italy, <i>Imeline koda, <\/i>(\u2018A Wonderful Home\u2019, 2014), and travel books about the Himalayas (<i>T\u00f5usta m\u00e4gede \u00f5lule. Luuletaja Himaalajas \u2013 <\/i><span style=\"font-style:normal\">\u2018<\/span>To Rise onto the Shoulders of Mountains. A Poet in the Himalayas\u2019 \u2013 2018) and Spain (<i>Minagi olin Jaakobiteel \u2013<\/i> \u2018I Was on the Santiago Route Too\u2019 \u2013 2020). Apart from the immediate experiences of travel, Lintrop\u2019s travel diaries embrace folklore, philosophy and religion, in essay-style meditations.<\/span><\/span><\/span><\/span>\n<\/p>\n<p style=\"margin-bottom:0.11in\">\n\t<span style=\"color:#000000\"><span style=\"font-size:13px\"><span style=\"font-family:Verdana,Geneva,sans-serif\"><span style=\"line-height:108%\">He has translated poems from Russian and Finnish, and folk poetry from Khanty and Mansi.<\/span><\/span><\/span><\/span>\n<\/p>\n<p style=\"margin-bottom:0.11in\">\n\t<span style=\"color:#000000\"><span style=\"font-size:13px\"><span style=\"font-family:Verdana,Geneva,sans-serif\"><span style=\"line-height:108%\"><i>L. P. (Translated by C. M.)<\/i><\/span><\/span><\/span><\/span>\n<\/p>\n<p><span style=\"color:#000000\"><span style=\"font-family:Verdana,Geneva,sans-serif\"><strong><span style=\"font-size:16px\">Books in Estonian<\/span><\/strong><\/span><\/span>\n<\/p>\n<p>\n\t<span style=\"color:#000000\"><span style=\"font-size:13px\"><span style=\"font-family:Verdana,Geneva,sans-serif\"><strong><em>Poems<\/em><\/strong><br><strong>Asuja<\/strong>. Tallinn: Eesti Raamat, 1985, 47 lk.<br><strong>S\u00f5naristi<\/strong>. Tartu: Ilmamaa, 2000, 67 lk.<br><strong>Annapurna<\/strong>. Tartu: Ilmamaa, 2010, 127 lk.<br><strong>\u00d5htud s\u00f5idavad \u00f5ue<\/strong>. Tartu: Ilmamaa, 2011, 135 lk.<br><strong>Uksed ja inimesed<\/strong>. Luulep\u00e4evik talv 2010 \u2013 s\u00fcgis 2011. Tartu: Ilmamaa, 2012, 149 lk.<br><strong>Orus ja m\u00e4el<\/strong>. Tartu: Ilmamaa, 2013, 117 lk.<br><strong>P\u00e4ev on ulakas plika<\/strong>. Luulet aastaist 2013-2015. Tartu: Ilmamaa, 2016, 70 lk.<br><strong>S\u00f6ep\u00f5letaja<\/strong>. Luulet aastatest 1984-2018. Aadami (Kastre vald): Kamsuraamat, 2018, 116 lk.<\/span><\/span><\/span>\n<\/p>\n<p style=\"margin-bottom:0.11in\">\n\t<span style=\"color:#000000\"><span style=\"font-size:13px\"><span style=\"font-family:Verdana,Geneva,sans-serif\"><span style=\"line-height:108%\"><strong><em>Non-fiction<\/em><\/strong><br><strong>Imeline koda<\/strong>. Tartu: Ilmamaa, 2014, 188 lk. [P\u00e4evik Mazzanost.]<br><strong>T\u00f5usta m\u00e4gede \u00f5lule<\/strong>. Luuletaja Himaalajas. Tallinn: Go Group, 2018, 439 lk.<br>Minagi olin Jaakobiteel. Tartu: Ilmamaa, 2020, 187 lk.<\/span><\/span><\/span><\/span>\n<\/p>\n<p style=\"margin-bottom:0.11in\">\n\t<span style=\"color:#000000\"><span style=\"font-size:13px\"><span style=\"font-family:Verdana,Geneva,sans-serif\"><span style=\"line-height:108%\"><em><b>Folklore studies<\/b><\/em><br><strong>Udmurdi rahvausundi piirjooni<\/strong>. Tartu: Tartu \u00dclikool, 1993, 110 lk.<br><strong>\u0160amaaniraamat<\/strong>. Tartu: Ilmamaa, 1995, 180 lk.<br><strong>Udmurdi usund<\/strong>. Tartu: Eesti Rahva Muuseum, 2003, 256 lk.<br><strong>Loomisaja lood. Uurimusi ja t\u00f5lkeid P\u00f5hja-Euraasia rahvaste usundist<\/strong>. Tartu: Eesti Kirjandusmuuseumi Teaduskirjastus, 2014, 327 lk.<br><strong>Loomisaja laulud. Uurimusi eesti rahvalaulust<\/strong>. Tartu: Eesti Kirjandusmuuseumi Teaduskirjastus, 2016, 160 lk.<\/span><\/span><\/span><\/span><\/p>\n","protected":false},"excerpt":{"rendered":"<p>Aado Lintrop (b. 9. VI 1956) is a scholar of folklore and religion, and a writer. Lintrop was born in Tallinn into a working-class family. He attended several schools in Tallinn and graduated from number 37 secondary school there. From &#8230;<\/p>\n","protected":false},"author":43,"featured_media":0,"parent":631,"menu_order":0,"comment_status":"closed","ping_status":"closed","template":"","meta":{"_acf_changed":false,"inline_featured_image":false,"footnotes":""},"class_list":["post-1282","page","type-page","status-publish","hentry"],"acf":[],"_links":{"self":[{"href":"https:\/\/sisu.ut.ee\/ewod\/wp-json\/wp\/v2\/pages\/1282","targetHints":{"allow":["GET"]}}],"collection":[{"href":"https:\/\/sisu.ut.ee\/ewod\/wp-json\/wp\/v2\/pages"}],"about":[{"href":"https:\/\/sisu.ut.ee\/ewod\/wp-json\/wp\/v2\/types\/page"}],"author":[{"embeddable":true,"href":"https:\/\/sisu.ut.ee\/ewod\/wp-json\/wp\/v2\/users\/43"}],"replies":[{"embeddable":true,"href":"https:\/\/sisu.ut.ee\/ewod\/wp-json\/wp\/v2\/comments?post=1282"}],"version-history":[{"count":1,"href":"https:\/\/sisu.ut.ee\/ewod\/wp-json\/wp\/v2\/pages\/1282\/revisions"}],"predecessor-version":[{"id":3789,"href":"https:\/\/sisu.ut.ee\/ewod\/wp-json\/wp\/v2\/pages\/1282\/revisions\/3789"}],"up":[{"embeddable":true,"href":"https:\/\/sisu.ut.ee\/ewod\/wp-json\/wp\/v2\/pages\/631"}],"wp:attachment":[{"href":"https:\/\/sisu.ut.ee\/ewod\/wp-json\/wp\/v2\/media?parent=1282"}],"curies":[{"name":"wp","href":"https:\/\/api.w.org\/{rel}","templated":true}]}}