{"id":1267,"date":"2024-04-03T23:41:03","date_gmt":"2024-04-03T20:41:03","guid":{"rendered":"https:\/\/sisu.ut.ee\/ewod\/stories-et-141\/"},"modified":"2024-04-04T00:07:45","modified_gmt":"2024-04-03T21:07:45","slug":"stories","status":"publish","type":"page","link":"https:\/\/sisu.ut.ee\/ewod\/k\/koomagi\/stories\/","title":{"rendered":"Armin K\u00f5om\u00e4gi &#8211; short stories"},"content":{"rendered":"<p><span style=\"font-family: verdana, geneva;font-size: medium\"><strong>Books<br><\/strong><\/span><\/p>\n<p><span style=\"font-family: verdana, geneva;font-size: medium\"><span style=\"font-size: small\"><strong><em><span style=\"font-family: verdana, geneva\">Russian<\/span><\/em><br><span style=\"font-family: verdana, geneva\"><span style=\"font-family: verdana, geneva\">\u0414\u0435\u0431\u0438\u043b<span style=\"font-family: verdana, geneva\"><\/span><\/span><\/span><\/strong><span style=\"font-family: verdana, geneva\"><span style=\"font-family: verdana, geneva\"><span style=\"font-family: verdana, geneva\">. Translated by Vera Prohhorova. Tallinn: Eesti Kultuurikeskus Vene ents\u00fcklopeedia, 2014, 232 pp.<\/span><\/span><\/span><\/span><strong><span style=\"font-family: verdana, geneva;font-size: small\"><span style=\"font-family: verdana, geneva\"><span style=\"font-family: verdana, geneva\"><\/span><\/span><\/span><\/strong><\/span><\/p>\n<p><\/p>\n<p><span style=\"font-family: verdana, geneva;font-size: medium\" data-mce-mark=\"1\"><strong>In anthologies and magazines\u00a0<\/strong><\/span><\/p>\n<p><span style=\"font-family: verdana,geneva\"><strong><em>English<br><\/em>Logisticians Anonymous<\/strong>. Translated by Christopher Moseley. \u2013 Best European Fiction 2012. Edited by Aleksandar Hemon, preface by Nicole Krauss. Champaign, Dublin, London: Dalkey Archive Press, 2011, 440 pp. [<span style=\"font-family: verdana,geneva\">\u2018Anon\u00fc\u00fcmsed logistikud\u2019.]<\/span><strong><em><br><\/em><\/strong><\/span><\/p>\n<p><span style=\"font-family: verdana,geneva\"><span style=\"font-family: verdana,geneva\"><strong><em>Finnish<\/em><\/strong><br><strong>Muistikatko<\/strong>. \u2013 Nippernaati: virolaisen kirjallisuuden antologia, no 1. P\u00e4\u00e4toimittaja Sanna Immanen. [Helsinki]: Viro-instituutti, 2015, 166 pp. [\u2019M\u00e4lukas\u2019. Contents: Meelis Friedenthal, \u2019Katkelmia romaanista <em>Mehil\u00e4iset<\/em>\u2019 (excerpt from \u2019Mesilased\u2019);<em> <\/em>Maarja Kangro, \u2019Atropoksen Opel Meriva\u2019 (\u2019Atropose Opel Meriva\u2019); Urmas Vadi, \u2019Is\u00e4n kuolema\u2019 (\u2019Isa surm\u2019); Andrei Ivanov, \u2019Katkelmia romaanista <em>Kourallinen tomua<\/em>\u2019 (excerpt from \u2019\u0413\u043e\u0440\u0441\u0442\u044c \u043f\u0440\u0430\u0445\u0430\u2019); P.I. Filimonov, Mit\u00e4 yksinkertaisimpia merkkij\u00e4rjestelmi\u00e4 (\u2019K\u00f5ige lihtsamad m\u00e4rgis\u00fcsteemid\u2019); Armin K\u00f5om\u00e4gi, \u2019Muistikatko\u2019 (\u2019M\u00e4lukas); Mait Vaik, \u2019Gruusialainen elokuva\u2019 (\u2019Gruusia film\u2019). Poems by Igor Kotjuh, Maarja P\u00e4rtna, Carolina Pihelgas and Aare Pilv.]<br><\/span><\/span><\/p>\n<p><span style=\"font-family: verdana,geneva\" data-mce-mark=\"1\"><strong><em>Hungarian<\/em><\/strong><br><strong>Anonim logisztikusok<\/strong>. Translated by Judit Andr\u00e1s. \u2013<\/span> <span style=\"font-family: verdana,geneva\" data-mce-mark=\"1\">Prae, no 3, 2010, pp 61-67. [\u2018Anon\u00fc\u00fcmsed logistikud\u2019. <span style=\"font-family: verdana,geneva\" data-mce-mark=\"1\">See\u00a0<\/span><a href=\"https:\/\/sisu.ut.ee\/ewod\/anthologies\/prae\"><strong>contents<\/strong><\/a><span style=\"font-family: verdana,geneva\" data-mce-mark=\"1\">\u00a0of the special edition of Estonian literature<\/span><span style=\"font-family: verdana,geneva\" data-mce-mark=\"1\">.<\/span>]<\/span><\/p>\n<p><span style=\"font-family: verdana, geneva\"><strong><em>Russian<\/em><\/strong><br>\u0410\u0440\u043c\u0438\u043d \u041a\u044b\u043e\u043c\u044f\u0433\u0438, <strong><a href=\"http:\/\/magazines.russ.ru\/october\/2015\/9\/23k.html\" target=\"_blank\" rel=\"noopener\">\u0421\u043a\u043e\u0440\u0430\u044f \u043f\u043e\u043c\u043e\u0449\u044c<\/a><\/strong>. \u0420\u0430\u0441\u0441\u043a\u0430\u0437. \u041f\u0435\u0440\u0435\u0432\u043e\u0434 \u0412\u0435\u0440\u044b \u041f\u0440\u043e\u0445\u043e\u0440\u043e\u0432\u043e\u0439. \u2013 <a href=\"http:\/\/magazines.russ.ru\/october\/2015\/9\/\" target=\"_blank\" rel=\"noopener\">\u041e\u043a\u0442\u044f\u0431\u0440\u044c, No 9, 2015<\/a>. \u0411\u0435\u0440\u0435\u0433 \u043b\u0438\u0442\u0435\u0440\u0430\u0442\u0443\u0440\u044b. \u041d\u043e\u0432\u043e\u0435 \u0441\u043b\u043e\u0432\u043e \u041b\u0430\u0442\u0432\u0438\u0438, \u041b\u0438\u0442\u0432\u044b, \u042d\u0441\u0442\u043e\u043d\u0438\u0438. [<span style=\"font-family: verdana, geneva\">\u2019Kiirabi\u2019.\u00a0<\/span>See <strong><a href=\"https:\/\/sisu.ut.ee\/ewod\/anthologies\/oktjabr\">contents<\/a><\/strong> of the special edition.]<br><\/span><\/p>\n","protected":false},"excerpt":{"rendered":"<p>Books Russian\u0414\u0435\u0431\u0438\u043b. Translated by Vera Prohhorova. Tallinn: Eesti Kultuurikeskus Vene ents\u00fcklopeedia, 2014, 232 pp. In anthologies and magazines\u00a0 EnglishLogisticians Anonymous. Translated by Christopher Moseley. \u2013 Best European Fiction 2012. Edited by Aleksandar Hemon, preface by Nicole Krauss. Champaign, Dublin, London: &#8230;<\/p>\n","protected":false},"author":43,"featured_media":0,"parent":1258,"menu_order":0,"comment_status":"closed","ping_status":"closed","template":"","meta":{"_acf_changed":false,"inline_featured_image":false,"footnotes":""},"class_list":["post-1267","page","type-page","status-publish","hentry"],"acf":[],"_links":{"self":[{"href":"https:\/\/sisu.ut.ee\/ewod\/wp-json\/wp\/v2\/pages\/1267","targetHints":{"allow":["GET"]}}],"collection":[{"href":"https:\/\/sisu.ut.ee\/ewod\/wp-json\/wp\/v2\/pages"}],"about":[{"href":"https:\/\/sisu.ut.ee\/ewod\/wp-json\/wp\/v2\/types\/page"}],"author":[{"embeddable":true,"href":"https:\/\/sisu.ut.ee\/ewod\/wp-json\/wp\/v2\/users\/43"}],"replies":[{"embeddable":true,"href":"https:\/\/sisu.ut.ee\/ewod\/wp-json\/wp\/v2\/comments?post=1267"}],"version-history":[{"count":1,"href":"https:\/\/sisu.ut.ee\/ewod\/wp-json\/wp\/v2\/pages\/1267\/revisions"}],"predecessor-version":[{"id":3817,"href":"https:\/\/sisu.ut.ee\/ewod\/wp-json\/wp\/v2\/pages\/1267\/revisions\/3817"}],"up":[{"embeddable":true,"href":"https:\/\/sisu.ut.ee\/ewod\/wp-json\/wp\/v2\/pages\/1258"}],"wp:attachment":[{"href":"https:\/\/sisu.ut.ee\/ewod\/wp-json\/wp\/v2\/media?parent=1267"}],"curies":[{"name":"wp","href":"https:\/\/api.w.org\/{rel}","templated":true}]}}