{"id":1265,"date":"2024-04-03T23:41:03","date_gmt":"2024-04-03T20:41:03","guid":{"rendered":"https:\/\/sisu.ut.ee\/ewod\/hupel\/"},"modified":"2024-04-04T00:07:44","modified_gmt":"2024-04-03T21:07:44","slug":"hupel","status":"publish","type":"page","link":"https:\/\/sisu.ut.ee\/ewod\/h\/hupel\/","title":{"rendered":"August Wilhelm Hupel"},"content":{"rendered":"<p>\n\t<strong><span style=\"font-size:16px\"><span style=\"font-family:Verdana,Geneva,sans-serif\"><a data-url=\"https:\/\/sisu.ut.ee\/ewod\/h\/hupel\/works\" href=\"https:\/\/sisu.ut.ee\/ewod\/h\/hupel\/works\" title=\"\">Works <\/a><a href=\"https:\/\/sisu.ut.ee\/wp-content\/uploads\/sites\/108\/a.w._hupel.jpg\" target=\"_self\" rel=\"noopener\"><img decoding=\"async\" alt=\"A. W. Hupel\" src=\"https:\/\/sisu.ut.ee\/wp-content\/uploads\/sites\/108\/a.w._hupel.jpg\" style=\"float: right;width: 200px;height: 300px\"><\/a><\/span><\/span><\/strong>\n<\/p>\n<p>\u00a0\n<\/p>\n<p>\n\t<span style=\"font-size:13px\"><span style=\"font-family:Verdana,Geneva,sans-serif\">August Wilhelm Hupel (25.\/14. II 1737 \u2013 07. II \/ 26. I 1819) was a German born theologist, linguist and enlightenment era figure. In Estonian culture, he is mainly known as the publisher of the first Estonian language magazine <em>L\u00fchhike \u00d6ppetus<\/em> [\u2018A Short Teaching\u2019].<\/span><\/span>\n<\/p>\n<p>\n\t<span style=\"font-size:13px\"><span style=\"font-family:Verdana,Geneva,sans-serif\">Hupel was born in Buttelstedt in the Saxe-Weimar duchy to a pastor\u2019s family. He studied at Weimar Gymnasium, after which he studied mostly theology at the University of Jena from 1754-1757. In 1757, he accepted the position of a home tutor somewhere in Viljandi or Tartu county. From 1758, he worked at \u00c4ksi parish. In 1760, he became the pastor of \u00c4ksi and in 1764, of P\u00f5ltsamaa. The decades Hupel spent living in P\u00f5ltsamaa gave him the opportunity to actively pursue sciences and publishing in addition to his clerical career. He was the organizer of a reading club for local intellectuals in P\u00f5ltsamaa, which was active for more than 30 years. Hupel\u2019s friend, a publisher and a book salesman, Johann Friedrich Hartknoch helped keep Hupel and his circle of intellectuals up to date with European culture by providing him with new literature. In 1805, Hupel relocated to Paide where he continued his clerical activity and also contributed to J. H. Rosenpl\u00e4nter\u2019s magazine <em>Beitr\u00e4ge zur genauern Kenntni\u00df der ehstnischen Sprache<\/em> (published from 1813-1832) that was dedicated to studying the Estonian language. Hupel is buried at Reopalu cemetery in Paide, the exact grave site remains unknown but there is a memorial stone.<\/span><\/span>\n<\/p>\n<p>\n\t<span style=\"font-size:13px\"><span style=\"font-family:Verdana,Geneva,sans-serif\">As a rationalist, Hupel helped advance local education and economics and considered the Estonian peasant to have as much development potential as the Germans. Much like other enlightenment era intellectuals of the time he did not question the social system of the time. He thought very highly of the enlightened absolutism of the Russian empress Catherine the Great. He also strongly disapproved of the French Revolution.<\/span><\/span>\n<\/p>\n<p>\n\t<span style=\"font-size:13px\"><span style=\"font-family:Verdana,Geneva,sans-serif\">Hupel became known as a man of letters after he translated into Estonian the popular medicine magazine <em>L\u00fchhike \u00d6ppetus<\/em> by the P\u00f5ltsamaa doctor and publisher Peter Ernst Wilde. 41 editions of the magazine were published from 1766-1767. In addition to medical advice, the magazine offered advice on farming and other practical issues, cautioned against superstition and alcoholism, etc. In 1771, Hupel translated Wilde\u2019s other popular medicine manuscript into Estonian, entitled <em>Arsti ramat nende juhhatamiseks, kes tahtwad t\u00f6bbed \u00e4rra-arwada ning parrandada<\/em>\u00a0(\u2018A Doctor\u2019s Guide to Those Who Wish to Diagnose and Heal Illness\u2019). Despite his many Germanisms, Hupel\u2019s Estonian was quite good, his vocabulary colloquial and nuanced. He also invented many new medical terms. In 1780, he published the <em>Ehstnische Sprachlehre<\/em> which contained both North and South Estonia grammar and an extensive dictionary (17,000 words; the updated reprint of 1819 had about 20,000 words). However, Hupel\u2019s works on the Estonian language are not very original as they rely on the grammar book and dictionary of Anton Thor Helle. Hupel was also a collector of Estonian folk songs, six of which were also published in the second volume of the anthology <em>Volkslieder<\/em>\u00a0(1779) by J. G. Herder. This makes Hupel one of the first introducers of Estonian folklore on the international arena. The songs collected by Hupel were given to Herder by the aforementioned publisher J. F. Hartknoch in Riga who was also friend of Herder and the publisher of a number of his works (including his most important <em>Ideen zur Philosophie der Geschichte der Menschheit<\/em>.)<\/span><\/span>\n<\/p>\n<p>\n\t<span style=\"font-size:13px\"><span style=\"font-family:Verdana,Geneva,sans-serif\">As an author, Hupel was still most active in the German language. The four-volume <em>Topographische Nachrichten von Lief- und Ehstland<\/em> (\u2018Topographical notes from Livonia and Estonia\u2019, 1774-1789) may be considered his main work. Hupel\u2019s \u2018Topography\u2019 is an extensive work that provides a thorough overview of the nature, administrative system, economics, etc. of Livonia and Estonia, in addition to a detailed overview of the life of Estonian and Latvian peasants. In 1781, Hupel founded the magazine <em>Nordische Miscellaneen<\/em>\u00a0(\u2018Nordic Miscellanea\u2019), that became <em>Neue Nordische Miscellaneen<\/em>\u00a0(\u2018New Nordic Miscellanea\u2019) in 1792. The magazine was closed down in 1789 due to the harsher censorship laws of czar Paul I of Russia.<\/span><\/span>\n<\/p>\n<p>\n\t<span style=\"font-size:13px\"><span style=\"font-family:Verdana,Geneva,sans-serif\">Hupel also wrote many works on theology, philosophy, agriculture, psychology and politics. Among other things, he also wrote hundreds of book reviews for the influential German review magazine <em>Allgemeine Deutsche Bibliothek<\/em>\u00a0from 1773-1797. He contributed to other magazines as well.<\/span><\/span>\n<\/p>\n<p>\n\t<span style=\"font-size:13px\"><em><span style=\"font-family:Verdana,Geneva,sans-serif\">S. V. (Translated by A. S.)<\/span><\/em><\/span>\n<\/p>\n<p><span style=\"font-size:16px\"><span style=\"font-family:Verdana,Geneva,sans-serif\"><strong>Works in Estonian<\/strong><\/span><\/span>\n<\/p>\n<p>\n\t<span style=\"font-size:13px\"><span style=\"font-family:Verdana,Geneva,sans-serif\"><strong><em>Journals<\/em><\/strong><br><strong>L\u00fchhike \u00f6ppetus <\/strong>mis sees monned head rohhud t\u00e4eda antakse, ni h\u00e4sti innimeste kui ka weiste haigusse ning wiggaduste wasto, et se kellel tarwis on, woib moista, kuida temma peab nou otsima ning mis tulleb t\u00e4hhele panna igga haigusse jures. Selle k\u00f6rwas on weel muud head nouud, \u00f6ppetussed ning maenitsussed leida, keik meie Eesti ma rahwa kassuks ning siggidusseka \u00fcllespantud. P\u00f6ltsamaa: [P. E. Wilde], 1766. [K\u00e4ttesaadav: <a data-url=\"http:\/\/www.digar.ee\/id\/nlib-digar:120574\" href=\"http:\/\/www.digar.ee\/id\/nlib-digar:120574\" target=\"_blank\" title=\"\" rel=\"noopener\">http:\/\/www.digar.ee\/id\/nlib-digar:120574<\/a>.]<\/span><\/span><\/p>\n<p><strong style=\"font-family: Verdana, Geneva, sans-serif\"><em>About August Wilhelm Hupel<\/em><\/strong><br><span style=\"font-family: Verdana, Geneva, sans-serif\">Indrek J\u00fcrjo, <\/span><strong style=\"font-family: Verdana, Geneva, sans-serif\">Liivimaa valgustaja August Wilhelm Hupel 1737-1819<\/strong><span style=\"font-family: Verdana, Geneva, sans-serif\">. Tallinn: Riigiarhiiv, 2004, 556 lk.<\/span><\/p>\n","protected":false},"excerpt":{"rendered":"<p>Works \u00a0 August Wilhelm Hupel (25.\/14. II 1737 \u2013 07. II \/ 26. I 1819) was a German born theologist, linguist and enlightenment era figure. In Estonian culture, he is mainly known as the publisher of the first Estonian language &#8230;<\/p>\n","protected":false},"author":43,"featured_media":0,"parent":599,"menu_order":0,"comment_status":"closed","ping_status":"closed","template":"","meta":{"_acf_changed":false,"inline_featured_image":false,"footnotes":""},"class_list":["post-1265","page","type-page","status-publish","hentry"],"acf":[],"_links":{"self":[{"href":"https:\/\/sisu.ut.ee\/ewod\/wp-json\/wp\/v2\/pages\/1265","targetHints":{"allow":["GET"]}}],"collection":[{"href":"https:\/\/sisu.ut.ee\/ewod\/wp-json\/wp\/v2\/pages"}],"about":[{"href":"https:\/\/sisu.ut.ee\/ewod\/wp-json\/wp\/v2\/types\/page"}],"author":[{"embeddable":true,"href":"https:\/\/sisu.ut.ee\/ewod\/wp-json\/wp\/v2\/users\/43"}],"replies":[{"embeddable":true,"href":"https:\/\/sisu.ut.ee\/ewod\/wp-json\/wp\/v2\/comments?post=1265"}],"version-history":[{"count":1,"href":"https:\/\/sisu.ut.ee\/ewod\/wp-json\/wp\/v2\/pages\/1265\/revisions"}],"predecessor-version":[{"id":3815,"href":"https:\/\/sisu.ut.ee\/ewod\/wp-json\/wp\/v2\/pages\/1265\/revisions\/3815"}],"up":[{"embeddable":true,"href":"https:\/\/sisu.ut.ee\/ewod\/wp-json\/wp\/v2\/pages\/599"}],"wp:attachment":[{"href":"https:\/\/sisu.ut.ee\/ewod\/wp-json\/wp\/v2\/media?parent=1265"}],"curies":[{"name":"wp","href":"https:\/\/api.w.org\/{rel}","templated":true}]}}