{"id":1220,"date":"2024-04-03T23:40:59","date_gmt":"2024-04-03T20:40:59","guid":{"rendered":"https:\/\/sisu.ut.ee\/ewod\/heiberg\/"},"modified":"2024-04-04T00:07:51","modified_gmt":"2024-04-03T21:07:51","slug":"heiberg","status":"publish","type":"page","link":"https:\/\/sisu.ut.ee\/ewod\/h\/heiberg\/","title":{"rendered":"Marie Heiberg"},"content":{"rendered":"<p><a href=\"https:\/\/sisu.ut.ee\/ewod\/h\/heiberg\/poems\"><strong><span style=\"font-family: verdana, geneva;font-size: medium\" data-mce-mark=\"1\">Poems<\/span><\/strong><\/a><a href=\"https:\/\/sisu.ut.ee\/wp-content\/uploads\/sites\/108\/heiberg_marie.jpg\"><strong><span style=\"font-family: verdana, geneva;font-size: medium\" data-mce-mark=\"1\"><img loading=\"lazy\" decoding=\"async\" style=\"float: right;margin-left: 20px;margin-right: 20px\" src=\"\/wp-content\/uploads\/sites\/108\/heiberg_marie.jpg\" alt=\"Marie Heiberg\" width=\"200\" height=\"280\"><\/span><\/strong><\/a><\/p>\n<p><strong><span style=\"font-family: verdana, geneva;font-size: medium\" data-mce-mark=\"1\"><\/span><\/strong><\/p>\n<p><span style=\"font-size: small\"><span style=\"font-family: verdana,geneva\" data-mce-mark=\"1\">Marie Heiberg (10. IX 1890 \u2013 15. II 1942) was a poet who also wrote short prose works. A representative of early 20th-century Estonian neo-romanticism, she began her creative journey while very young, but serious illness brought it to a premature end. <\/span><span style=\"font-family: verdana,geneva\" data-mce-mark=\"1\"><br>\u00a0<br>Heiberg was born in Urvaste parish in V\u00f5ru County and attended Urvaste primary school; her subsequent studies were somewhat erratic. In 1907 she moved to Tartu, where she was active in the local literary and cultural life. She socialised with the members of the Noor-Eesti (Young Estonia) literary group, with whom she had already been in contact beforehand. Hoping to dedicate herself to creative work, she lived in very straitened circumstances, doing odd jobs when in dire need and occasionally contributing to the press. Inability to cope with day-to-day concerns, creative failures, and several personal misadventures all took a toll on the mental stability of the sensitive Heiberg. In 1919 the poet was taken for the first time to Seewald Psychiatric Clinic in Tallinn for treatment, after which she never fully recovered her health. In 1923 she was admitted to the same hospital again, and remained there with incurable schizophrenia for 20 years, until the end of her life. Heiberg died in Tallinn in 1942. \u00a0<br>\u00a0<br>Heiberg\u2019s talent was already evident in childhood. In 1905 the first poems and prose pieces by the 14-year-old \u201cprodigy\u201d were published in the magazine Linda. The following year saw the publication of Heiberg\u2019s first poetry collection, <em>Murelapse laulud<\/em> (\u2018Songs of a Child of Sorrow\u2019), which the Young Estonians Friedebert Tuglas and Gustav Suits helped to compile and polish. The debut collection was very well received on account of its youthfully fresh sentimental lyrics which revolve around high hopes and melancholy arising from an impending sense of their being unattainable. There are also moments of pure joy of life and optimistic visions of the future. The young author\u2019s mode of expression is spontaneous, at times reminiscent of Estonian folk song, at others in freer verse; there are a number of prose poems as well. <br>\u00a0<br>Unlike her debut collection, Heiberg\u2019s second book of poetry, <em>Luule<\/em> (\u2018Poetry\u2019, 1913), went practically unnoticed by the public. <em>Luule<\/em> reveals the author\u2019s matured awareness of form, but less simplicity and artlessness. Motifs familiar from the debut collection are repeated and elaborated in rather more complex fashion. Sadness still prevails, with an emphasis on loss, evanescence and death. Urban motifs and a sense of the precariousness of townspeople are new features. Poetry itself becomes the ideal and the source of enlightenment, creativity deemed higher than truth. Heiberg continued to write poetry from 1914\u20131918, most notably, reflections on life prompted by World War I, as well as lyric love poems. Some poems which remained in manuscript form are published in the posthumous selection <em>K\u00e4isin \u00fcksi t\u00e4hte valgel<\/em>\u00a0 (\u2018I Walked Alone in Starlight\u2019, 1988). <br>\u00a0<br>About twenty of Heiberg\u2019s short stories were published in the press. The romantic short story, <em>Elukevade<\/em> (\u2018The Spring of Life\u2019), which depicts the first love of a young girl with high ideals, mostly through the thoughts and feelings of the main character, appeared in print in a separate volume in 1910. Equally lyrical in tone is the collection of short prose pieces <em>Enne viimset p\u00e4eva<\/em> (\u2018Before Doomsday\u2019, 1914). The collection contains compositions and fairy tales made up of miniatures. These genres are very characteristic of Estonian neo-romanticist short fiction of the beginning of the 20th century, especially in the work of young authors.<\/span><\/span><\/p>\n<p><span style=\"font-size: small\"><span style=\"font-family: verdana,geneva\" data-mce-mark=\"1\"><em>E. S. (Translated by M. M.-K.)<\/em><br><\/span><span style=\"font-family: verdana,geneva\" data-mce-mark=\"1\"><br><\/span><strong><span style=\"font-family: verdana,geneva\" data-mce-mark=\"1\"><\/span><\/strong><\/span><\/p>\n<p><span style=\"font-size: medium\">Books in Estonian<\/span><\/p>\n<p><strong><em><span style=\"font-family: verdana, geneva;font-size: medium\"><span style=\"font-size: small\">Poems<\/span><\/span><\/em><\/strong><span style=\"font-family: verdana, geneva;font-size: medium\"><br><\/span><span style=\"font-family: verdana, geneva;font-size: small\"><strong>Mure-lapse laulud<\/strong>. Tartu: Noor-Eesti, 1906, 71 lk. [E-raamat: Tallinn: Digira, 2014<strong><\/strong>. K\u00e4ttesaadav: <a href=\"https:\/\/www.digar.ee\/arhiiv\/nlib-digar:213222\" target=\"_blank\" rel=\"noopener\">https:\/\/www.digar.ee\/arhiiv\/nlib-digar:213222<\/a>.]<br><strong>Luule<\/strong>. Tartu: 1913, 86 lk.<br><strong>K\u00e4isin \u00fcksi t\u00e4hte valgel<\/strong>. Koostanud ja j\u00e4rels\u00f5na Kajar Pruul. Tallinn: Eesti Raamat, 1988, 161 lk.<\/span><strong><span style=\"font-family: verdana, geneva;font-size: medium\"><br><\/span><\/strong><span style=\"font-family: verdana, geneva;font-size: medium\"><span style=\"font-size: small\"><strong>R\u00e4ndaja t\u00fctarlaps<\/strong>. Koostanud Hando Runnel, toimetanud Siiri Ombler, j\u00e4rels\u00f5na: Peeter Lindsaar. Tartu: Ilmamaa, 2017, 286 lk.<br><\/span><\/span><strong><span style=\"font-family: verdana, geneva;font-size: medium\"><br><\/span><\/strong><span style=\"font-family: verdana, geneva;font-size: small\"><strong><em>Short stories<\/em><\/strong><br><strong>Elukewade: Nowell<\/strong>. Tartu: Postimees, 1910. 84 lk.<br><strong>Enne viimset p\u00e4eva<\/strong>. Tartu 1914. 103 lk.<br><strong>\u00d5nnet\u00e4ht: uudis- ja m\u00f5istujutud<\/strong>. Koostanud Hando Runnel, toimetanud Liis Vaher. Tartu: Ilmamaa, 2017, 350 lk.<br><\/span><\/p>\n<p><span style=\"font-family: verdana, geneva;font-size: small\"><strong><em>Non-fiction<\/em><\/strong><br><strong>\u00dcks naine kurbade silmadega: Eesti luuletaja Marie Heibergi \u00f5nne ja valu, r\u00f5\u00f5mu ja mure lugu kirjades<\/strong>. Koostajad Iivi Lepik, Kirsten Simmo; lisatekstid: Iivi Lepik, Viivi Luik, Kirsten Simmo; toimetajad Katre Koit, Hedi Rosma. Tallinn: Eesti Teatri- ja Muusikamuuseum: SE &amp; JS, 2010, 262 lk + 1 CD. [Marie Heibergi kirjad Friedebert Tuglasele.]<\/span><\/p>\n","protected":false},"excerpt":{"rendered":"<p>Poems Marie Heiberg (10. IX 1890 \u2013 15. II 1942) was a poet who also wrote short prose works. A representative of early 20th-century Estonian neo-romanticism, she began her creative journey while very young, but serious illness brought it to &#8230;<\/p>\n","protected":false},"author":43,"featured_media":0,"parent":599,"menu_order":0,"comment_status":"closed","ping_status":"closed","template":"","meta":{"_acf_changed":false,"inline_featured_image":false,"footnotes":""},"class_list":["post-1220","page","type-page","status-publish","hentry"],"acf":[],"_links":{"self":[{"href":"https:\/\/sisu.ut.ee\/ewod\/wp-json\/wp\/v2\/pages\/1220","targetHints":{"allow":["GET"]}}],"collection":[{"href":"https:\/\/sisu.ut.ee\/ewod\/wp-json\/wp\/v2\/pages"}],"about":[{"href":"https:\/\/sisu.ut.ee\/ewod\/wp-json\/wp\/v2\/types\/page"}],"author":[{"embeddable":true,"href":"https:\/\/sisu.ut.ee\/ewod\/wp-json\/wp\/v2\/users\/43"}],"replies":[{"embeddable":true,"href":"https:\/\/sisu.ut.ee\/ewod\/wp-json\/wp\/v2\/comments?post=1220"}],"version-history":[{"count":1,"href":"https:\/\/sisu.ut.ee\/ewod\/wp-json\/wp\/v2\/pages\/1220\/revisions"}],"predecessor-version":[{"id":3852,"href":"https:\/\/sisu.ut.ee\/ewod\/wp-json\/wp\/v2\/pages\/1220\/revisions\/3852"}],"up":[{"embeddable":true,"href":"https:\/\/sisu.ut.ee\/ewod\/wp-json\/wp\/v2\/pages\/599"}],"wp:attachment":[{"href":"https:\/\/sisu.ut.ee\/ewod\/wp-json\/wp\/v2\/media?parent=1220"}],"curies":[{"name":"wp","href":"https:\/\/api.w.org\/{rel}","templated":true}]}}