{"id":122,"date":"2024-04-03T23:39:23","date_gmt":"2024-04-03T20:39:23","guid":{"rendered":"https:\/\/sisu.ut.ee\/ewod\/vilep\/"},"modified":"2026-04-07T16:08:01","modified_gmt":"2026-04-07T13:08:01","slug":"vilep","status":"publish","type":"page","link":"https:\/\/sisu.ut.ee\/ewod\/v\/vilep\/","title":{"rendered":"Heiki Vilep"},"content":{"rendered":"<figure class=\"wp-block-image alignright size-large is-resized\"><a href=\"https:\/\/sisu.ut.ee\/wp-content\/uploads\/sites\/108\/heiki_vilep_alar_madisson-scaled.jpg\"><img loading=\"lazy\" decoding=\"async\" width=\"681\" height=\"1024\" src=\"https:\/\/sisu.ut.ee\/wp-content\/uploads\/sites\/108\/heiki_vilep_alar_madisson-681x1024.jpg\" alt=\"Heiki Vilep\" class=\"wp-image-2564\" style=\"aspect-ratio:0.6650451260647844;width:219px;height:auto\" title=\"Photo: Alar Madisson\" srcset=\"https:\/\/sisu.ut.ee\/wp-content\/uploads\/sites\/108\/heiki_vilep_alar_madisson-681x1024.jpg 681w, https:\/\/sisu.ut.ee\/wp-content\/uploads\/sites\/108\/heiki_vilep_alar_madisson-200x300.jpg 200w, https:\/\/sisu.ut.ee\/wp-content\/uploads\/sites\/108\/heiki_vilep_alar_madisson-768x1154.jpg 768w, https:\/\/sisu.ut.ee\/wp-content\/uploads\/sites\/108\/heiki_vilep_alar_madisson-1022x1536.jpg 1022w, https:\/\/sisu.ut.ee\/wp-content\/uploads\/sites\/108\/heiki_vilep_alar_madisson-1363x2048.jpg 1363w, https:\/\/sisu.ut.ee\/wp-content\/uploads\/sites\/108\/heiki_vilep_alar_madisson-1920x2885.jpg 1920w, https:\/\/sisu.ut.ee\/wp-content\/uploads\/sites\/108\/heiki_vilep_alar_madisson-scaled.jpg 1703w\" sizes=\"auto, (max-width: 681px) 100vw, 681px\"><\/a><\/figure>\n\n\n\n<h5 class=\"wp-block-heading\"><a href=\"https:\/\/sisu.ut.ee\/ewod\/v\/vilep\/poems\/\" data-type=\"page\" data-id=\"132\"><strong>Children\u2019s poems<\/strong><\/a><\/h5>\n\n\n\n<h5 class=\"wp-block-heading\"><a href=\"https:\/\/sisu.ut.ee\/ewod\/v\/vilep\/stories\/\" data-type=\"page\" data-id=\"142\"><strong>Children\u2019s stories<\/strong><\/a><\/h5>\n\n\n\n<p>\u00a0<\/p>\n\n\n\n<p><span style=\"color: #000000;\"><span style=\"font-size: 13px;\"><span style=\"font-family: Verdana,Geneva,sans-serif;\"><span style=\"line-height: 108%;\"><span style=\"font-weight: normal;\">Heiki Vilep <\/span>(b. 27. III 1960) is a musician, writer, children\u2019s author and poet.<\/span><\/span><\/span><\/span><\/p>\n\n\n\n<p><span style=\"color: #000000;\"><span style=\"font-size: 13px;\"><span style=\"font-family: Verdana,Geneva,sans-serif;\"><span style=\"line-height: 108%;\">He was born in Tartu. After graduating from Tartu secondary school number 10, he continued his studies, initially in his home town, but left them unfinished, entered the army, and graduated from the Tallinn Pedagogical Institute as a mathematics teacher. He worked in a school for a very short time. For some years he worked as an engineer at the Tartu Vehicle Repair Experimental Factory. Thereafter he became a musician. He has played in several bands, as well as the house band at the Kaseke restaurant in Tartu. Heiki Vilep has been a member of the Estonian Writers\u2019 Union since 2003. <\/span><\/span><\/span><\/span><\/p>\n\n\n\n<p><span style=\"color: #000000;\"><span style=\"font-size: 13px;\"><span style=\"font-family: Verdana,Geneva,sans-serif;\"><span style=\"line-height: 108%;\">Books by Heiki Vilep started appearing at the beginning of the 21<sup>st<\/sup> century. His first book of poetry, <i>Alateadvuse alla <\/i>(\u2018Under the Subconscious\u2019, 2001) was intended mainly for adult readers. Later he became a prolific children\u2019s author. The subjects and moods of Vilep\u2019s children\u2019s books are homely and hearty. The verses telling in a child-friendly way of the details of everyday life are striking for their ingenious solutions. The best poems contain a particle of sadness, which gives them greater depth. <\/span><\/span><\/span><\/span><\/p>\n\n\n\n<p><span style=\"color: #000000;\"><span style=\"font-size: 13px;\"><span style=\"font-family: Verdana,Geneva,sans-serif;\"><span style=\"line-height: 108%;\">In 2003 he won the Karl Eduard S\u00f6\u00f6t prize for children\u2019s poetry for the book <i>Tere! <\/i>(Hello!). <\/span><\/span><\/span><\/span><\/p>\n\n\n\n<p><span style=\"color: #000000;\"><span style=\"font-size: 13px;\"><span style=\"font-family: Verdana,Geneva,sans-serif;\"><span style=\"line-height: 108%;\"><i>L. P. (Translated by C. M.)<\/i><\/span><\/span><\/span><\/span><br><\/p>\n\n\n\n<p><strong><span style=\"font-size: 16px;\"><span style=\"color: #000000;\"><span style=\"font-family: Verdana,Geneva,sans-serif;\"><span style=\"line-height: 108%;\"><span style=\"font-style: normal;\">Books in Estonian<\/span><\/span><\/span><\/span><\/span><\/strong><\/p>\n\n\n\n<p><span style=\"color: #000000;\"><span style=\"font-size: 13px;\"><span style=\"font-family: Verdana,Geneva,sans-serif;\"><span style=\"line-height: 108%;\"><em><b>Novels<\/b><\/em><br><strong>Hirm<\/strong>. Tartu: A-Disain, 2010. 265 lk.<br><strong>Saatuse m\u00e4ngud<\/strong>. Tartu: A-Disain, 2011. 187 lk.<\/span><\/span><\/span><\/span><\/p>\n\n\n\n<p><span style=\"color: #000000;\"><span style=\"font-size: 13px;\"><span style=\"font-family: Verdana,Geneva,sans-serif;\"><span style=\"line-height: 108%;\"><em><b>Poems<\/b><\/em><br><strong>Alateadvuse alla<\/strong>. Tartu: H. Vilep, 2001. 86 lk.<br><strong>Mind oli kaks<\/strong>: l\u00e4bil\u00f5ige luuleloomingust. Tartu: Vilep &amp; Vallik, 2006. 150 lk.<\/span><\/span><\/span><\/span><br><strong>Ajav\u00e4ljad<\/strong>. Tartu: Jutupesa kirjastus, 2024. 52 lk.<\/p>\n\n\n\n<p><span style=\"color: #000000;\"><span style=\"font-size: 13px;\"><span style=\"font-family: Verdana,Geneva,sans-serif;\"><span style=\"line-height: 108%;\"><em><b>Children\u2019s books<\/b><\/em><br><b>Tere!<\/b> Tartu: Sulemees, 2002. 53 lk.<br><b>Kapiukse kollid<\/b>. Jutustus. Tartu: Sulemees, 2003. 44 lk.<br><b>Minu laul<\/b>. Tartu: Sulemees, 2003. 55 lk.<br><b>Jani seiklused Varjudemaal<\/b>. Tartu: Sulemees, 2004. 53 lk.<br><b>Lendav \u00f5unapuu<\/b>. Tartu: Sulemees, 2004. 55 lk.<br><b>Vaikuse h\u00e4\u00e4led<\/b> [jutustus]. Tartu: Sulemees, 2004. 46 lk.<br><b>Liisu<\/b> [l\u00fchijutud]. Tartu: Vilep &amp; Vallik, 2005. 55 lk.<br><b>Tahaksin olla<\/b>. Tartu: Vilep &amp; Vallik, 2005. 54 lk.<br><b>Kapiukse kollid j\u00e4lle platsis<\/b>. Tartu: Vilep &amp; Vallik, 2006. 63 lk.<br><b>Liisu liivaaugus<\/b> [l\u00fchijutud]. Tartu: Vilep &amp; Vallik, 2006. 63 lk.<br><b>Roosa printsess<\/b> [jutustus]. Tartu: Vilep &amp; Vallik, 2006. 46 lk.<br><b>Katus s\u00f5idab<\/b>. Tartu: Vilep &amp; Vallik, 2007. 51 lk.<br><b>Liisu leiutab k\u00fc\u00fcnlapuhuja<\/b> [l\u00fchijutud]. Tartu: Vilep &amp; Vallik, 2007. 61 lk.<br><b>Padjas\u00f5da<\/b>. Tallinn: TEA Kirjastus, 2007. 61 lk.<br><b>Horlok ja \u00dcrgv\u00e4rava v\u00f5ti<\/b>. Tartu: A-Disain, 2008. 412 lk.<br><b>Kellak\u00e4gu<\/b>. Tallinn: TEA Kirjastus, 2008. 44 lk.<br><b>Kurjajuurikas, Kitupunn ja Pugeja<\/b>. Tartu: A-Disain, 2008. 56 lk.<br><b>Une-Mati udujutud<\/b>. Tartu: A-Disain, 2008. 63 lk.<br><b>Habemega nali<\/b>. Tartu: A-Disain, 2009. 56 lk.<br><b>Kapiukse kollid planeedil X<\/b>. Tartu: A-Disain, 2009. 55 lk.<br><b>N\u00f5iutud linn<\/b>. Tartu: A-Disain, 2009. 44 lk.<br><b>50 juttu ja luuletust v\u00e4ikestele s\u00f5pradele<\/b>. Tartu: A-Disain, 2010. 240 lk.<br><b>Liisu ja hullumaja puhvet <\/b>[l\u00fchijutud]. Tartu: A-Disain, 2010. 56 lk.<br><b>Puupeapuu<\/b>. Tartu: A-Disain, 2011. 58 lk.<br><b>\u00dcle p\u00f5hjatu kuristiku<\/b>. Tartu: A-Disain, 2011. 160 lk.<br><b>J\u00f5ks ja viis imelist p\u00e4eva<\/b>. Tartu: A-Disain, 2012. 112 lk.<br><b>J\u00f5ksi r\u00e4nnakud J\u00f5gevamaal<\/b>. Tartu: A-Disain, 2014. 96 lk.<br><b>Une-Mati uued udujutud<\/b>. Tartu: A-Disain, 2015. 55 lk.<br><b>Villiam<\/b>. Tartu: A-Disain, 2015. 56 lk.<br><b>J\u00f5ks Matemaatikamaal<\/b>. Tartu: H. Vilep, 2016. 91 lk.<br><b>Une-Mati v\u00e4ga uued udujutud<\/b>. Tartu: A-Disain, 2016. 63 lk.<br><b>T\u00e4hes\u00e4ra<\/b>. Tartu: H. Vilep, 2017. 52 lk.<br><b>Une-Mati viimased udujutud<\/b>. Tartu: A-Disain, 2018. 57 lk.<br><b>P\u00e4ike p\u00f5ues<\/b>. Tartu: H. Vilep, 2019. 389 lk. [Kogutud lasteluule.]<br><b>Une-Mati ajab udujuttu<\/b>. Tartu: H. Vilep, 2019. 228 lk.<br><b>Unen\u00e4gude Kaitsjad<\/b>. Tartu: A-Disain, 2019. 54 lk.<\/span><\/span><\/span><\/span><br><span style=\"color: #000000;\"><span style=\"font-size: 13px;\"><span style=\"font-family: Verdana,Geneva,sans-serif;\"><span style=\"line-height: 108%;\"><strong>60 juttu<\/strong>: juubelikogumik. Tartu: Jutupesa kirjastus, 2020. 272 lk.<\/span><\/span><\/span><\/span><br><strong>N\u00fcffia. 1. Naer p\u00e4\u00e4stab maailma<\/strong>. Tartu: Jutupesa kirjastus, 2020, 64 lk.<br><strong>N\u00fcffia. 2. T\u00e4hti on liiga palju<\/strong>. Tartu: Jutupesa kirjastus, 2021, 56 lk.<br><strong>N\u00fcffia. 3. Tuld saab elus hoida<\/strong>. Saateks lapsevanemale: Meelis S\u00fctt. Tartu: Jutupesa kirjastus, 2022, 59 lk.<br><strong>Ruperti jutupesa: rohelised lood<\/strong>. Tartu: Jutupesa kirjastus, 2024, 51 lk.<br><strong>V\u00e4ike j\u00f5uluraamat<\/strong>. Tartu: Jutupesa kirjastus, 2024, 78 lk.<br><strong>Une-Mati kiiksulood<\/strong>. Tartu: Jutupesa kirjastus, 2025, 65 lk.<br><strong>Une-Mati uued kiiksulood<\/strong>. Tartu: Jutupesa kirjastus, 2026.<\/p>\n","protected":false},"excerpt":{"rendered":"<p>Children\u2019s poems Children\u2019s stories \u00a0 Heiki Vilep (b. 27. III 1960) is a musician, writer, children\u2019s author and poet. He was born in Tartu. After graduating from Tartu secondary school number 10, he continued his studies, initially in his home &#8230;<\/p>\n","protected":false},"author":43,"featured_media":0,"parent":733,"menu_order":0,"comment_status":"closed","ping_status":"closed","template":"","meta":{"_acf_changed":false,"inline_featured_image":false,"footnotes":""},"class_list":["post-122","page","type-page","status-publish","hentry"],"acf":[],"_links":{"self":[{"href":"https:\/\/sisu.ut.ee\/ewod\/wp-json\/wp\/v2\/pages\/122","targetHints":{"allow":["GET"]}}],"collection":[{"href":"https:\/\/sisu.ut.ee\/ewod\/wp-json\/wp\/v2\/pages"}],"about":[{"href":"https:\/\/sisu.ut.ee\/ewod\/wp-json\/wp\/v2\/types\/page"}],"author":[{"embeddable":true,"href":"https:\/\/sisu.ut.ee\/ewod\/wp-json\/wp\/v2\/users\/43"}],"replies":[{"embeddable":true,"href":"https:\/\/sisu.ut.ee\/ewod\/wp-json\/wp\/v2\/comments?post=122"}],"version-history":[{"count":5,"href":"https:\/\/sisu.ut.ee\/ewod\/wp-json\/wp\/v2\/pages\/122\/revisions"}],"predecessor-version":[{"id":7911,"href":"https:\/\/sisu.ut.ee\/ewod\/wp-json\/wp\/v2\/pages\/122\/revisions\/7911"}],"up":[{"embeddable":true,"href":"https:\/\/sisu.ut.ee\/ewod\/wp-json\/wp\/v2\/pages\/733"}],"wp:attachment":[{"href":"https:\/\/sisu.ut.ee\/ewod\/wp-json\/wp\/v2\/media?parent=122"}],"curies":[{"name":"wp","href":"https:\/\/api.w.org\/{rel}","templated":true}]}}