{"id":1178,"date":"2024-04-03T23:40:55","date_gmt":"2024-04-03T20:40:55","guid":{"rendered":"https:\/\/sisu.ut.ee\/ewod\/joonas\/"},"modified":"2024-04-04T00:07:58","modified_gmt":"2024-04-03T21:07:58","slug":"joonas","status":"publish","type":"page","link":"https:\/\/sisu.ut.ee\/ewod\/j\/joonas\/","title":{"rendered":"\u041b\u0430\u0440\u0438\u0441\u0430 \u0419\u043e\u043e\u043d\u0430\u0441 (Larissa Joonas)"},"content":{"rendered":"<p>\n\t<a href=\"https:\/\/sisu.ut.ee\/ewod\/j\/joonas\/poems\"><strong><span style=\"font-family: verdana, geneva;font-size: medium\">Poems<\/span><\/strong><\/a>\n<\/p>\n<p><span style=\"color:#000000\"><span style=\"font-family:Verdana,Geneva,sans-serif\"><strong><span style=\"font-size:16px\">Books in Russian<\/span><\/strong><\/span><\/span>\n<\/p>\n<p>\n\t<span style=\"color:#000000\"><span style=\"font-size:13px\"><span style=\"font-family:Verdana,Geneva,sans-serif\"><strong><em>Poems<\/em><br>\u041f\u0443\u0441\u0442\u043e\u0448\u0438 \u0444\u043b\u0430\u0439\u0442\u0440\u0430\u0434\u0430\u0440\u0430<\/strong>. \u041a\u043d\u0438\u0433\u0430 \u0441\u0442\u0438\u0445\u043e\u0432. \u041c\u043e\u0441\u043a\u0432\u0430: \u041a\u043d\u0438\u0436\u043d\u043e\u0435 \u043e\u0431\u043e\u0437\u0440\u0435\u043d\u0438\u0435 (\u0410\u0420\u0413\u041e-\u0420\u0418\u0421\u041a), 2021, 135 \u0441\u0442\u0440.<br><strong>\u0427\u0435\u043b\u043e\u0432\u0435\u0447\u0435\u0441\u043a\u043e\u0435 \u043a\u0438\u043d\u043e<\/strong>. \u0418\u0437\u0434\u0430\u0442\u0435\u043b\u044c\u0441\u043a\u0438\u0439 \u043f\u0440\u043e\u0435\u043a\u0442 BOREY BOOKS: \u044d\u043b\u0435\u043a\u0442\u0440\u043e\u043d\u043d\u044b\u0435 \u0438 \u0430\u0443\u0434\u0438\u043e\u043a\u043d\u0438\u0433\u0438 \u0432 \u0430\u0432\u0442\u043e\u0440\u0441\u043a\u043e\u043c \u0438\u0441\u043f\u043e\u043b\u043d\u0435\u043d\u0438\u0438. \u0421\u041f\u0431.: \u0438\u0437\u0434\u0430\u0442\u0435\u043b\u044c\u0441\u0442\u0432\u043e \u00ab\u0411\u043e\u0440\u0435\u0439 \u0410\u0440\u0442\u00bb, 2020, 30 \u0441\u0442\u0440.<br><strong>\u041c\u0438\u0440\u043e\u0432\u043e\u0435 \u0441\u043b\u043e\u0432\u0435\u0441\u043d\u043e\u0435 \u044d\u043b\u0435\u043a\u0442\u0440\u0438\u0447\u0435\u0441\u0442\u0432\u043e<\/strong>. \u0427\u0435\u0431\u043e\u043a\u0441\u0430\u0440\u044b: Free Poetry, 2019, 72 \u0441\u0442\u0440.<br><strong>\u041a\u043e\u0434\u0443\u043c\u0430\u0430<\/strong>. \u041c\u043e\u0441\u043a\u0432\u0430: \u0420\u0443\u0441\u0441\u043a\u0438\u0439 \u0413\u0443\u043b\u043b\u0438\u0432\u0435\u0440, 2017, 114 \u0441\u0442\u0440.<br><strong>\u041c\u043b\u0430\u0434\u0435\u043d\u0446\u044b \u0431\u0435\u0437\u0443\u043c\u043d\u043e\u0433\u043e \u0433\u0440\u0430\u0434\u0430<\/strong>. Ridero, 2017, 66 \u0441\u0442\u0440.<br><strong>\u0421\u0430\u043c\u044b\u0439 \u0431\u0435\u043b\u044b\u0439 \u0441\u0432\u0435\u0442<\/strong>. \u0421\u0442\u0438\u0445\u0438 \u0438 \u043f\u0440\u043e\u0437\u0430. \u041c\u043e\u0441\u043a\u0432\u0430: Memories, 2006, 122 \u0441\u0442\u0440.<\/span><\/span><\/span>\n<\/p>\n<p>\n\t<span style=\"color:#000000\"><span style=\"font-size:13px\"><span style=\"font-family:Verdana,Geneva,sans-serif\"><strong><em>Prose<\/em><\/strong><br><strong>\u0421\u0430\u043c\u044b\u0439 \u0431\u0435\u043b\u044b\u0439 \u0441\u0432\u0435\u0442<\/strong>. \u0421\u0442\u0438\u0445\u0438 \u0438 \u043f\u0440\u043e\u0437\u0430. \u041c\u043e\u0441\u043a\u0432\u0430: Memories, 2006, 122 pp.<\/span><\/span><\/span><br>\u00a0\n<\/p>\n<p>\n\t<span style=\"color:#000000\"><strong><span style=\"font-size:16px\"><span style=\"font-family:Verdana,Geneva,sans-serif\">Books in Estonian<\/span><\/span><\/strong><\/span>\n<\/p>\n<p>\n\t<span style=\"color:#000000\"><span style=\"font-size:13px\"><span style=\"font-family:Verdana,Geneva,sans-serif\"><strong><em>Poems<\/em><\/strong><br><strong>Ar\u00fctmia v\u00f5i \u00f6\u00f6bikud<\/strong>. T\u00f5lkinud Aare Pilv. Tallinn: Tuum, 2020, 159 lk.<\/span><\/span><\/span><\/p>\n","protected":false},"excerpt":{"rendered":"<p>Poems Books in Russian Poems\u041f\u0443\u0441\u0442\u043e\u0448\u0438 \u0444\u043b\u0430\u0439\u0442\u0440\u0430\u0434\u0430\u0440\u0430. \u041a\u043d\u0438\u0433\u0430 \u0441\u0442\u0438\u0445\u043e\u0432. \u041c\u043e\u0441\u043a\u0432\u0430: \u041a\u043d\u0438\u0436\u043d\u043e\u0435 \u043e\u0431\u043e\u0437\u0440\u0435\u043d\u0438\u0435 (\u0410\u0420\u0413\u041e-\u0420\u0418\u0421\u041a), 2021, 135 \u0441\u0442\u0440.\u0427\u0435\u043b\u043e\u0432\u0435\u0447\u0435\u0441\u043a\u043e\u0435 \u043a\u0438\u043d\u043e. \u0418\u0437\u0434\u0430\u0442\u0435\u043b\u044c\u0441\u043a\u0438\u0439 \u043f\u0440\u043e\u0435\u043a\u0442 BOREY BOOKS: \u044d\u043b\u0435\u043a\u0442\u0440\u043e\u043d\u043d\u044b\u0435 \u0438 \u0430\u0443\u0434\u0438\u043e\u043a\u043d\u0438\u0433\u0438 \u0432 \u0430\u0432\u0442\u043e\u0440\u0441\u043a\u043e\u043c \u0438\u0441\u043f\u043e\u043b\u043d\u0435\u043d\u0438\u0438. \u0421\u041f\u0431.: \u0438\u0437\u0434\u0430\u0442\u0435\u043b\u044c\u0441\u0442\u0432\u043e \u00ab\u0411\u043e\u0440\u0435\u0439 \u0410\u0440\u0442\u00bb, 2020, 30 \u0441\u0442\u0440.\u041c\u0438\u0440\u043e\u0432\u043e\u0435 \u0441\u043b\u043e\u0432\u0435\u0441\u043d\u043e\u0435 \u044d\u043b\u0435\u043a\u0442\u0440\u0438\u0447\u0435\u0441\u0442\u0432\u043e. \u0427\u0435\u0431\u043e\u043a\u0441\u0430\u0440\u044b: Free Poetry, 2019, 72 &#8230;<\/p>\n","protected":false},"author":43,"featured_media":0,"parent":620,"menu_order":0,"comment_status":"closed","ping_status":"closed","template":"","meta":{"_acf_changed":false,"inline_featured_image":false,"footnotes":""},"class_list":["post-1178","page","type-page","status-publish","hentry"],"acf":[],"_links":{"self":[{"href":"https:\/\/sisu.ut.ee\/ewod\/wp-json\/wp\/v2\/pages\/1178","targetHints":{"allow":["GET"]}}],"collection":[{"href":"https:\/\/sisu.ut.ee\/ewod\/wp-json\/wp\/v2\/pages"}],"about":[{"href":"https:\/\/sisu.ut.ee\/ewod\/wp-json\/wp\/v2\/types\/page"}],"author":[{"embeddable":true,"href":"https:\/\/sisu.ut.ee\/ewod\/wp-json\/wp\/v2\/users\/43"}],"replies":[{"embeddable":true,"href":"https:\/\/sisu.ut.ee\/ewod\/wp-json\/wp\/v2\/comments?post=1178"}],"version-history":[{"count":1,"href":"https:\/\/sisu.ut.ee\/ewod\/wp-json\/wp\/v2\/pages\/1178\/revisions"}],"predecessor-version":[{"id":3896,"href":"https:\/\/sisu.ut.ee\/ewod\/wp-json\/wp\/v2\/pages\/1178\/revisions\/3896"}],"up":[{"embeddable":true,"href":"https:\/\/sisu.ut.ee\/ewod\/wp-json\/wp\/v2\/pages\/620"}],"wp:attachment":[{"href":"https:\/\/sisu.ut.ee\/ewod\/wp-json\/wp\/v2\/media?parent=1178"}],"curies":[{"name":"wp","href":"https:\/\/api.w.org\/{rel}","templated":true}]}}