{"id":1138,"date":"2024-04-03T23:40:51","date_gmt":"2024-04-03T20:40:51","guid":{"rendered":"https:\/\/sisu.ut.ee\/ewod\/laks\/"},"modified":"2024-04-04T00:08:06","modified_gmt":"2024-04-03T21:08:06","slug":"laks","status":"publish","type":"page","link":"https:\/\/sisu.ut.ee\/ewod\/l\/laks\/","title":{"rendered":"Helena L\u00e4ks"},"content":{"rendered":"<p>\n\t<a href=\"https:\/\/sisu.ut.ee\/ewod\/l\/laks\/poems\"><strong><span style=\"font-size: medium;font-family: verdana, geneva\">Poems<\/span><\/strong><\/a>\n<\/p>\n<p><span style=\"color:#000000\"><span style=\"font-size:13px\"><span style=\"font-family:Verdana,Geneva,sans-serif\">Helena L\u00e4ks (born 4 September 1987) is a poet, editor, translator and publisher.<\/span><\/span><\/span>\n<\/p>\n<p>\n\t<span style=\"color:#000000\"><span style=\"font-size:13px\"><span style=\"font-family:Verdana,Geneva,sans-serif\">L\u00e4ks was born in Kuressaare and studied philosophy and theology at the University of Tartu. From March 2022, she has been working as literary editor at the Estonian Theatre for Young Audiences. She is a member of the Estonian Writers\u2019 Union from 2015.<\/span><\/span><\/span>\n<\/p>\n<p>\n\t<span style=\"color:#000000\"><span style=\"font-size:13px\"><span style=\"font-family:Verdana,Geneva,sans-serif\">L\u00e4ks\u2019 debut collection of poetry <em>Helena l\u00e4ks<\/em> (\u2018Helena Went\u2019) appeared at the end of 2010. This is a strongly experimental and, in the opinion of many critics, a rebellious book, which placed L\u00e4ks among \u201cangry young women poets\u201d. The second book of poetry, <em>Korrosioonikihk<\/em> (\u2018Craving for Corrosion\u2019) appeared in summer 2014 and consists of 15 poems. The tone of the poems has calmed down and is not stormy and piercing anymore. L\u00e4ks\u2019 poems have been published in the periodicals <em>M\u00fc\u00fcrileht, V\u00e4rske R\u00f5hk, Vikerkaar<\/em> and <em>Looming<\/em>.<\/span><\/span><\/span>\n<\/p>\n<p>\n\t<span style=\"color:#000000\"><span style=\"font-size:13px\"><span style=\"font-family:Verdana,Geneva,sans-serif\">She has published a children\u2019s book <em>Kasside salajane pagarit\u00f6\u00f6koda<\/em> (\u2018Cats\u2019 Secret Bakery\u2019).<\/span><\/span><\/span>\n<\/p>\n<p>\n\t<span style=\"color:#000000\"><span style=\"font-size:13px\"><span style=\"font-family:Verdana,Geneva,sans-serif\">Together with poet Maarja P\u00e4rtna, she founded the small publishing company Elusamus (\u2018Enlivening\u2019), which operates in Tartu. She has also published interviews, articles, criticism of music and literature. She has edited poetry collections of many young Estonian poets and translated fiction from English into Estonian.<\/span><\/span><\/span>\n<\/p>\n<p>\n\t<span style=\"color:#000000\"><span style=\"font-size:13px\"><span style=\"font-family:Verdana,Geneva,sans-serif\"><em>L. P. (Translated by I. A.)<\/em><\/span><\/span><\/span><\/p>\n<p>\u00a0\n<\/p>\n<p>\n\t<strong><span style=\"font-size:16px\"><span style=\"color:#000000\"><span style=\"font-family:Verdana,Geneva,sans-serif\">Books in Estonian<\/span><\/span><\/span><\/strong>\n<\/p>\n<p>\n\t<span style=\"color:#000000\"><span style=\"font-size:13px\"><span style=\"font-family:Verdana,Geneva,sans-serif\"><strong><em>Poetry<\/em><\/strong><br><strong>Helena l\u00e4ks<\/strong>. Tallinn: Verb, 2010. 44 lk.<br><strong>Korrosioonikihk<\/strong>. Luige (Kiili vald): Verb, 2014. 40 lk.<\/span><\/span><\/span>\n<\/p>\n<p>\n\t<span style=\"color:#000000\"><span style=\"font-size:13px\"><span style=\"font-family:Verdana,Geneva,sans-serif\"><strong><em>Children\u2019s books<\/em><\/strong><br><strong>Kasside salajane pagarit\u00f6\u00f6koda<\/strong>. Saue: P\u00e4ike ja Pilv, 2016. 45 lk.<\/span><\/span><\/span><\/p>\n","protected":false},"excerpt":{"rendered":"<p>Poems Helena L\u00e4ks (born 4 September 1987) is a poet, editor, translator and publisher. L\u00e4ks was born in Kuressaare and studied philosophy and theology at the University of Tartu. From March 2022, she has been working as literary editor at &#8230;<\/p>\n","protected":false},"author":43,"featured_media":0,"parent":631,"menu_order":0,"comment_status":"closed","ping_status":"closed","template":"","meta":{"_acf_changed":false,"inline_featured_image":false,"footnotes":""},"class_list":["post-1138","page","type-page","status-publish","hentry"],"acf":[],"_links":{"self":[{"href":"https:\/\/sisu.ut.ee\/ewod\/wp-json\/wp\/v2\/pages\/1138","targetHints":{"allow":["GET"]}}],"collection":[{"href":"https:\/\/sisu.ut.ee\/ewod\/wp-json\/wp\/v2\/pages"}],"about":[{"href":"https:\/\/sisu.ut.ee\/ewod\/wp-json\/wp\/v2\/types\/page"}],"author":[{"embeddable":true,"href":"https:\/\/sisu.ut.ee\/ewod\/wp-json\/wp\/v2\/users\/43"}],"replies":[{"embeddable":true,"href":"https:\/\/sisu.ut.ee\/ewod\/wp-json\/wp\/v2\/comments?post=1138"}],"version-history":[{"count":1,"href":"https:\/\/sisu.ut.ee\/ewod\/wp-json\/wp\/v2\/pages\/1138\/revisions"}],"predecessor-version":[{"id":3944,"href":"https:\/\/sisu.ut.ee\/ewod\/wp-json\/wp\/v2\/pages\/1138\/revisions\/3944"}],"up":[{"embeddable":true,"href":"https:\/\/sisu.ut.ee\/ewod\/wp-json\/wp\/v2\/pages\/631"}],"wp:attachment":[{"href":"https:\/\/sisu.ut.ee\/ewod\/wp-json\/wp\/v2\/media?parent=1138"}],"curies":[{"name":"wp","href":"https:\/\/api.w.org\/{rel}","templated":true}]}}