{"id":1136,"date":"2024-04-03T23:40:51","date_gmt":"2024-04-03T20:40:51","guid":{"rendered":"https:\/\/sisu.ut.ee\/ewod\/stories-et-121\/"},"modified":"2024-04-04T00:08:06","modified_gmt":"2024-04-03T21:08:06","slug":"stories","status":"publish","type":"page","link":"https:\/\/sisu.ut.ee\/ewod\/f\/filimonov\/stories\/","title":{"rendered":"\u041f.\u0418. \u0424\u0438\u043b\u0438\u043c\u043e\u043d\u043e\u0432 (P. I. Filimonov) &#8211; short stories"},"content":{"rendered":"<p><span style=\"font-size: medium\"><strong><span style=\"font-family: verdana, geneva\">In anthologies and magazines<\/span><\/strong><\/span><\/p>\n<p><em><strong><span style=\"font-family: verdana, geneva\">Finnish<br><\/span><\/strong><\/em><span style=\"font-family: verdana, geneva\"><strong>Mit\u00e4 yksinkertaisimpia merkkij\u00e4rjestelmi\u00e4<\/strong>. \u2013 Nippernaati: virolaisen kirjallisuuden antologia, no 1. P\u00e4\u00e4toimittaja Sanna Immanen. [Helsinki]: Viro-instituutti, 2015, 166 pp. [\u2019K\u00f5ige lihtsamad m\u00e4rgis\u00fcsteemid\u2019. Contents: Meelis Friedenthal, \u2019Katkelmia romaanista <\/span><span style=\"font-family: verdana, geneva\">Mehil\u00e4iset\u2019 (excerpt from \u2019Mesilased\u2019); Maarja Kangro, \u2019Atropoksen Opel Meriva\u2019 (\u2019Atropose Opel Meriva\u2019); Urmas Vadi, \u2019Is\u00e4n kuolema\u2019 (\u2019Isa surm\u2019); Andrei Ivanov, \u2019Katkelmia romaanista Kourallinen tomua<\/span><span style=\"font-family: verdana, geneva\">\u2019 (excerpt from \u2019\u0413\u043e\u0440\u0441\u0442\u044c \u043f\u0440\u0430\u0445\u0430\u2019); P.I. Filimonov, Mit\u00e4 yksinkertaisimpia merkkij\u00e4rjestelmi\u00e4 (\u2019K\u00f5ige lihtsamad m\u00e4rgis\u00fcsteemid\u2019); Armin K\u00f5om\u00e4gi, \u2019Muistikatko\u2019 (\u2019M\u00e4lukas); Mait Vaik, \u2019Gruusialainen elokuva\u2019 (\u2019Gruusia film\u2019). Poems by Igor Kotjuh, Maarja P\u00e4rtna, Carolina Pihelgas and Aare Pilv.]<\/span><em><strong><span style=\"font-family: verdana, geneva\"><br><\/span><\/strong><\/em><\/p>\n<p><em><strong><span style=\"font-family: verdana, geneva\">Russian<\/span><\/strong><\/em><br><span style=\"font-family: verdana, geneva\"><strong> <a href=\"http:\/\/magazines.russ.ru\/october\/2015\/9\/4f.html\" target=\"_blank\" rel=\"noopener\">\u0418\u0441\u043a\u0443\u0441\u0441\u0442\u0432\u043e \u0438 \u0436\u0438\u0437\u043d\u044c<\/a><\/strong>. \u0420\u0430\u0441\u0441\u043a\u0430\u0437 \u0441 \u043b\u0430\u0434\u043e\u043d\u044c. \u0420\u0438\u0441\u0443\u043d\u043e\u043a \u041a\u0438\u0440\u043a\u0435 \u041a\u0430\u043d\u0433\u0440\u043e. \u2013\u00a0<a href=\"http:\/\/magazines.russ.ru\/october\/2015\/9\/\" target=\"_blank\" rel=\"noopener\">\u041e\u043a\u0442\u044f\u0431\u0440\u044c, No 9, 2015<\/a>. \u0411\u0435\u0440\u0435\u0433 \u043b\u0438\u0442\u0435\u0440\u0430\u0442\u0443\u0440\u044b. \u041d\u043e\u0432\u043e\u0435 \u0441\u043b\u043e\u0432\u043e \u041b\u0430\u0442\u0432\u0438\u0438, \u041b\u0438\u0442\u0432\u044b, \u042d\u0441\u0442\u043e\u043d\u0438\u0438. [See\u00a0<strong><a href=\"https:\/\/sisu.ut.ee\/ewod\/anthologies\/oktjabr\">contents<\/a><\/strong>\u00a0of the special edition.]<br><a href=\"https:\/\/www.oblaka.ee\/%D0%B0%D0%B2%D1%82%D0%BE%D1%80%D1%8B\/%D1%80%D1%83%D1%81%D1%81%D0%BA%D0%B8%D0%B5-%D0%B0%D0%B2%D1%82%D0%BE%D1%80%D1%8B-%D0%B8%D0%B7-%D1%8D%D1%81%D1%82%D0%BE%D0%BD%D0%B8%D0%B8\/%D0%BF-%D0%B8-%D1%84%D0%B8%D0%BB%D0%B8%D0%BC%D0%BE%D0%BD%D0%BE%D0%B2\/%D0%BF-%D0%B8-%D1%84%D0%B8%D0%BB%D0%B8%D0%BC%D0%BE%D0%BD%D0%BE%D0%B2-%D0%BB%D1%83%D0%BF%D0%B0-%D1%80%D0%B0%D1%81%D1%81%D0%BA%D0%B0%D0%B7\/\" target=\"_blank\" rel=\"noopener\"><strong>\u041b\u0443\u043f\u0430<\/strong><\/a>. \u2013 \u041d\u043e\u0432\u044b\u0435 o\u0431\u043b\u0430\u043a\u0430, no 1-2 (63-64), 2013.<br><strong>\u0428\u0430\u0445\u043c\u0430\u0442\u044b \u0441 \u0412\u043e\u0439\u0446\u0435\u0445\u043e\u043c<\/strong>. \u2013 <span style=\"font-family: verdana,geneva\"><span style=\"font-family: verdana,geneva\">\u0412\u043e\u0437\u0434\u0443\u0448\u043d\u044b\u0439 \u0437\u043c\u0435\u0439: \u0430\u043b\u044c\u043c\u0430\u043d\u0430\u0445, no 4, 2007<\/span><span style=\"font-family: verdana,geneva\">, pp 27-35.<\/span><span style=\"font-family: verdana,geneva\"> [See<\/span><span style=\"font-family: verdana,geneva\"><strong> <a href=\"https:\/\/sisu.ut.ee\/ewod\/anthologies\/russian\/tuulelohe4\">contents<\/a><\/strong> of the anthology.]<\/span><strong><\/strong><\/span><br><\/span><\/p>\n","protected":false},"excerpt":{"rendered":"<p>In anthologies and magazines FinnishMit\u00e4 yksinkertaisimpia merkkij\u00e4rjestelmi\u00e4. \u2013 Nippernaati: virolaisen kirjallisuuden antologia, no 1. P\u00e4\u00e4toimittaja Sanna Immanen. [Helsinki]: Viro-instituutti, 2015, 166 pp. [\u2019K\u00f5ige lihtsamad m\u00e4rgis\u00fcsteemid\u2019. Contents: Meelis Friedenthal, \u2019Katkelmia romaanista Mehil\u00e4iset\u2019 (excerpt from \u2019Mesilased\u2019); Maarja Kangro, \u2019Atropoksen Opel Meriva\u2019 (\u2019Atropose &#8230;<\/p>\n","protected":false},"author":43,"featured_media":0,"parent":1129,"menu_order":0,"comment_status":"closed","ping_status":"closed","template":"","meta":{"_acf_changed":false,"inline_featured_image":false,"footnotes":""},"class_list":["post-1136","page","type-page","status-publish","hentry"],"acf":[],"_links":{"self":[{"href":"https:\/\/sisu.ut.ee\/ewod\/wp-json\/wp\/v2\/pages\/1136","targetHints":{"allow":["GET"]}}],"collection":[{"href":"https:\/\/sisu.ut.ee\/ewod\/wp-json\/wp\/v2\/pages"}],"about":[{"href":"https:\/\/sisu.ut.ee\/ewod\/wp-json\/wp\/v2\/types\/page"}],"author":[{"embeddable":true,"href":"https:\/\/sisu.ut.ee\/ewod\/wp-json\/wp\/v2\/users\/43"}],"replies":[{"embeddable":true,"href":"https:\/\/sisu.ut.ee\/ewod\/wp-json\/wp\/v2\/comments?post=1136"}],"version-history":[{"count":1,"href":"https:\/\/sisu.ut.ee\/ewod\/wp-json\/wp\/v2\/pages\/1136\/revisions"}],"predecessor-version":[{"id":3942,"href":"https:\/\/sisu.ut.ee\/ewod\/wp-json\/wp\/v2\/pages\/1136\/revisions\/3942"}],"up":[{"embeddable":true,"href":"https:\/\/sisu.ut.ee\/ewod\/wp-json\/wp\/v2\/pages\/1129"}],"wp:attachment":[{"href":"https:\/\/sisu.ut.ee\/ewod\/wp-json\/wp\/v2\/media?parent=1136"}],"curies":[{"name":"wp","href":"https:\/\/api.w.org\/{rel}","templated":true}]}}