{"id":1074,"date":"2024-04-03T23:40:45","date_gmt":"2024-04-03T20:40:45","guid":{"rendered":"https:\/\/sisu.ut.ee\/ewod\/ilbak\/"},"modified":"2024-04-04T00:08:18","modified_gmt":"2024-04-03T21:08:18","slug":"ilbak","status":"publish","type":"page","link":"https:\/\/sisu.ut.ee\/ewod\/i\/ilbak\/","title":{"rendered":"Ella Ilbak"},"content":{"rendered":"<p>\n\t<a href=\"https:\/\/sisu.ut.ee\/wp-content\/uploads\/sites\/108\/ella_ilbak_georg_fauer.jpg\" target=\"_self\" rel=\"noopener\"><img decoding=\"async\" alt=\"Ella Ilbak\" src=\"https:\/\/sisu.ut.ee\/wp-content\/uploads\/sites\/108\/ella_ilbak_georg_fauer.jpg\" style=\"float: right;width: 220px;height: 297px\" title=\"Photo: Georg Fauer\"><\/a>\n<\/p>\n<p><span style=\"color:#000000\"><span style=\"font-size:13px\"><span style=\"font-family:Verdana,Geneva,sans-serif\">Ella Ilbak (12 XI 1895 \u2013 8 VIII 1997) was a dancer and writer.<\/span><\/span><\/span>\n<\/p>\n<p>\n\t<span style=\"color:#000000\"><span style=\"font-size:13px\"><span style=\"font-family:Verdana,Geneva,sans-serif\">Ilbak was born in Karksi parish, Viljandi County. She attended primary schools and Pushkin Girls\u2019 Gymnasium in Tartu. Thereafter, in 1915\u20131917, she studied at Isachenko School of Plastic Dance and Theatre and Sergei Volkonsky\u2019s courses of Dalcroze eurhythmics in Petrograd. In 1919\u20131920, Ilbak continued her education at M. Rutkowska\u2019s ballet studio, R. Duncan\u2019s academy and Herbert\u2019s school of acrobatics in Paris.<\/span><\/span><\/span>\n<\/p>\n<p>\n\t<span style=\"color:#000000\"><span style=\"font-size:13px\"><span style=\"font-family:Verdana,Geneva,sans-serif\">In the 1920s and 1930s Ella Ilbak performed in many Western European countries, also in Jerusalem and Haipha. In the years after World War II, Ilbak lived in France. In 1955, he settled in the United States. Ilbak\u2019s last dance performance took place in New York in 1967. Later, she delivered lectures on aesthetics.<\/span><\/span><\/span>\n<\/p>\n<p>\n\t<span style=\"color:#000000\"><span style=\"font-size:13px\"><span style=\"font-family:Verdana,Geneva,sans-serif\">In her older age, encouraged by writer August Gailit, Ella Ilbak started to write down her memoirs. She has published three autobiographical prose works: the book of memoirs <em>Otsekui hirv kisendab<\/em> (\u2018As the Deer Cries\u2019, 1953) and the novel dilogy <em>Tuvi Malm<\/em> (1955) and <em>Kumisev kannel<\/em> (\u2018The Ringing Zither\u2019, 1966). The characteristic features of Ella Ilbak\u2019s prose are the author\u2019s feeling for beauty and polished style, detailed depiction of protagonists\u2019 spiritual life and interest in philosophical and religious themes.<br>\u00a0\u00a0 \u00a0\u00a0\u00a0 \u00a0\u00a0\u00a0 \u00a0\u00a0\u00a0 \u00a0\u00a0\u00a0 \u00a0\u00a0\u00a0 \u00a0\u00a0\u00a0 \u00a0\u00a0\u00a0 \u00a0\u00a0\u00a0\u00a0\u00a0\u00a0\u00a0\u00a0\u00a0\u00a0\u00a0\u00a0\u00a0\u00a0\u00a0\u00a0\u00a0\u00a0 \u00a0<br><em>L. P. (Translated by I. A.)<\/em><\/span><\/span><\/span><\/p>\n<p>\u00a0\n<\/p>\n<p>\n\t<span style=\"color:#000000\"><strong><span style=\"font-size:16px\"><span style=\"font-family:Verdana,Geneva,sans-serif\">Books in Estonian<\/span><\/span><\/strong><\/span>\n<\/p>\n<p>\n\t<span style=\"color:#000000\"><span style=\"font-size:13px\"><span style=\"font-family:Verdana,Geneva,sans-serif\"><strong><em>Autobiographical works<\/em><\/strong><br><strong>Otsekui hirv kisendab\u2026<\/strong>. M\u00e4lestusi ja t\u00f5ekspidamisi. Lund: Eesti Kirjanike Kooperatiiv, 1953, 286 lk. [J\u00e4rgnevad tr\u00fckid: 1990, 2009.]<br><strong>Tuvi Malm<\/strong>. Lund: Eesti Kirjanike Kooperatiiv, 1955, 280 lk. [2. tr\u00fckk: 2004.]<br><strong>Kumisev kannel<\/strong>. New York: s.n., 1966, 185 lk. [2. tr\u00fckk: 2006.]<\/span><\/span><\/span>\n<\/p>\n<p>\n\t<span style=\"color:#000000\"><span style=\"font-size:13px\"><span style=\"font-family:Verdana,Geneva,sans-serif\"><strong><em>Correspondence<\/em><\/strong><br>Ella Ilbak, August Gailit, <strong>Kirjad 1952-1961<\/strong>. Koostanud Piret Noorhani. Tallinn: T\u00e4nap\u00e4ev, 2009, 137 lk.<\/span><\/span><\/span><\/p>\n","protected":false},"excerpt":{"rendered":"<p>Ella Ilbak (12 XI 1895 \u2013 8 VIII 1997) was a dancer and writer. Ilbak was born in Karksi parish, Viljandi County. She attended primary schools and Pushkin Girls\u2019 Gymnasium in Tartu. Thereafter, in 1915\u20131917, she studied at Isachenko School &#8230;<\/p>\n","protected":false},"author":43,"featured_media":0,"parent":609,"menu_order":0,"comment_status":"closed","ping_status":"closed","template":"","meta":{"_acf_changed":false,"inline_featured_image":false,"footnotes":""},"class_list":["post-1074","page","type-page","status-publish","hentry"],"acf":[],"_links":{"self":[{"href":"https:\/\/sisu.ut.ee\/ewod\/wp-json\/wp\/v2\/pages\/1074","targetHints":{"allow":["GET"]}}],"collection":[{"href":"https:\/\/sisu.ut.ee\/ewod\/wp-json\/wp\/v2\/pages"}],"about":[{"href":"https:\/\/sisu.ut.ee\/ewod\/wp-json\/wp\/v2\/types\/page"}],"author":[{"embeddable":true,"href":"https:\/\/sisu.ut.ee\/ewod\/wp-json\/wp\/v2\/users\/43"}],"replies":[{"embeddable":true,"href":"https:\/\/sisu.ut.ee\/ewod\/wp-json\/wp\/v2\/comments?post=1074"}],"version-history":[{"count":1,"href":"https:\/\/sisu.ut.ee\/ewod\/wp-json\/wp\/v2\/pages\/1074\/revisions"}],"predecessor-version":[{"id":4010,"href":"https:\/\/sisu.ut.ee\/ewod\/wp-json\/wp\/v2\/pages\/1074\/revisions\/4010"}],"up":[{"embeddable":true,"href":"https:\/\/sisu.ut.ee\/ewod\/wp-json\/wp\/v2\/pages\/609"}],"wp:attachment":[{"href":"https:\/\/sisu.ut.ee\/ewod\/wp-json\/wp\/v2\/media?parent=1074"}],"curies":[{"name":"wp","href":"https:\/\/api.w.org\/{rel}","templated":true}]}}