{"id":1064,"date":"2024-04-03T23:40:44","date_gmt":"2024-04-03T20:40:44","guid":{"rendered":"https:\/\/sisu.ut.ee\/ewod\/poems-et-168\/"},"modified":"2024-04-04T00:08:20","modified_gmt":"2024-04-03T21:08:20","slug":"poems","status":"publish","type":"page","link":"https:\/\/sisu.ut.ee\/ewod\/e\/eliisaehin\/poems\/","title":{"rendered":"Eliisa Ehin &#8211; poems"},"content":{"rendered":"<p><span style=\"font-size: medium\"><strong><span style=\"font-family: verdana, geneva\">In anthologies and magazines<\/span><\/strong><\/span><\/p>\n<p><em><strong><span style=\"font-family: verdana, geneva\">English<\/span><\/strong><\/em><br><span style=\"font-family: verdana, geneva\">Kristiina Ehin, Andres Ehin, Ly Seppel, Eliisa Ehin, <strong>Tandem neljale = Tandem for four = Teaindim ceathrair<\/strong>. English translations: Ilmar Lehtpere; Gaeilge: Aog\u00e1n \u00d3 Muircheartaigh; [cover design by Eliisa Ehin and Diego Almeyda]. Baile \u00c1tha Cliath: Coic\u00e9im, [2012], 151 pp.\u00a0<\/span><\/p>\n<p><strong><em><span style=\"font-family: verdana, geneva\">Irish Gaelic<\/span><\/em><\/strong><br><span style=\"font-family: verdana, geneva\">Kristiina Ehin, Andres Ehin, Ly Seppel, Eliisa Ehin, <strong>Tandem neljale = Tandem for four = Teaindim ceathrair<\/strong>. English translations: Ilmar Lehtpere; Gaeilge: Aog\u00e1n \u00d3 Muircheartaigh; [cover design by Eliisa Ehin and Diego Almeyda]. Baile \u00c1tha Cliath: Coic\u00e9im, [2012], 151 pp.\u00a0<\/span><\/p>\n","protected":false},"excerpt":{"rendered":"<p>In anthologies and magazines EnglishKristiina Ehin, Andres Ehin, Ly Seppel, Eliisa Ehin, Tandem neljale = Tandem for four = Teaindim ceathrair. English translations: Ilmar Lehtpere; Gaeilge: Aog\u00e1n \u00d3 Muircheartaigh; [cover design by Eliisa Ehin and Diego Almeyda]. Baile \u00c1tha Cliath: &#8230;<\/p>\n","protected":false},"author":43,"featured_media":0,"parent":1057,"menu_order":0,"comment_status":"closed","ping_status":"closed","template":"","meta":{"_acf_changed":false,"inline_featured_image":false,"footnotes":""},"class_list":["post-1064","page","type-page","status-publish","hentry"],"acf":[],"_links":{"self":[{"href":"https:\/\/sisu.ut.ee\/ewod\/wp-json\/wp\/v2\/pages\/1064","targetHints":{"allow":["GET"]}}],"collection":[{"href":"https:\/\/sisu.ut.ee\/ewod\/wp-json\/wp\/v2\/pages"}],"about":[{"href":"https:\/\/sisu.ut.ee\/ewod\/wp-json\/wp\/v2\/types\/page"}],"author":[{"embeddable":true,"href":"https:\/\/sisu.ut.ee\/ewod\/wp-json\/wp\/v2\/users\/43"}],"replies":[{"embeddable":true,"href":"https:\/\/sisu.ut.ee\/ewod\/wp-json\/wp\/v2\/comments?post=1064"}],"version-history":[{"count":1,"href":"https:\/\/sisu.ut.ee\/ewod\/wp-json\/wp\/v2\/pages\/1064\/revisions"}],"predecessor-version":[{"id":4022,"href":"https:\/\/sisu.ut.ee\/ewod\/wp-json\/wp\/v2\/pages\/1064\/revisions\/4022"}],"up":[{"embeddable":true,"href":"https:\/\/sisu.ut.ee\/ewod\/wp-json\/wp\/v2\/pages\/1057"}],"wp:attachment":[{"href":"https:\/\/sisu.ut.ee\/ewod\/wp-json\/wp\/v2\/media?parent=1064"}],"curies":[{"name":"wp","href":"https:\/\/api.w.org\/{rel}","templated":true}]}}