{"id":1042,"date":"2024-04-03T23:40:42","date_gmt":"2024-04-03T20:40:42","guid":{"rendered":"https:\/\/sisu.ut.ee\/ewod\/pervik\/"},"modified":"2025-08-12T14:49:04","modified_gmt":"2025-08-12T11:49:04","slug":"pervik","status":"publish","type":"page","link":"https:\/\/sisu.ut.ee\/ewod\/p\/pervik\/","title":{"rendered":"Aino Pervik"},"content":{"rendered":"<p><a href=\"https:\/\/sisu.ut.ee\/ewod\/p\/pervik\/novels\"><strong><span style=\"font-family: verdana, geneva; font-size: medium;\">Novels <\/span><\/strong><\/a><a href=\"https:\/\/sisu.ut.ee\/wp-content\/uploads\/sites\/108\/aino_pervik_elmar_koster.jpg\" target=\"_self\" rel=\"noopener\"><img decoding=\"async\" style=\"float: right; width: 200px; height: 280px;\" title=\"Photo: Elmar K\u00f6ster\" src=\"https:\/\/sisu.ut.ee\/wp-content\/uploads\/sites\/108\/aino_pervik_elmar_koster.jpg\" alt=\"Aino Pervik\"><\/a><\/p>\n\n\n\n<p><a href=\"https:\/\/sisu.ut.ee\/ewod\/p\/pervik\/stories\"><strong><span style=\"font-family: verdana, geneva; font-size: medium;\">Stories<\/span><\/strong><\/a><\/p>\n\n\n\n<p><a href=\"https:\/\/sisu.ut.ee\/ewod\/p\/pervik\/about\"><strong><span style=\"font-family: verdana, geneva; font-size: medium;\">About Aino Pervik<\/span><\/strong><\/a><\/p>\n\n\n\n<p>\u00a0<\/p>\n\n\n\n<p><span style=\"color: #000000;\"><span style=\"font-size: 13px;\"><span style=\"font-family: Verdana,Geneva,sans-serif;\">Aino Pervik (since 1961 real name Aino Raud, 22 IV 1932 \u2013 12 VIII 2025) was an Estonian children\u2019s writer, poet and translator.<\/span><\/span><\/span><\/p>\n\n\n\n<p><span style=\"color: #000000;\"><span style=\"font-size: 13px;\"><span style=\"font-family: Verdana,Geneva,sans-serif;\">She was born in Rakvere, the daughter of a medical assistant. Her school career began in 1939 at J\u00e4rvakandi, and continued at Tallinn Teachers\u2019 Seminary, Tallinn Teachers\u2019 Institute and Secondary School no. 8 in Tallinn. From 1950 to 1955 she studied in the faculty of history and linguistics at Tartu State University, graduating in Finno-Ugrian languages.<\/span><\/span><\/span><\/p>\n\n\n\n<p><span style=\"color: #000000;\"><span style=\"font-size: 13px;\"><span style=\"font-family: Verdana,Geneva,sans-serif;\">From 1955 to 1960 Pervik worked at the Estonian State Publishing House as an editor of children\u2019s and youth literature, and from 1960 to 1967 at Estonian Television as an editor of children\u2019s and youth programmes. Since then she was a professional writer and translator.<\/span><\/span><\/span><\/p>\n\n\n\n<p><span style=\"color: #000000;\"><span style=\"font-size: 13px;\"><span style=\"font-family: Verdana,Geneva,sans-serif;\">She wrote over sixty children\u2019s books, and prose and poetry for adults, translated from Hungarian, and was active as a commentator and critic of children\u2019s literature. Since 1974 she was a member of the Estonian Writers\u2019 Union.<\/span><\/span><\/span><\/p>\n\n\n\n<p><span style=\"color: #000000;\"><span style=\"font-size: 13px;\"><span style=\"font-family: Verdana,Geneva,sans-serif;\">Aino Pervik\u2019s work is diverse in genre and multifarious in subjects. She wrote factual and imaginary stories, novels for the young, books for infants, parables and other works. Among her best known children\u2019s books are <em>Kunksmoor<\/em> (1973, translated into English in 1986 as \u2018Old Mother Kunks\u2019), <em>Kunksmoor ja kapten Trumm<\/em> (1975, \u2018Old Mother Kunks and Captain Drum\u2019, winner of the Juhan Smuul prize in 1976) and <em>Arabella, merer\u00f6\u00f6vli t\u00fctar<\/em> (1982, translated into English in 1985 as \u2018Arabella, the pirate\u2019s daughter\u2019). Both <em>Kunksmoor<\/em> books also received the 2nd place in The All-Soviet Union contest of children\u2019s books in 1988. Pervik\u2019s fictional works mostly deal with serious problems, but are basically optimistic in tone.<\/span><\/span><\/span><\/p>\n\n\n\n<p><span style=\"color: #000000;\"><span style=\"font-size: 13px;\"><span style=\"font-family: Verdana,Geneva,sans-serif;\">Popular puppet films were made out of the Kunksmoor stories in 1975 and 1978. The director Peeter Simm made a feature film of Arabella in 1982, one of the classic Estonian films. A full-length feature film (1998) was also made of Pervik\u2019s book <em>Kallis h\u00e4rra Q<\/em> (\u2018Dear Mr. Q\u2019, 1992, winner of the Estonian Writers\u2019 Union annual award). Pervik\u2019s works have also been staged in the theatre.<\/span><\/span><\/span><\/p>\n\n\n\n<p><span style=\"color: #000000;\"><span style=\"font-size: 13px;\"><span style=\"font-family: Verdana,Geneva,sans-serif;\">Aino Pervik was one of the most often awarded authors in Estonia. Besides the aforementioned prizes Pervik has also received the following (to name a few):<\/span><\/span><\/span><\/p>\n\n\n\n<p><span style=\"color: #000000;\"><span style=\"font-size: 13px;\"><span style=\"font-family: Verdana,Geneva,sans-serif;\">\u2013 The Tuglas Short Story Prize \u2013 in 1983 (for <em>Anna<\/em>)<br>\u2013 Literature Endowment annual award \u2013 in 2001 (for <em>T\u00e4hen\u00e4rija raamatukogu<\/em>) and in 2016 (for <em>H\u00e4daoru kuningas<\/em>)<br>\u2013 Order of the White Star, V Class \u2013 in 2001<br>\u2013 J. Oro prize for children\u2019s literature \u2013 in 2006<br>\u2013 Cultural Endowment Annual Award \u2013 in 2012 (for <em>Proua O imekspanemised<\/em>, <em>Kirjat\u00e4htede keerukas elu<\/em>, <em>Klabautermanni mure<\/em> ja <em>R\u00e4ndav kassiemme<\/em>)<br>\u2013 Good Children\u2019s Book award \u2013 in 2012 (for <em>Klabautermanni mure<\/em>), 2014 (for <em>Sinivant l\u00e4heb lasteaeda<\/em>) and 2018 (for <em>Nummipealt ja mujalt<\/em>)<br>\u2013 Estonial National Lifetime Achievement Award for Culture \u2013 in 2018<\/span><\/span><\/span><\/p>\n\n\n\n<p><span style=\"color: #000000;\"><span style=\"font-size: 13px;\"><span style=\"font-family: Verdana,Geneva,sans-serif;\"><em>L. P. (Translated by C. M.)<\/em><\/span><\/span><\/span><\/p>\n\n\n\n<p><br><span style=\"color: #000000;\"><strong><span style=\"font-size: 16px;\"><span style=\"font-family: Verdana,Geneva,sans-serif;\">Books in Estonian<\/span><\/span><\/strong><\/span><\/p>\n\n\n\n<p><span style=\"color: #000000;\"><span style=\"font-size: 13px;\"><span style=\"font-family: Verdana,Geneva,sans-serif;\"><strong><em>Children\u2019s books<\/em><\/strong><br><strong>Kersti s\u00f5ber Miina<\/strong>: jutustus. Tallinn: Eesti Riiklik Kirjastus, 1961. 92 lk.<br><strong>Kaarist on kasu<\/strong>. Tallinn: Eesti Raamat, 1971. 20 lk. [J\u00e4rgnevad tr\u00fckid: 1972, 2010, 2021.]<br><strong>V\u00e4ikesed vigurijutud<\/strong>. Tallinn: Eesti Raamat, 1972. 20 lk.<br><strong>Kunksmoor<\/strong>. Tallinn: Eesti Raamat, 1973. 52 lk. [J\u00e4rgnevad tr\u00fckid: 1986, 2001, 2011, 2024.]<br><strong>Kunksmoor ja kapten Trumm<\/strong>. Tallinn: Eesti Raamat, 1975. 53 lk.<br><strong>Umbluu: uusi ja vanu vigurjutte<\/strong>. Tallinn: Eesti Raamat, 1980. 36 lk. [2. tr\u00fckk: 2008.]<br><strong>Arabella, merer\u00f6\u00f6vli t\u00fctar<\/strong>. Tallinn: Eesti Raamat, 1982. 199 lk. [J\u00e4rgnevad tr\u00fckid: 2000, 2008, 2024.]<br><strong>Sookoll ja sisalik<\/strong>: muinasjutt. Tallinn: Eesti Raamat, 1986. 75 lk. <span style=\"color: #000000;\"><span style=\"font-size: 13px;\"><span style=\"font-family: Verdana,Geneva,sans-serif;\"><span style=\"color: #000000;\"><span style=\"font-size: 13px;\"><span style=\"font-family: Verdana,Geneva,sans-serif;\"><span style=\"color: #000000;\"><span style=\"font-size: 13px;\"><span style=\"font-family: Verdana,Geneva,sans-serif;\"><span style=\"color: #000000;\"><span style=\"font-size: 13px;\"><span style=\"font-family: Verdana,Geneva,sans-serif;\"><span style=\"color: #000000;\"><span style=\"font-size: 13px;\"><span style=\"font-family: Verdana,Geneva,sans-serif;\">[J\u00e4rgnevad tr\u00fckid: 2004,<\/span><\/span><\/span><\/span><\/span><\/span><\/span><\/span><\/span> 2023.]<\/span><\/span><\/span><\/span><\/span><\/span><br><strong>Kallis h\u00e4rra Q<\/strong>: jutustus. Tallinn: Kupar, 1992. 94 lk. [J\u00e4rgnevad tr\u00fckid: 2004, 2016, 2023.]<br><strong>Kuninga soov<\/strong>: muinasjutt. Tallinn: Varrak, 1993. 12 lk.<br><strong>Keeruline lugu<\/strong>: jutt lastele. Tallinn: Tiritamm, 1994. 14 lk.<br><strong>Kollane autop\u00f5rnikas s\u00f5idab ringi<\/strong>. Tallinn: Avita, 1999. 39 lk.<br><strong>Maailm Sulelise ja Karvasega<\/strong>. Tallinn: Varrak, 2000. 341 lk.<br><strong>Paula esimene koolip\u00e4ev<\/strong>: jutustus. Tallinn: Tiritamm, 2001. 46 lk. <span style=\"color: #000000;\"><span style=\"font-size: 13px;\"><span style=\"font-family: Verdana,Geneva,sans-serif;\"><span style=\"color: #000000;\"><span style=\"font-size: 13px;\"><span style=\"font-family: Verdana,Geneva,sans-serif;\">[J\u00e4rgnevad tr\u00fckid: 2007, 2021.]<\/span><\/span><\/span><\/span><\/span><\/span><br><strong>Paula ja Joosep<\/strong>: jutustus. Tallinn: Tiritamm, 2001. 46 lk. <span style=\"color: #000000;\"><span style=\"font-size: 13px;\"><span style=\"font-family: Verdana,Geneva,sans-serif;\"><span style=\"color: #000000;\"><span style=\"font-size: 13px;\"><span style=\"font-family: Verdana,Geneva,sans-serif;\">[2. tr\u00fckk: 2020.]<\/span><\/span><\/span><\/span><\/span><\/span><br><strong>Paula j\u00f5ulud<\/strong>: jutustus. Tallinn: Tiritamm, 2001. 62 lk. <span style=\"color: #000000;\"><span style=\"font-size: 13px;\"><span style=\"font-family: Verdana,Geneva,sans-serif;\"><span style=\"color: #000000;\"><span style=\"font-size: 13px;\"><span style=\"font-family: Verdana,Geneva,sans-serif;\">[J\u00e4rgnevad tr\u00fckid: 2007, 2021.]<\/span><\/span><\/span><\/span><\/span><\/span><br><strong>Paula l\u00f5petab lasteaia<\/strong>. Tallinn: Tiritamm, 2001. 45 lk. <span style=\"color: #000000;\"><span style=\"font-size: 13px;\"><span style=\"font-family: Verdana,Geneva,sans-serif;\"><span style=\"color: #000000;\"><span style=\"font-size: 13px;\"><span style=\"font-family: Verdana,Geneva,sans-serif;\"><span style=\"color: #000000;\"><span style=\"font-size: 13px;\"><span style=\"font-family: Verdana,Geneva,sans-serif;\"><span style=\"color: #000000;\"><span style=\"font-size: 13px;\"><span style=\"font-family: Verdana,Geneva,sans-serif;\"><span style=\"color: #000000;\"><span style=\"font-size: 13px;\"><span style=\"font-family: Verdana,Geneva,sans-serif;\">[J\u00e4rgnevad tr\u00fckid: 2007,<\/span><\/span><\/span><\/span><\/span><\/span><\/span><\/span><\/span> 2020.]<\/span><\/span><\/span><\/span><\/span><\/span><br><strong>Paula l\u00e4heb linna elama<\/strong>. Tallinn: Tiritamm, 2001. 47 lk. <span style=\"color: #000000;\"><span style=\"font-size: 13px;\"><span style=\"font-family: Verdana,Geneva,sans-serif;\"><span style=\"color: #000000;\"><span style=\"font-size: 13px;\"><span style=\"font-family: Verdana,Geneva,sans-serif;\"><span style=\"color: #000000;\"><span style=\"font-size: 13px;\"><span style=\"font-family: Verdana,Geneva,sans-serif;\"><span style=\"color: #000000;\"><span style=\"font-size: 13px;\"><span style=\"font-family: Verdana,Geneva,sans-serif;\"><span style=\"color: #000000;\"><span style=\"font-size: 13px;\"><span style=\"font-family: Verdana,Geneva,sans-serif;\">[J\u00e4rgnevad tr\u00fckid: 2007,<\/span><\/span><\/span><\/span><\/span><\/span><\/span><\/span><\/span> 2020.]<\/span><\/span><\/span><\/span><\/span><\/span><br><strong>Draakonid v\u00f5\u00f5rsil<\/strong>. Tallinn: Tiritamm, 2002. 61 lk.<br><strong>Mammutilaps ajab tuult taga<\/strong>: jutt. Tallinn: Avita, 2002. 14 lk. [2. tr\u00fckk: 2024.]<br><strong>Paula ja \u00f5uelapsed<\/strong>. Tallinn: Tiritamm, 2002. 46 lk. <span style=\"color: #000000;\"><span style=\"font-size: 13px;\"><span style=\"font-family: Verdana,Geneva,sans-serif;\"><span style=\"color: #000000;\"><span style=\"font-size: 13px;\"><span style=\"font-family: Verdana,Geneva,sans-serif;\">[2. tr\u00fckk: 2020.]<\/span><\/span><\/span><\/span><\/span><\/span><br><strong>Paula \u00f5pib emakeelt<\/strong>. Tallinn: Tiritamm, 2002. 46 lk. <span style=\"color: #000000;\"><span style=\"font-size: 13px;\"><span style=\"font-family: Verdana,Geneva,sans-serif;\"><span style=\"color: #000000;\"><span style=\"font-size: 13px;\"><span style=\"font-family: Verdana,Geneva,sans-serif;\">[2. tr\u00fckk: 2021.]<\/span><\/span><\/span><\/span><\/span><\/span><br><strong>Paula ja Patrik<\/strong>: jutustus. Tallinn: Tiritamm, 2003. 61 lk. <span style=\"color: #000000;\"><span style=\"font-size: 13px;\"><span style=\"font-family: Verdana,Geneva,sans-serif;\"><span style=\"color: #000000;\"><span style=\"font-size: 13px;\"><span style=\"font-family: Verdana,Geneva,sans-serif;\">[2. tr\u00fckk: 2021.]<\/span><\/span><\/span><\/span><\/span><\/span><br><strong>Paula k\u00e4ib poes<\/strong>. Tallinn: Tiritamm, 2003. 46 lk. [2. tr\u00fckk: 2022.]<br><strong>Paula l\u00e4heb piknikule<\/strong>. Tallinn: Tiritamm, 2003. 46 lk. <span style=\"color: #000000;\"><span style=\"font-size: 13px;\"><span style=\"font-family: Verdana,Geneva,sans-serif;\">[2. tr\u00fckk: 2022.]<\/span><\/span><\/span><br><strong>Paula m\u00e4ngib<\/strong>. Tallinn: Tiritamm, 2003. 31 lk.<br><strong>Paula p\u00e4\u00e4stab Kassiopeiat<\/strong>: jutustus. Tallinn: Tiritamm, 2003. 46 lk. <span style=\"color: #000000;\"><span style=\"font-size: 13px;\"><span style=\"font-family: Verdana,Geneva,sans-serif;\">[2. tr\u00fckk: 2023.]<\/span><\/span><\/span><br><strong>Paula viiakse haiglasse<\/strong>. Tallinn: Tiritamm, 2003. 46 lk. <span style=\"color: #000000;\"><span style=\"font-size: 13px;\"><span style=\"font-family: Verdana,Geneva,sans-serif;\">[2. tr\u00fckk: 2023.]<\/span><\/span><\/span><br><strong>Dixi ja Xixi<\/strong>: jutud. Tallinn: Ilo, 2005. 138 lk.<br><strong>Paula lumememm<\/strong>. Tallinn: Tiritamm, 2005. 62 lk. <span style=\"color: #000000;\"><span style=\"font-size: 13px;\"><span style=\"font-family: Verdana,Geneva,sans-serif;\"><span style=\"color: #000000;\"><span style=\"font-size: 13px;\"><span style=\"font-family: Verdana,Geneva,sans-serif;\">[2. tr\u00fckk: 2022.]<\/span><\/span><\/span><\/span><\/span><\/span><br><strong>Paula l\u00e4heb k\u00fclla<\/strong>: jutustus. Tallinn: Tiritamm, 2005. 46 lk.<br><strong>Paula raamatukogus<\/strong>: jutustus. Tallinn: Tiritamm, 2005. 46 lk. <span style=\"color: #000000;\"><span style=\"font-size: 13px;\"><span style=\"font-family: Verdana,Geneva,sans-serif;\"><span style=\"color: #000000;\"><span style=\"font-size: 13px;\"><span style=\"font-family: Verdana,Geneva,sans-serif;\">[2. tr\u00fckk: 2022.]<\/span><\/span><\/span><\/span><\/span><\/span><br><strong>Paula aabits<\/strong>. Tallinn: Tiritamm, 2007. 46 lk. [2. tr\u00fckk: 2024.]<br><strong>Suleline, Puhuja ja must munk<\/strong>: jutustus. Tallinn: T\u00e4nap\u00e4ev, 2007. 347 lk.<br><strong>Paula s\u00f5idab kevadet vaatama<\/strong>. Tallinn: Tiritamm, 2008. 45 lk.<br><strong>Presidendilood<\/strong>. Tallinn: T\u00e4nap\u00e4ev, 2008. 97 lk. [J\u00e4rgnevad tr\u00fckid: 2013, 2024.]<br><strong>Aiapidu roosiaias<\/strong>. Tallinn: Tammerraamat, 2009. 74 lk.<br><strong>Kollasel autop\u00f5rnikal l\u00e4heb h\u00e4sti<\/strong>. Tallinn: Avita, 2009. 40 lk.<br><strong>Krokodill<\/strong>. Tallinn: Tammerraamat, 2009. 71 lk.<br><strong>Kui sa n\u00e4ed korstnap\u00fchkijat<\/strong>. Tallinn: Tammeraamat, 2009. 81 lk.<br><strong>Tilluke loomateater<\/strong>. Rahvaluule ainetel Aino Pervik. Tallinn: Avita, 2009. 40 lk.<br><strong>Tirilinnas algab kool<\/strong>. Tallinn: Tammerraamat, 2009. 48 lk.<br><strong>\u00dches v\u00e4ikses veidras linnas<\/strong>. Tallinn: T\u00e4nap\u00e4ev, 2009. 82 lk.<br><strong>Matlena teekond<\/strong>. Tallinn: Mustvalge Kirjastus, 2010. 72 lk.<br><strong>Piknik Ristineemel<\/strong>. Tallinn: Tammerraamat, 2010. 79 lk.<br><strong>J\u00fcri soolaleivapidu<\/strong>. Tallinn: Tammerraamat, 2011. 92 lk.<br><strong>Isegi Max ei usu enam<\/strong>. Tallinn: Tammerraamat, 2012. 74 lk.<br><strong>Kirjat\u00e4htede keerukas elu<\/strong>: teateid kirjas\u00f5namaailmast. Tallinn: T\u00e4nap\u00e4ev, 2012. 114 lk.<br><strong>Klabautermanni mure<\/strong>. Tallinn: T\u00e4nap\u00e4ev, 2012. 99 lk.<br><strong>Proua O imekspanemised<\/strong>. Tallinn: Mustvalge Kirjastus, 2012. 79 lk.<br><strong>R\u00e4ndav kassiemme<\/strong>. Tallinn: Tammerraamat, 2012. 28 lk.<br><strong>J\u00e4nes keedab suppi<\/strong>. Tallinn: P\u00e4ike ja Pilv, 2013. 29 lk.<br><strong>V\u00e4ike valge pilvelammas, kes l\u00e4ks l\u00e4bi vikerkaare<\/strong>. Tallinn: P\u00e4ike ja Pilv, 2013. 28 lk.<br><strong>H\u00e4rra Tee ja proua Kohv<\/strong>. Tallinn: T\u00e4nap\u00e4ev, 2014. 83 lk.<br><strong>Roosaliisa prillid<\/strong>. Tallinn: P\u00e4ike ja Pilv, 2014. 24 lk.<br><strong>Sinivant l\u00e4heb lasteaeda<\/strong>. Tallinn: Tammerraamat, 2014. 24 lk. [2. tr\u00fckk: 2016.]<br><strong>J\u00e4\u00e4purikas, murelik piim ja teised t\u00fc\u00fcbid<\/strong>. Tallinn: T\u00e4nap\u00e4ev, 2015. 76 lk.<br><strong>T\u00e4hen\u00e4rija ja Kriksadull<\/strong>. Tallinn: T\u00e4nap\u00e4ev, 2015. 69 lk.<br><strong>H\u00e4daoru kuningas<\/strong>. Tallinn: T\u00e4nap\u00e4ev, 2016. 60 lk.<br><strong>Sinivant kuulab unejuttu<\/strong>. Tallinn: Tammerraamat, 2016. 28 lk.<br><strong>Sinivant joonistab<\/strong>. Tallinn: Tammerraamat, 2017. 28 lk.<br><strong>T\u00e4hen\u00e4rija raamatukogu<\/strong>. Tartu: Petrone Print, 2017. 94 lk.<br><strong>Nummipealt ja mujalt<\/strong>: lood ja limerikud. Tallinn: T\u00e4nap\u00e4ev, 2018. 74 lk.<br><strong>Sinivant<\/strong>. Tallinn: Tammerraamat, 2020. 56 lk.<\/span><\/span><\/span> <span style=\"color: #000000;\"><span style=\"font-size: 13px;\"><span style=\"font-family: Verdana,Geneva,sans-serif;\"><span style=\"color: #000000;\"><span style=\"font-size: 13px;\"><span style=\"font-family: Verdana,Geneva,sans-serif;\">[2. tr\u00fckk: 2025.]<\/span><\/span><\/span><\/span><\/span><\/span><br><strong>Tuulelohe saab s\u00f5braks<\/strong>. Tallinn: T\u00e4nap\u00e4ev, 2021, 61 lk.<\/p>\n\n\n\n<p><strong><em>Novels<\/em><br>\u00d5hupall<\/strong>: noorsooromaan. Tallinn: Eesti Raamat, 1969. 174 lk.<br><strong>Kaetud lauad<\/strong>. Tallinn: Eesti Raamat 1979. 191 lk.<br><strong>Kiikujad v\u00e4ravakaartel<\/strong>. Tallinn: Eesti Raamat, 1989. 190 lk. [2. tr\u00fckk: 2022.]<br><strong>\u00dcks hele valge tuvi<\/strong>. Tallinn: Eesti Raamat, 1995. 151 lk.<\/p>\n\n\n\n<p><strong><em>Short stories<\/em><\/strong><br><strong>Impulss<\/strong>: novellid. Tallinn: Eesti Raamat, 1982. 102 lk.<br><strong>Tules\u00f5itjad<\/strong>: novellid. Tallinn: Eesti Raamat, 1988. 142 lk.<\/p>\n\n\n\n<p><strong><em>Poetry<\/em><\/strong><br><strong>Umimetsades<\/strong>: luulet 1976\u20131977. Tallinn: Perioodika, 1977. 48 lk.<br><strong>Kiljub ning kumiseb<\/strong>: keskaja ts\u00fckkel. Tallinn: Eesti Raamat, 1982. 43 lk.<br><strong>Kellavalaja<\/strong>. Tallinn: Eesti Raamat, 1985. 70 lk.<br><strong>Puusseastuja<\/strong>: luulets\u00fckkel, 1981\u20131987. Tallinn: Eesti Raamat, 1991. 54 lk.<\/p>\n\n\n\n<p><strong><em>Plays<\/em><\/strong><br><strong>Kunksmoorilugu<\/strong>: lasten\u00e4idend kahes vaatuses. Tallinn: Tiritamm, 2006. 53 lk.<br><strong>Ahvil on h\u00e4bi<\/strong>: n\u00e4idend 6\u20138-aastastele lastele. Tallinn: Eesti Teatri Agentuur, 2010. 317 lk.<\/p>\n\n\n\n<p><em><strong>Memoirs, t<\/strong><\/em><strong><em>ravelogues<\/em><\/strong><br>Aino Pervik, Eno Raud, <strong>Rein karuradadel: reisijutt Karjalast<\/strong>. Tallinn: Eesti Riiklik Kirjastus, 1962. 131 lk.<br><strong>Miniatuurid m\u00e4lup\u00f5hjast<\/strong>. Tallinn: Salv, 2020, 90 lk.<\/p>\n","protected":false},"excerpt":{"rendered":"<p>Novels Stories About Aino Pervik \u00a0 Aino Pervik (since 1961 real name Aino Raud, 22 IV 1932 \u2013 12 VIII 2025) was an Estonian children\u2019s writer, poet and translator. She was born in Rakvere, the daughter of a medical assistant. &#8230;<\/p>\n","protected":false},"author":43,"featured_media":0,"parent":675,"menu_order":0,"comment_status":"closed","ping_status":"closed","template":"","meta":{"_acf_changed":false,"inline_featured_image":false,"footnotes":""},"class_list":["post-1042","page","type-page","status-publish","hentry"],"acf":[],"_links":{"self":[{"href":"https:\/\/sisu.ut.ee\/ewod\/wp-json\/wp\/v2\/pages\/1042","targetHints":{"allow":["GET"]}}],"collection":[{"href":"https:\/\/sisu.ut.ee\/ewod\/wp-json\/wp\/v2\/pages"}],"about":[{"href":"https:\/\/sisu.ut.ee\/ewod\/wp-json\/wp\/v2\/types\/page"}],"author":[{"embeddable":true,"href":"https:\/\/sisu.ut.ee\/ewod\/wp-json\/wp\/v2\/users\/43"}],"replies":[{"embeddable":true,"href":"https:\/\/sisu.ut.ee\/ewod\/wp-json\/wp\/v2\/comments?post=1042"}],"version-history":[{"count":3,"href":"https:\/\/sisu.ut.ee\/ewod\/wp-json\/wp\/v2\/pages\/1042\/revisions"}],"predecessor-version":[{"id":7486,"href":"https:\/\/sisu.ut.ee\/ewod\/wp-json\/wp\/v2\/pages\/1042\/revisions\/7486"}],"up":[{"embeddable":true,"href":"https:\/\/sisu.ut.ee\/ewod\/wp-json\/wp\/v2\/pages\/675"}],"wp:attachment":[{"href":"https:\/\/sisu.ut.ee\/ewod\/wp-json\/wp\/v2\/media?parent=1042"}],"curies":[{"name":"wp","href":"https:\/\/api.w.org\/{rel}","templated":true}]}}