{"id":1006,"date":"2024-04-03T23:40:39","date_gmt":"2024-04-03T20:40:39","guid":{"rendered":"https:\/\/sisu.ut.ee\/ewod\/haamer\/"},"modified":"2024-04-04T00:08:28","modified_gmt":"2024-04-03T21:08:28","slug":"haamer","status":"publish","type":"page","link":"https:\/\/sisu.ut.ee\/ewod\/h\/haamer\/","title":{"rendered":"Harri Haamer"},"content":{"rendered":"<p>\n\t<a href=\"https:\/\/sisu.ut.ee\/ewod\/h\/haamer\/children\"><strong><span style=\"font-size: medium;font-family: verdana, geneva\">Children\u2019s literature<\/span><\/strong><\/a><strong><span style=\"font-size: medium;font-family: verdana, geneva\"> <\/span><\/strong><span style=\"font-size: medium;font-family: verdana, geneva\"><a href=\"https:\/\/sisu.ut.ee\/wp-content\/uploads\/sites\/108\/harri_haamer.jpg\" target=\"_self\" rel=\"noopener\"><img decoding=\"async\" alt=\"Harri Haamer\" src=\"https:\/\/sisu.ut.ee\/wp-content\/uploads\/sites\/108\/harri_haamer.jpg\" style=\"float: right;width: 200px;height: 307px\"><\/a><\/span>\n<\/p>\n<p>\u00a0\n<\/p>\n<p><span style=\"color:#000000\"><span style=\"font-size:13px\"><span style=\"font-family:Verdana,Geneva,sans-serif\">Harri Haamer (also Harry Haamer, 8 July 1906 \u2013 8 August 1987) was a pastor, writer and cultural historian.<\/span><\/span><\/span>\n<\/p>\n<p>\n\t<span style=\"color:#000000\"><span style=\"font-size:13px\"><span style=\"font-family:Verdana,Geneva,sans-serif\">Haamer was born in Kuressaare in Saaremaa Island as the son of an official. From 1914\u20131918, he attended Alexey and German gymnasiums and from 1918\u20131924 Saaremaa Coeducational Gymnasium, all in Kuressaare. From 1924\u20131929, he studied theology at the University of Tartu. After ordination, Haamer worked from 1929\u20131933 as pastor of P\u00fcha congregation in Saaremaa, from 1933\u20131948 of Tartu St Paul\u2019s and from 1955 to his death of Tarvastu congregation. From 1929, he was the first secretary for youth work at the Estonian Evangelical Lutheran Church and one of the ideologues of the Boy Scouts movement. From 1933\u20131938, he edited the magazine Meie S\u00f5ber and published numerous articles on the Boy Scouts movement.<\/span><\/span><\/span>\n<\/p>\n<p>\n\t<span style=\"color:#000000\"><span style=\"font-size:13px\"><span style=\"font-family:Verdana,Geneva,sans-serif\">Although Harri Haamer did not serve the German occupation forces during World War II, the Soviet authorities punished him with deportation to Siberia in 1948, as he refused to obey the order to stop teaching the Christian message to young people. From 1948\u20131954, he was in forced labour camps in Siberia, from 1954\u20131955 in banishment. From 1962\u20131970, Haamer worked as lecturer of Old Testament and Semitic languages at the Institute of Theology of the Estonian Evangelical Lutheran Church. He was dismissed from this post on the demand of KGB.<\/span><\/span><\/span>\n<\/p>\n<p>\n\t<span style=\"color:#000000\"><span style=\"font-size:13px\"><span style=\"font-family:Verdana,Geneva,sans-serif\">Harri Haamer made his debut in print in 1925 and, from that time onwards, published articles, short stories, memories and spiritual reflections. Haamer\u2019s first book was the short monograph <em>Rudolf Kallase elulugu<\/em> (\u2018Biography of Rudolf Kallas\u2019) published in 1929. He has written numerous ethically wakeful children\u2019s and youth books most of which he illustrated himself. Part of them were translated into German and prepared for publishing in print in Germany by Haamer\u2019s colleague, pastor Gustav Haller who emigrated from Estonia in 1939. Haamer has also published collections of sermons. Some of the children\u2019s books and spiritual texts remained in manuscript.<\/span><\/span><\/span>\n<\/p>\n<p>\n\t<span style=\"color:#000000\"><span style=\"font-size:13px\"><span style=\"font-family:Verdana,Geneva,sans-serif\">Harri Haamer\u2019s memories of Siberia appeared posthumously in 1993 under the title <em>Meie elu on taevas<\/em> (\u2018We Shall Live in Heaven\u2019). The book has also been published in Finnish, Russian, German and English. The book reveals the author\u2019s philosophical look at the contradictions between power and spirit.<\/span><\/span><\/span>\n<\/p>\n<p>\n\t<em><span style=\"color:#000000\"><span style=\"font-size:13px\"><span style=\"font-family:Verdana,Geneva,sans-serif\">L. P. (Translated by I. A.)<\/span><\/span><\/span><\/em>\n<\/p>\n<p><strong><span style=\"font-size:16px\"><span style=\"color:#000000\"><span style=\"font-family:Verdana,Geneva,sans-serif\">Books in Estonian<\/span><\/span><\/span><\/strong>\n<\/p>\n<p>\n\t<span style=\"color:#000000\"><span style=\"font-size:13px\"><span style=\"font-family:Verdana,Geneva,sans-serif\"><strong><em>Sermons<\/em><\/strong><br><strong>Tema k\u00e4si: p\u00fchade m\u00f5tteid<\/strong>. Tartu: Tartu Pauluse koguduse I pihtkond, 1934. 144 lk.<br><strong>Seitse palvet<\/strong>. Stockholm: Eesti Vaimulik Raamat, 1980. 16 lk.<br><strong>Avatud taeva all<\/strong>. Tallinn: Logos, 1998. 469 lk.<br><strong>Mu s\u00fcdames on \u00fclest\u00f5usmine<\/strong>. Tallinn: Logos, 2002. 532 lk.<\/span><\/span><\/span>\n<\/p>\n<p>\n\t<span style=\"color:#000000\"><span style=\"font-size:13px\"><span style=\"font-family:Verdana,Geneva,sans-serif\"><strong><em>Youth work<\/em><\/strong><br><strong>Vabadusp\u00e4evaks: XVI<\/strong>. Tartu: Tartu Skautide Malev, 1934. 31 lk.<br><strong>15 aastat skautlikku noorsoot\u00f6\u00f6d Saaremaal. M\u00f5tteid ja tagasivaateid<\/strong>. Kuressaare: Saaremaa Skautide Malev, 1936. 27 lk.<br><strong>18. Eesti karskuskongress<\/strong>: Tallinnas 13. ja 14. juunil 1936. a. Tartu: Eesti Karskusliit, 1936. 31 lk.<br><strong>28 aastat skautlust Eestis<\/strong>. Tartu: Tartu Skaudis\u00f5prade \u00dching, 1939. 63 lk.<br><strong>Sinule!: tunnistusi noortele<\/strong>. Tartu: Tartu Pauluse I Kogudus, 1940. 66 lk.<br><strong>Tartu Pauluse I koguduse j\u00f5ulutervitus lastele 1943<\/strong>. Tartu: Postimees, 1943. 15 lk.<\/span><\/span><\/span>\n<\/p>\n<p>\n\t<span style=\"color:#000000\"><span style=\"font-size:13px\"><span style=\"font-family:Verdana,Geneva,sans-serif\"><strong><em>Memoirs<\/em><\/strong><br><strong>Meie elu on taevas. Siberi m\u00e4lestused<\/strong>. Tallinn: Logos, 1993. 205 lk.<\/span><\/span><\/span>\n<\/p>\n<p>\n\t<span style=\"color:#000000\"><span style=\"font-size:13px\"><span style=\"font-family:Verdana,Geneva,sans-serif\"><strong><em>Children\u2019s stories<\/em><\/strong><br><strong>Vanaema inglilaul<\/strong>: seitse juttu lastele. Tallinn: E.E.L.K. Noorsoot\u00f6\u00f6 Keskus, 1937. 48 lk.<br><strong>Jeesus kutsub<\/strong>: seitse juttu lastele. Tallinn: EELK Noorsoot\u00f6\u00f6 Keskus, 1938. 48 lk.<br><strong>Pilk p\u00e4ikesesse<\/strong>: kuus juttu lastele. Tallinn: EELK Noorsoot\u00f6\u00f6 Keskus, 1938. 46 lk.<br><strong>Ester<\/strong>: jutt \u00fchest v\u00e4ikesest t\u00fcdrukust. Tallinn: EELK Konsistoorium, 1943. 39 lk.<br><strong>Naatani lood<\/strong>. Tallinn: Varrak, 1992. 28 lk.<br><strong>Laste lood<\/strong>. Imavere: Shalom, 2006. 183 lk.<\/span><\/span><\/span>\n<\/p>\n<p>\n\t<span style=\"color:#000000\"><span style=\"font-size:13px\"><span style=\"font-family:Verdana,Geneva,sans-serif\"><strong><em>Monographs<\/em><\/strong><br><strong>Rudolf Kallas<\/strong>. Tallinn: Eesti Kirik, 1929. 53 lk.<\/span><\/span><\/span><\/p>\n","protected":false},"excerpt":{"rendered":"<p>Children\u2019s literature \u00a0 Harri Haamer (also Harry Haamer, 8 July 1906 \u2013 8 August 1987) was a pastor, writer and cultural historian. Haamer was born in Kuressaare in Saaremaa Island as the son of an official. From 1914\u20131918, he attended &#8230;<\/p>\n","protected":false},"author":43,"featured_media":0,"parent":599,"menu_order":0,"comment_status":"closed","ping_status":"closed","template":"","meta":{"_acf_changed":false,"inline_featured_image":false,"footnotes":""},"class_list":["post-1006","page","type-page","status-publish","hentry"],"acf":[],"_links":{"self":[{"href":"https:\/\/sisu.ut.ee\/ewod\/wp-json\/wp\/v2\/pages\/1006","targetHints":{"allow":["GET"]}}],"collection":[{"href":"https:\/\/sisu.ut.ee\/ewod\/wp-json\/wp\/v2\/pages"}],"about":[{"href":"https:\/\/sisu.ut.ee\/ewod\/wp-json\/wp\/v2\/types\/page"}],"author":[{"embeddable":true,"href":"https:\/\/sisu.ut.ee\/ewod\/wp-json\/wp\/v2\/users\/43"}],"replies":[{"embeddable":true,"href":"https:\/\/sisu.ut.ee\/ewod\/wp-json\/wp\/v2\/comments?post=1006"}],"version-history":[{"count":1,"href":"https:\/\/sisu.ut.ee\/ewod\/wp-json\/wp\/v2\/pages\/1006\/revisions"}],"predecessor-version":[{"id":4072,"href":"https:\/\/sisu.ut.ee\/ewod\/wp-json\/wp\/v2\/pages\/1006\/revisions\/4072"}],"up":[{"embeddable":true,"href":"https:\/\/sisu.ut.ee\/ewod\/wp-json\/wp\/v2\/pages\/599"}],"wp:attachment":[{"href":"https:\/\/sisu.ut.ee\/ewod\/wp-json\/wp\/v2\/media?parent=1006"}],"curies":[{"name":"wp","href":"https:\/\/api.w.org\/{rel}","templated":true}]}}