{"id":7597,"date":"2025-09-20T11:43:55","date_gmt":"2025-09-20T08:43:55","guid":{"rendered":"https:\/\/sisu.ut.ee\/ewod\/?page_id=7597"},"modified":"2025-09-20T11:43:56","modified_gmt":"2025-09-20T08:43:56","slug":"juhan-jaigi-kohta","status":"publish","type":"page","link":"https:\/\/sisu.ut.ee\/ewod\/et\/j\/juhan-jaik\/juhan-jaigi-kohta\/","title":{"rendered":"Juhan Jaigi kohta"},"content":{"rendered":"<p><em><strong>Artiklid<\/strong><\/em><br>Anon\u00fc\u00fcmne, <strong>Juhan Jaik 40-aastane<\/strong>. \u2013 Postimees, 12. I 1939, lk 6.<br>Oskar Loorits, <strong>Juhan Jaik V\u00f5rumaa vaimsuse kehastajana<\/strong>. \u2013 S\u00f5na, nr 1, 1949.<br>Toomas Haug, <strong>Juhan Jaigi uustr\u00fcki puhul<\/strong>. \u2013 Sirp ja Vasar, 21. XI 1980, lk 6\u20137, 14. [Raamatust \u2018Kaarnakivi\u2019.]<br>Ruth Mirov, <strong>Juhan Jaigi \u2018V\u00f5rumaa juttude\u2019 rahvaluuletaustast<\/strong>. \u2013 Looming, nr 12, 1989, lk 1698\u20131704.<br>Kauksi \u00dclle, <strong>Nad j\u00e4\u00e4vad \u00fchte \u2013 V\u00f5rumaa ja Juhan Jaik: k\u00f5ige v\u00f5rulikuma v\u00f5ru kirjaniku loomingus segunevad usk ja m\u00fcstika<\/strong>. \u2013 Eesti P\u00e4evaleht, 13. I 1999, lk 10.<br>Madis K\u00f5iv, <strong>Juhan Jaik. Vihmatark ja luudermikk<\/strong>. \u2013 Looming, nr 1, 1999, lk 117\u2013135; nr 2, 1999, lk 261\u2013281.<br>Reet Krusten, <strong>Juhan Jaik ja tema \u2018Hunt\u2019<\/strong>. \u2013 Keel ja Kirjandus, nr 1, 1999, lk 6\u20138.<br>Hasso Krull, <strong>Tung ja iha. Juhan Jaigi muinasjutulised fantaasiad<\/strong>. \u2013 Keel ja Kirjandus, nr 9, 1999, lk 593\u2013600.<br>Hilve Rebane, <strong>Kodupaik ja kodumaa Juhan Jaigi loomingus<\/strong>. \u2013 Eestlane ja tema maa: konverentsi \u2018Kodumaa ja kodupaik: eestlase territoriaalne identiteet\u2019 (16.\u201317. november 1999 Tallinn) materjale. Tallinn: Ajaloo Instituut, 2000, 239 lk, lk 207\u2013214.<br>Maarja Vaino, <strong>Juhan Jaik ja p\u00e4ikese ise\u00e4ralik kiir<\/strong>. \u2013 Kriteerium: valitud artiklid 2006\u20132007. Tallinn: Eesti\u2013Kambod\u017ea MT\u00dc, 2007, 190 lk, lk 160\u2013163.<br>Valdur Raudvassar, <strong>Surematu Juhan Jaik<\/strong>. \u2013 V\u00f5rumaa Teataja, 6. XII 2008, lk 7.<br>Lauri Sommer, <strong>Juhan Jaik raudses peeglis ja natuke raamist<\/strong>. \u2013 Looming, nr 7, 2014, lk 949\u2013959.<\/p>\n\n\n\n<p><em><strong>Arvustused<\/strong><\/em><br>Mart Raud, <strong>J. Jaiki luulekogu \u2018R\u00f5uge kiriku kell\u2019 kohta<\/strong>. \u2013 Looming, nr 3, 1924, lk 217\u2013219.<br>Oskar Urgart, <strong>Juhan Jaik \u2013 \u2018Kaamelid pasunapuhujatega\u2019<\/strong>. \u2013 Looming, nr 8, 1928, lk 800\u2013803.<br>Artur Adson, <strong>Arvustus raamatule: Juhan Jaik. V\u00f5rumaa jutud II<\/strong>. \u2013 Eesti Kirjandus, nr 1, 1934, lk 34\u201336.<br>Friedebert Tuglas, <strong>Eesti romaan 1934<\/strong>. \u2013 Eesti Kirjandus, nr 3, 1935, lk 109 125. [Jaigist lk 125.]<\/p>\n\n\n\n<p><em><strong>Intervjuud<\/strong><\/em><br>Rein Veidemann, <strong>M\u00fcstiline Juhan Jaik<\/strong>. \u2013 Postimees, 8. I 2005, lk 19. (Intervjueeritav Ilo Jaik\/Riedberg.]<\/p>\n","protected":false},"excerpt":{"rendered":"<p>ArtiklidAnon\u00fc\u00fcmne, Juhan Jaik 40-aastane. \u2013 Postimees, 12. I 1939, lk 6.Oskar Loorits, Juhan Jaik V\u00f5rumaa vaimsuse kehastajana. \u2013 S\u00f5na, nr 1, 1949.Toomas Haug, Juhan Jaigi uustr\u00fcki puhul. \u2013 Sirp ja Vasar, 21. XI 1980, lk 6\u20137, 14. [Raamatust \u2018Kaarnakivi\u2019.]Ruth Mirov, &#8230;<\/p>\n","protected":false},"author":43,"featured_media":0,"parent":7593,"menu_order":0,"comment_status":"closed","ping_status":"closed","template":"","meta":{"_acf_changed":false,"inline_featured_image":false,"footnotes":""},"class_list":["post-7597","page","type-page","status-publish","hentry"],"acf":[],"_links":{"self":[{"href":"https:\/\/sisu.ut.ee\/ewod\/et\/wp-json\/wp\/v2\/pages\/7597","targetHints":{"allow":["GET"]}}],"collection":[{"href":"https:\/\/sisu.ut.ee\/ewod\/et\/wp-json\/wp\/v2\/pages"}],"about":[{"href":"https:\/\/sisu.ut.ee\/ewod\/et\/wp-json\/wp\/v2\/types\/page"}],"author":[{"embeddable":true,"href":"https:\/\/sisu.ut.ee\/ewod\/et\/wp-json\/wp\/v2\/users\/43"}],"replies":[{"embeddable":true,"href":"https:\/\/sisu.ut.ee\/ewod\/et\/wp-json\/wp\/v2\/comments?post=7597"}],"version-history":[{"count":1,"href":"https:\/\/sisu.ut.ee\/ewod\/et\/wp-json\/wp\/v2\/pages\/7597\/revisions"}],"predecessor-version":[{"id":7598,"href":"https:\/\/sisu.ut.ee\/ewod\/et\/wp-json\/wp\/v2\/pages\/7597\/revisions\/7598"}],"up":[{"embeddable":true,"href":"https:\/\/sisu.ut.ee\/ewod\/et\/wp-json\/wp\/v2\/pages\/7593"}],"wp:attachment":[{"href":"https:\/\/sisu.ut.ee\/ewod\/et\/wp-json\/wp\/v2\/media?parent=7597"}],"curies":[{"name":"wp","href":"https:\/\/api.w.org\/{rel}","templated":true}]}}

<p><em><strong>Artiklid</strong></em><br>Anonüümne, <strong>Juhan Jaik 40-aastane</strong>. – Postimees, 12. I 1939, lk 6.<br>Oskar Loorits, <strong>Juhan Jaik Võrumaa vaimsuse kehastajana</strong>. – Sõna, nr 1, 1949.<br>Toomas Haug, <strong>Juhan Jaigi uustrüki puhul</strong>. – Sirp ja Vasar, 21. XI 1980, lk 6–7, 14. [Raamatust ‘Kaarnakivi’.]<br>Ruth Mirov, <strong>Juhan Jaigi ‘Võrumaa juttude’ rahvaluuletaustast</strong>. – Looming, nr 12, 1989, lk 1698–1704.<br>Kauksi Ülle, <strong>Nad jäävad ühte – Võrumaa ja Juhan Jaik: kõige võrulikuma võru kirjaniku loomingus segunevad usk ja müstika</strong>. – Eesti Päevaleht, 13. I 1999, lk 10.<br>Madis Kõiv, <strong>Juhan Jaik. Vihmatark ja luudermikk</strong>. – Looming, nr 1, 1999, lk 117–135; nr 2, 1999, lk 261–281.<br>Reet Krusten, <strong>Juhan Jaik ja tema ‘Hunt’</strong>. – Keel ja Kirjandus, nr 1, 1999, lk 6–8.<br>Hasso Krull, <strong>Tung ja iha. Juhan Jaigi muinasjutulised fantaasiad</strong>. – Keel ja Kirjandus, nr 9, 1999, lk 593–600.<br>Hilve Rebane, <strong>Kodupaik ja kodumaa Juhan Jaigi loomingus</strong>. – Eestlane ja tema maa: konverentsi ‘Kodumaa ja kodupaik: eestlase territoriaalne identiteet’ (16.–17. november 1999 Tallinn) materjale. Tallinn: Ajaloo Instituut, 2000, 239 lk, lk 207–214.<br>Maarja Vaino, <strong>Juhan Jaik ja päikese iseäralik kiir</strong>. – Kriteerium: valitud artiklid 2006–2007. Tallinn: Eesti–Kambodža MTÜ, 2007, 190 lk, lk 160–163.<br>Valdur Raudvassar, <strong>Surematu Juhan Jaik</strong>. – Võrumaa Teataja, 6. XII 2008, lk 7.<br>Lauri Sommer, <strong>Juhan Jaik raudses peeglis ja natuke raamist</strong>. – Looming, nr 7, 2014, lk 949–959.</p>



<p><em><strong>Arvustused</strong></em><br>Mart Raud, <strong>J. Jaiki luulekogu ‘Rõuge kiriku kell’ kohta</strong>. – Looming, nr 3, 1924, lk 217–219.<br>Oskar Urgart, <strong>Juhan Jaik – ‘Kaamelid pasunapuhujatega’</strong>. – Looming, nr 8, 1928, lk 800–803.<br>Artur Adson, <strong>Arvustus raamatule: Juhan Jaik. Võrumaa jutud II</strong>. – Eesti Kirjandus, nr 1, 1934, lk 34–36.<br>Friedebert Tuglas, <strong>Eesti romaan 1934</strong>. – Eesti Kirjandus, nr 3, 1935, lk 109 125. [Jaigist lk 125.]</p>



<p><em><strong>Intervjuud</strong></em><br>Rein Veidemann, <strong>Müstiline Juhan Jaik</strong>. – Postimees, 8. I 2005, lk 19. (Intervjueeritav Ilo Jaik/Riedberg.]</p>

<p>ArtiklidAnonüümne, Juhan Jaik 40-aastane. – Postimees, 12. I 1939, lk 6.Oskar Loorits, Juhan Jaik Võrumaa vaimsuse kehastajana. – Sõna, nr 1, 1949.Toomas Haug, Juhan Jaigi uustrüki puhul. – Sirp ja Vasar, 21. XI 1980, lk 6–7, 14. [Raamatust ‘Kaarnakivi’.]Ruth Mirov, &#8230;</p>
