{"id":7515,"date":"2025-08-27T14:01:08","date_gmt":"2025-08-27T11:01:08","guid":{"rendered":"https:\/\/sisu.ut.ee\/ewod\/?page_id=7515"},"modified":"2025-08-27T14:01:09","modified_gmt":"2025-08-27T11:01:09","slug":"villem-buki-kohta","status":"publish","type":"page","link":"https:\/\/sisu.ut.ee\/ewod\/et\/b\/villem-buk\/villem-buki-kohta\/","title":{"rendered":"Villem Buki kohta"},"content":{"rendered":"<p><strong><em>Artiklid<\/em><\/strong><br>Aarne Vinkel, <strong>T\u00f6\u00f6liskirjanik Villem Buki elust ja loomingust<\/strong>. \u2013 Edasi, 14. V 1950, lk 2.<br>Aarne Vinkel, <strong>Uusi andmeid Villem Bukist<\/strong>. \u2013 Sirp ja Vasar, 12. IX 1952, lk 4.<br>Ello S\u00e4\u00e4rits, <strong>Villem Buki 75. s\u00fcnniaastap\u00e4eva puhul<\/strong>. \u2013 Noorte H\u00e4\u00e4l, 25. III 1954, lk 3.<br>Aarne Vinkel, <strong>Villem Buki viimane teos<\/strong>. \u2013 N\u00f5ukogude \u00d5petaja, 1. I 1955, lk 2.<br>Aarne Vinkel, <strong>Villem Buk ja tema looming aja voolus<\/strong>. \u2013 Keel ja Kirjandus, nr 4, 1979, lk 217\u2013225.<br>Alma Vaarman, <strong>Siiski \u2013 veel kord Villem Bukist<\/strong>. \u2013 Keel ja Kirjandus, nr 5, 1980, lk 294\u2013296.<\/p>\n","protected":false},"excerpt":{"rendered":"<p>ArtiklidAarne Vinkel, T\u00f6\u00f6liskirjanik Villem Buki elust ja loomingust. \u2013 Edasi, 14. V 1950, lk 2.Aarne Vinkel, Uusi andmeid Villem Bukist. \u2013 Sirp ja Vasar, 12. IX 1952, lk 4.Ello S\u00e4\u00e4rits, Villem Buki 75. s\u00fcnniaastap\u00e4eva puhul. \u2013 Noorte H\u00e4\u00e4l, 25. III &#8230;<\/p>\n","protected":false},"author":43,"featured_media":0,"parent":7512,"menu_order":0,"comment_status":"closed","ping_status":"closed","template":"","meta":{"_acf_changed":false,"inline_featured_image":false,"footnotes":""},"class_list":["post-7515","page","type-page","status-publish","hentry"],"acf":[],"_links":{"self":[{"href":"https:\/\/sisu.ut.ee\/ewod\/et\/wp-json\/wp\/v2\/pages\/7515","targetHints":{"allow":["GET"]}}],"collection":[{"href":"https:\/\/sisu.ut.ee\/ewod\/et\/wp-json\/wp\/v2\/pages"}],"about":[{"href":"https:\/\/sisu.ut.ee\/ewod\/et\/wp-json\/wp\/v2\/types\/page"}],"author":[{"embeddable":true,"href":"https:\/\/sisu.ut.ee\/ewod\/et\/wp-json\/wp\/v2\/users\/43"}],"replies":[{"embeddable":true,"href":"https:\/\/sisu.ut.ee\/ewod\/et\/wp-json\/wp\/v2\/comments?post=7515"}],"version-history":[{"count":1,"href":"https:\/\/sisu.ut.ee\/ewod\/et\/wp-json\/wp\/v2\/pages\/7515\/revisions"}],"predecessor-version":[{"id":7518,"href":"https:\/\/sisu.ut.ee\/ewod\/et\/wp-json\/wp\/v2\/pages\/7515\/revisions\/7518"}],"up":[{"embeddable":true,"href":"https:\/\/sisu.ut.ee\/ewod\/et\/wp-json\/wp\/v2\/pages\/7512"}],"wp:attachment":[{"href":"https:\/\/sisu.ut.ee\/ewod\/et\/wp-json\/wp\/v2\/media?parent=7515"}],"curies":[{"name":"wp","href":"https:\/\/api.w.org\/{rel}","templated":true}]}}

<p><strong><em>Artiklid</em></strong><br>Aarne Vinkel, <strong>Tööliskirjanik Villem Buki elust ja loomingust</strong>. – Edasi, 14. V 1950, lk 2.<br>Aarne Vinkel, <strong>Uusi andmeid Villem Bukist</strong>. – Sirp ja Vasar, 12. IX 1952, lk 4.<br>Ello Säärits, <strong>Villem Buki 75. sünniaastapäeva puhul</strong>. – Noorte Hääl, 25. III 1954, lk 3.<br>Aarne Vinkel, <strong>Villem Buki viimane teos</strong>. – Nõukogude Õpetaja, 1. I 1955, lk 2.<br>Aarne Vinkel, <strong>Villem Buk ja tema looming aja voolus</strong>. – Keel ja Kirjandus, nr 4, 1979, lk 217–225.<br>Alma Vaarman, <strong>Siiski – veel kord Villem Bukist</strong>. – Keel ja Kirjandus, nr 5, 1980, lk 294–296.</p>

<p>ArtiklidAarne Vinkel, Tööliskirjanik Villem Buki elust ja loomingust. – Edasi, 14. V 1950, lk 2.Aarne Vinkel, Uusi andmeid Villem Bukist. – Sirp ja Vasar, 12. IX 1952, lk 4.Ello Säärits, Villem Buki 75. sünniaastapäeva puhul. – Noorte Hääl, 25. III &#8230;</p>
