{"id":6834,"date":"2025-03-19T14:15:19","date_gmt":"2025-03-19T12:15:19","guid":{"rendered":"https:\/\/sisu.ut.ee\/ewod\/?page_id=6834"},"modified":"2025-03-27T11:01:19","modified_gmt":"2025-03-27T09:01:19","slug":"rein-sepa-kohta","status":"publish","type":"page","link":"https:\/\/sisu.ut.ee\/ewod\/et\/s\/rein-sepp\/rein-sepa-kohta\/","title":{"rendered":"Rein Sepa kohta"},"content":{"rendered":"<p><em><strong>Artiklid<\/strong><\/em><br>Ain Kaalep, <strong>T\u00f5lkija, germanist, ulmekirjanik<\/strong>. \u2013 Looming, nr 4, 1971, lk 635.<br>Hendrik Sepamaa, <strong>\u201eEdda\u201d eesti keeles<\/strong>. \u2013 Keel ja Kirjandus, nr 5, 1971, lk 310\u2013312. [Raamatust \u2018Vanem Edda\u2019.]<br>Ain Kaalep, <strong>Rein Sepp 60<\/strong>. \u2013 Keel ja Kirjandus, nr 4, 1981, lk 251\u2013252.<br>Madis K\u00f5iv, <strong>Viimne ipiklane<\/strong>. \u2013 Keel ja Kirjandus, nr 4, 1991, lk. 240\u2013241.<br>Votele Viidemann, <strong>Rein Sepp: Hiidudega sina peal<\/strong>. \u2013 Looming, nr 4, 1991, lk. 70\u2013571.<br>Viljar Ansko, <strong>Rein Sepp \u2013 70<\/strong>. \u2013 Sirp, 26. IV 1991, lk. 2.<br>Ilmar Vene, <strong>Rein Sepa p\u00fcramiidid<\/strong>. \u2013 Keel ja Kirjandus, nr 1, 1994, lk. 32\u201334. [T\u00f5lkijat\u00f6\u00f6st.]<br>Eesti Kirjanike Liit, Tartu \u00dclikooli germaani-romaani filoloogia osakond, <strong>Nekroloog<\/strong>. \u2013 Looming, nr 3, 1995, lk 430.<br>\u00dclo Tedre, <strong>Rein Sepp 23. IV 1921 \u2013 25. I 1995<\/strong>. \u2013 Keel ja Kirjandus, nr 4, 1995, lk 284\u2013285.<br>Martin Puhvel, <strong>Veel kord \u201eBeowulfist\u201d ja selle eestindusest<\/strong>. \u2013 Keel ja Kirjandus, nr 8, 1995, lk 566\u2013567.<br>Ain Kaalep, <strong>\u00dcht-teist Rein Sepa puhul<\/strong>. \u2013 Looming, nr 10, 1997, lk 1438.<br>Maret Purasson, <strong>Meenutades Reinu<\/strong>. \u2013 Akadeemia, nr 11, 2003, lk. 2325\u20132386. [Publitseerinud ja saateks: Anneli Sepp.]<br>Lauri Pilter, <strong>Rein Sepa v\u00f5\u00f5rkeelse luule omap\u00e4rast<\/strong>. \u2013 Keel ja Kirjandus, nr 12, 2011, lk. 917\u2013922.<br>Tiit Aleksejev, <strong>Kohalolekust<\/strong>. \u2013 Rein Sepp 90. M\u00e4lestuskonverentsi ettekandeid 23. IV 2011. Korp! Sakala koguteos, Verbum habet Sakala, Tartu: 2014, lk 189\u2013196.<br>Mart Kuldkepp, <strong>Vanap\u00f5hja kirjanduse t\u00f5lkimine eesti keelde ja Rein Sepa p\u00e4rand<\/strong>. \u2013 Rein Sepp 90. M\u00e4lestuskonverentsi ettekandeid 23. IV 2011. Korp! Sakala koguteos, Verbum habet Sakala, Tartu: 2014, lk 197\u2013203.<br>Alar Maas, <strong>Rein Sepp Eesti suundumustest ja tulevikuv\u00f5imalustest<\/strong>. \u2013 Rein Sepp 90. M\u00e4lestuskonverentsi ettekandeid 23. IV 2011. Korp! Sakala koguteos, Verbum habet Sakala, Tartu: 2014, lk 211\u2013220.<br>Lauri Pilter, <strong>M\u00f5tteid Rein Sepa luulest ja eeskujust<\/strong>. \u2013 Rein Sepp 90. M\u00e4lestuskonverentsi ettekandeid 23. IV 2011. Korp! Sakala koguteos, Verbum habet Sakala, Tartu: 2014, lk 221\u2013226.<\/p>\n\n\n\n<p><em><strong>Arvustused<\/strong><\/em><br>Ain Kaalep, <strong>Kolme tulevikufantaasiat \u00fcle lugedes<\/strong>. \u2013 Keel ja Kirjandus, nr 11, 1964, lk 641\u2013647. [Raamatust \u2018Viimne \u00fcksiklane\u2019.]<\/p>\n\n\n\n<p><em><strong>Intervjuud<\/strong><\/em><br>Mart Luik, <strong>Mida teame Muinas-P\u00f5hjast? Vestlus Rein Sepaga<\/strong>. \u2013 Kultuur ja Elu, nr 7, 1990, lk. 19\u201320.<br>Meelis Lainvoo, <strong>V\u00f5ti minevikku: \u201eNoorem Edda\u201d<\/strong>. \u2013 P\u00e4evaleht, 2. VI 1991, lk. 2.<br>Raul Kilgas, <strong>Aeg ajastuis ajastuid maha k\u00e4ib<\/strong>. \u2013 Looming, nr 8, 1997, lk. 1123\u20131136.<\/p>\n","protected":false},"excerpt":{"rendered":"<p>ArtiklidAin Kaalep, T\u00f5lkija, germanist, ulmekirjanik. \u2013 Looming, nr 4, 1971, lk 635.Hendrik Sepamaa, \u201eEdda\u201d eesti keeles. \u2013 Keel ja Kirjandus, nr 5, 1971, lk 310\u2013312. [Raamatust \u2018Vanem Edda\u2019.]Ain Kaalep, Rein Sepp 60. \u2013 Keel ja Kirjandus, nr 4, 1981, lk &#8230;<\/p>\n","protected":false},"author":43,"featured_media":0,"parent":6832,"menu_order":0,"comment_status":"closed","ping_status":"closed","template":"","meta":{"_acf_changed":false,"inline_featured_image":false,"footnotes":""},"class_list":["post-6834","page","type-page","status-publish","hentry"],"acf":[],"_links":{"self":[{"href":"https:\/\/sisu.ut.ee\/ewod\/et\/wp-json\/wp\/v2\/pages\/6834","targetHints":{"allow":["GET"]}}],"collection":[{"href":"https:\/\/sisu.ut.ee\/ewod\/et\/wp-json\/wp\/v2\/pages"}],"about":[{"href":"https:\/\/sisu.ut.ee\/ewod\/et\/wp-json\/wp\/v2\/types\/page"}],"author":[{"embeddable":true,"href":"https:\/\/sisu.ut.ee\/ewod\/et\/wp-json\/wp\/v2\/users\/43"}],"replies":[{"embeddable":true,"href":"https:\/\/sisu.ut.ee\/ewod\/et\/wp-json\/wp\/v2\/comments?post=6834"}],"version-history":[{"count":4,"href":"https:\/\/sisu.ut.ee\/ewod\/et\/wp-json\/wp\/v2\/pages\/6834\/revisions"}],"predecessor-version":[{"id":6896,"href":"https:\/\/sisu.ut.ee\/ewod\/et\/wp-json\/wp\/v2\/pages\/6834\/revisions\/6896"}],"up":[{"embeddable":true,"href":"https:\/\/sisu.ut.ee\/ewod\/et\/wp-json\/wp\/v2\/pages\/6832"}],"wp:attachment":[{"href":"https:\/\/sisu.ut.ee\/ewod\/et\/wp-json\/wp\/v2\/media?parent=6834"}],"curies":[{"name":"wp","href":"https:\/\/api.w.org\/{rel}","templated":true}]}}

<p><em><strong>Artiklid</strong></em><br>Ain Kaalep, <strong>Tõlkija, germanist, ulmekirjanik</strong>. – Looming, nr 4, 1971, lk 635.<br>Hendrik Sepamaa, <strong>„Edda” eesti keeles</strong>. – Keel ja Kirjandus, nr 5, 1971, lk 310–312. [Raamatust ‘Vanem Edda’.]<br>Ain Kaalep, <strong>Rein Sepp 60</strong>. – Keel ja Kirjandus, nr 4, 1981, lk 251–252.<br>Madis Kõiv, <strong>Viimne ipiklane</strong>. – Keel ja Kirjandus, nr 4, 1991, lk. 240–241.<br>Votele Viidemann, <strong>Rein Sepp: Hiidudega sina peal</strong>. – Looming, nr 4, 1991, lk. 70–571.<br>Viljar Ansko, <strong>Rein Sepp – 70</strong>. – Sirp, 26. IV 1991, lk. 2.<br>Ilmar Vene, <strong>Rein Sepa püramiidid</strong>. – Keel ja Kirjandus, nr 1, 1994, lk. 32–34. [Tõlkijatööst.]<br>Eesti Kirjanike Liit, Tartu Ülikooli germaani-romaani filoloogia osakond, <strong>Nekroloog</strong>. – Looming, nr 3, 1995, lk 430.<br>Ülo Tedre, <strong>Rein Sepp 23. IV 1921 – 25. I 1995</strong>. – Keel ja Kirjandus, nr 4, 1995, lk 284–285.<br>Martin Puhvel, <strong>Veel kord „Beowulfist” ja selle eestindusest</strong>. – Keel ja Kirjandus, nr 8, 1995, lk 566–567.<br>Ain Kaalep, <strong>Üht-teist Rein Sepa puhul</strong>. – Looming, nr 10, 1997, lk 1438.<br>Maret Purasson, <strong>Meenutades Reinu</strong>. – Akadeemia, nr 11, 2003, lk. 2325–2386. [Publitseerinud ja saateks: Anneli Sepp.]<br>Lauri Pilter, <strong>Rein Sepa võõrkeelse luule omapärast</strong>. – Keel ja Kirjandus, nr 12, 2011, lk. 917–922.<br>Tiit Aleksejev, <strong>Kohalolekust</strong>. – Rein Sepp 90. Mälestuskonverentsi ettekandeid 23. IV 2011. Korp! Sakala koguteos, Verbum habet Sakala, Tartu: 2014, lk 189–196.<br>Mart Kuldkepp, <strong>Vanapõhja kirjanduse tõlkimine eesti keelde ja Rein Sepa pärand</strong>. – Rein Sepp 90. Mälestuskonverentsi ettekandeid 23. IV 2011. Korp! Sakala koguteos, Verbum habet Sakala, Tartu: 2014, lk 197–203.<br>Alar Maas, <strong>Rein Sepp Eesti suundumustest ja tulevikuvõimalustest</strong>. – Rein Sepp 90. Mälestuskonverentsi ettekandeid 23. IV 2011. Korp! Sakala koguteos, Verbum habet Sakala, Tartu: 2014, lk 211–220.<br>Lauri Pilter, <strong>Mõtteid Rein Sepa luulest ja eeskujust</strong>. – Rein Sepp 90. Mälestuskonverentsi ettekandeid 23. IV 2011. Korp! Sakala koguteos, Verbum habet Sakala, Tartu: 2014, lk 221–226.</p>



<p><em><strong>Arvustused</strong></em><br>Ain Kaalep, <strong>Kolme tulevikufantaasiat üle lugedes</strong>. – Keel ja Kirjandus, nr 11, 1964, lk 641–647. [Raamatust ‘Viimne üksiklane’.]</p>



<p><em><strong>Intervjuud</strong></em><br>Mart Luik, <strong>Mida teame Muinas-Põhjast? Vestlus Rein Sepaga</strong>. – Kultuur ja Elu, nr 7, 1990, lk. 19–20.<br>Meelis Lainvoo, <strong>Võti minevikku: „Noorem Edda”</strong>. – Päevaleht, 2. VI 1991, lk. 2.<br>Raul Kilgas, <strong>Aeg ajastuis ajastuid maha käib</strong>. – Looming, nr 8, 1997, lk. 1123–1136.</p>

<p>ArtiklidAin Kaalep, Tõlkija, germanist, ulmekirjanik. – Looming, nr 4, 1971, lk 635.Hendrik Sepamaa, „Edda” eesti keeles. – Keel ja Kirjandus, nr 5, 1971, lk 310–312. [Raamatust ‘Vanem Edda’.]Ain Kaalep, Rein Sepp 60. – Keel ja Kirjandus, nr 4, 1981, lk &#8230;</p>
