{"id":763,"date":"2026-03-05T17:41:31","date_gmt":"2026-03-05T15:41:31","guid":{"rendered":"https:\/\/sisu.ut.ee\/evka\/?page_id=763"},"modified":"2026-03-05T17:41:32","modified_gmt":"2026-03-05T15:41:32","slug":"eeposte-sari-2026","status":"publish","type":"page","link":"https:\/\/sisu.ut.ee\/evka\/eeposte-sari-2026\/","title":{"rendered":"Eeposte sari 2026"},"content":{"rendered":"<div class=\"posts-list-block my-4\">\n\t\t\t\t\t\t\t\t\t\t\t\t\t\t\t<article class=\"post-751 post type-post status-publish format-standard has-post-thumbnail hentry category-eeposte-sari-2026 category-uudised-ja-sundmused tag-eeposte-sari-2026 tag-ott-heinapuu tag-uritused\">\n  <a href=\"https:\/\/sisu.ut.ee\/evka\/kalevala-paeva-tahistamine-tartu-ulikoolis\/\" class=\"article-card--list d-flex flex-row text-black pb-1 mb-1 border-bottom\">\n    <div class=\"w-25 flex-shrink-0\">\n              <img loading=\"lazy\" decoding=\"async\" width=\"150\" height=\"150\" src=\"https:\/\/sisu.ut.ee\/wp-content\/uploads\/sites\/688\/1000020565-150x150.jpg\" class=\"img-fluid article-card__img wp-post-image\" alt=\"\">\n          <\/div>\n    <div class=\"d-flex flex-column w-100 ms-2\">\n      <h3 class=\"h5 text-sm mb-1\">Kalevala p\u00e4eva t\u00e4histamine Tartu \u00dclikoolis<\/h3>\n      <time class=\"post-date d-block mt-auto text-end text-xs w-100\" datetime=\"2026-03-05T15:39:19+00:00\">\n        05.03.2026\n      <\/time>\n    <\/div>\n  <\/a>\n<\/article>\n\t\t\t\t\t\t\t\t\t<\/div>\n","protected":false},"excerpt":{"rendered":"","protected":false},"author":313,"featured_media":0,"parent":0,"menu_order":0,"comment_status":"closed","ping_status":"closed","template":"","meta":{"_acf_changed":false,"inline_featured_image":false,"footnotes":""},"class_list":["post-763","page","type-page","status-publish","hentry"],"acf":[],"_links":{"self":[{"href":"https:\/\/sisu.ut.ee\/evka\/wp-json\/wp\/v2\/pages\/763","targetHints":{"allow":["GET"]}}],"collection":[{"href":"https:\/\/sisu.ut.ee\/evka\/wp-json\/wp\/v2\/pages"}],"about":[{"href":"https:\/\/sisu.ut.ee\/evka\/wp-json\/wp\/v2\/types\/page"}],"author":[{"embeddable":true,"href":"https:\/\/sisu.ut.ee\/evka\/wp-json\/wp\/v2\/users\/313"}],"replies":[{"embeddable":true,"href":"https:\/\/sisu.ut.ee\/evka\/wp-json\/wp\/v2\/comments?post=763"}],"version-history":[{"count":1,"href":"https:\/\/sisu.ut.ee\/evka\/wp-json\/wp\/v2\/pages\/763\/revisions"}],"predecessor-version":[{"id":764,"href":"https:\/\/sisu.ut.ee\/evka\/wp-json\/wp\/v2\/pages\/763\/revisions\/764"}],"wp:attachment":[{"href":"https:\/\/sisu.ut.ee\/evka\/wp-json\/wp\/v2\/media?parent=763"}],"curies":[{"name":"wp","href":"https:\/\/api.w.org\/{rel}","templated":true}]}}