{"id":13,"date":"2024-04-03T23:15:56","date_gmt":"2024-04-03T20:15:56","guid":{"rendered":"https:\/\/sisu.ut.ee\/evidobjekt\/3-7-aastased-lapsed\/"},"modified":"2024-04-17T10:43:43","modified_gmt":"2024-04-17T07:43:43","slug":"3-7-aastased-lapsed","status":"publish","type":"page","link":"https:\/\/sisu.ut.ee\/evidobjekt\/3-7-aastased-lapsed\/","title":{"rendered":"3-7-aastased lapsed"},"content":{"rendered":"<h2>Vanus 3-5 aastat<\/h2>\n<ul>\n<li>\u00dcld- ja peenmotoorika areng. Lapsed muutuvad f\u00fc\u00fcsilistes tegevustes oskuslikumaks ja kiiremaks ning nende peenmotoorika v\u00f5imaldab tegelda kujutavate tegevustega.<\/li>\n<li>Esmased ja teisesed eneseteenindusoskused. Lapsed \u00f5pivad ikka veel, et saavutada t\u00e4ielikku iseseisvust tualetis ja riietumisel. Ka s\u00f6\u00f6misoskused t\u00e4ienevad puutudes kokku erinevate toitude ja lauan\u00f5udega. Hakkavad kujunema teisesed eneseteenindusoskused \u2013 nt\u00a0\u00f5pivad\u00a0lapsed ka enese j\u00e4relt koristama.<\/li>\n<li>K\u00f5ne areng. T\u00e4iustub s\u00f5navara ja lauseehitus. \u00a0<\/li>\n<li>Tunnetustegevus. Maailma m\u00f5testamisel toetuvad lapsed ikka veel p\u00f5hiliselt tajule ja vajavad seega vahetuid praktilisi kogemusi. Lastel on keeruline m\u00f5ista infot, mis j\u00e4\u00e4b situatsioonist v\u00e4ljapoole ja millega neil pole olnud isiklikku kokkupuudet. Lapsed hakkavad planeerima oma vahetut tegevust \u2013 \u00fctlevad n\u00e4iteks, et n\u00fc\u00fcd hakkan joonistama autot.\u00a0<\/li>\n<li>Suhtlemine eakaaslastega ja m\u00e4nguoskused. Lapsed hakkavad m\u00e4ngima s\u00fczeem\u00e4nge ja jaotavad omavahel rolle, nende konstrueerimisoskus v\u00f5imaldab ehitada p\u00e4ris keerukaid objekte.<\/li>\n<li>Kujutavad tegevused. Lapsed naudivad nt joonistamist ning kujutavad tuttavaid objekte ja tegevusi.\u00a0<\/li>\n<li>Minapildi kujunemine. Lapsed oskavad ennast kirjeldada toetudes v\u00e4listele tunnustele (mul on pikad juuksed) ja r\u00e4\u00e4givad enda eelistustest.\u00a0<\/li>\n<\/ul>\n<h2>Vanus 5-7 aastat<\/h2>\n<ul>\n<li>\u00dcld- ja peenmotoorika areng. Peenmotoorika lubab n\u00fc\u00fcd lapsel tegelda ka kirjutamise eeloskuste omandamisega.<\/li>\n<li>Eneseteenindus. Esmased eneseteenindusoskused v\u00f5imaldavad lapsel peaaegu t\u00e4iesti iseseisvalt tulla toime tualetis, panna end riidesse ja s\u00fc\u00fca. Oluliseks muutuvad n\u00fc\u00fcd teisesed eneseteenindusoskused ja lapsed \u00f5pivad nt valima riideid vastavalt ilmastikuoludele, tegema lihtsamaid v\u00f5ileibu ja hoidma korras oma asju.<\/li>\n<li>K\u00f5ne areng. Selles vanuses peaks lapse k\u00f5ne vastama nii h\u00e4\u00e4lduslikust kui grammatilisest k\u00fcljest emakeele normidele ja v\u00f5imaldama lapsel ennast vabalt v\u00e4ljendada.\u00a0<\/li>\n<li>Tunnetustegevus. Juhtivaks tunnetusprotsessiks on selles vanuses m\u00e4lu, mis t\u00e4hendab, et laps saab m\u00f5elda kasutades oma kogemusi ning omandab uusi teadmisi \u00a0ilma, et peaks praktiliselt k\u00f5ike j\u00e4rele proovima. M\u00f5tlemise vormidest on valdav kaemuslik-kujundiline, mis lubab lapsel kujutada peas ette olukordade v\u00f5i \u00fclesannete lahendamist enne, kui ta neid p\u00e4riselt lahendama hakkab. Samuti v\u00f5imaldab see m\u00f5tlemise t\u00fc\u00fcp paremini m\u00f5ista piltidel kujutatut, k.a. neid olukordi, mida laps pole ise l\u00e4bi elanud.\u00a0<\/li>\n<li>Suhtlemine eakaaslastega ja\u00a0m\u00e4nguoskused. Suur osa m\u00e4nguajast kulub reeglitega m\u00e4ngudele, mille k\u00e4igus t\u00e4iustuvad muuhulgas laste arvutamise ja keeleoskused. Olulisel kohal on ka lavastusm\u00e4ngud. Omavahelistes konfliktides kasutatakse varasemast enam kompromissi ja l\u00e4bir\u00e4\u00e4kimiste strateegiat ning kujunevad s\u00f5prussuhted.\u00a0<\/li>\n<li>Teadmised l\u00e4hi\u00fcmbrusest ja maailmast.\u00a0<\/li>\n<li>Lugemise ja arvutamise eeloskused.<\/li>\n<li>Minapildi kujunemine ja enesehinnang. Lapsed oskavad iseloomustada ennast m\u00f5nede ps\u00fchholoogiliste tunnuste kaudu ja r\u00e4\u00e4givad enda huvidest.<\/li>\n<\/ul>\n<table class=\"table table-hover\" style=\"width: 100%\" border=\"0\" align=\"center\">\n<tbody>\n<tr>\n<td><span><img loading=\"lazy\" decoding=\"async\" width=\"50\" height=\"50\" class=\"alignnone wp-image-22\" style=\"float: left\" src=\"https:\/\/sisu.ut.ee\/wp-content\/uploads\/sites\/65\/info.png\" title=\"info.png\" alt=\"info.png\"><strong>NB!<\/strong> <br>Mida vanemaks lapsed saavad, seda erinevamad v\u00f5ivad nende oskused olla, sest need s\u00f5ltuvad suuresti kogemusest ja \u00f5petamisest.\u00a0<\/span><\/td>\n<\/tr>\n<\/tbody>\n<\/table>\n","protected":false},"excerpt":{"rendered":"<p>Vanus 3-5 aastat \u00dcld- ja peenmotoorika areng. Lapsed muutuvad f\u00fc\u00fcsilistes tegevustes oskuslikumaks ja kiiremaks ning nende peenmotoorika v\u00f5imaldab tegelda kujutavate tegevustega. Esmased ja teisesed eneseteenindusoskused. Lapsed \u00f5pivad ikka veel, et saavutada t\u00e4ielikku iseseisvust tualetis ja riietumisel. Ka s\u00f6\u00f6misoskused t\u00e4ienevad puutudes &#8230;<\/p>\n","protected":false},"author":3,"featured_media":0,"parent":0,"menu_order":0,"comment_status":"closed","ping_status":"closed","template":"","meta":{"_acf_changed":false,"inline_featured_image":false,"footnotes":""},"class_list":["post-13","page","type-page","status-publish","hentry"],"acf":[],"_links":{"self":[{"href":"https:\/\/sisu.ut.ee\/evidobjekt\/wp-json\/wp\/v2\/pages\/13","targetHints":{"allow":["GET"]}}],"collection":[{"href":"https:\/\/sisu.ut.ee\/evidobjekt\/wp-json\/wp\/v2\/pages"}],"about":[{"href":"https:\/\/sisu.ut.ee\/evidobjekt\/wp-json\/wp\/v2\/types\/page"}],"author":[{"embeddable":true,"href":"https:\/\/sisu.ut.ee\/evidobjekt\/wp-json\/wp\/v2\/users\/3"}],"replies":[{"embeddable":true,"href":"https:\/\/sisu.ut.ee\/evidobjekt\/wp-json\/wp\/v2\/comments?post=13"}],"version-history":[{"count":4,"href":"https:\/\/sisu.ut.ee\/evidobjekt\/wp-json\/wp\/v2\/pages\/13\/revisions"}],"predecessor-version":[{"id":110,"href":"https:\/\/sisu.ut.ee\/evidobjekt\/wp-json\/wp\/v2\/pages\/13\/revisions\/110"}],"wp:attachment":[{"href":"https:\/\/sisu.ut.ee\/evidobjekt\/wp-json\/wp\/v2\/media?parent=13"}],"curies":[{"name":"wp","href":"https:\/\/api.w.org\/{rel}","templated":true}]}}