{"id":9,"date":"2024-04-04T07:12:50","date_gmt":"2024-04-04T04:12:50","guid":{"rendered":"https:\/\/sisu.ut.ee\/evidence\/partnerid\/"},"modified":"2024-04-04T07:14:40","modified_gmt":"2024-04-04T04:14:40","slug":"partnerid","status":"publish","type":"page","link":"https:\/\/sisu.ut.ee\/evidence\/partnerid\/","title":{"rendered":"Partners"},"content":{"rendered":"<p>\n\t\u00a0\n<\/p>\n<table class=\"table table-hover\" align=\"center\" border=\"0\" cellpadding=\"1\" cellspacing=\"1\" style=\"width: 900px\">\n<tbody>\n<tr>\n<td>\n\t\t\t\t<b id=\"docs-internal-guid-b2b27adf-7fff-f80c-3da3-dc7d0900ff46\"><img loading=\"lazy\" decoding=\"async\" height=\"83\" src=\"https:\/\/lh4.googleusercontent.com\/4ayw6IlYWipGCuNdhNyBClhyM8lOA60vLiD55yXfUAl1HrZPGmQyQp-OpQMu2f4esNem4CdUxpxK7spoktOwA8962BCAEYoVgyOqg3NdMfQ1mdS29_7aRbg1J7-6P4rmT_TwZrqC\" width=\"81\"><\/b>\n\t\t\t<\/td>\n<td>\n<p>\n\t\t\t\t\t<span style=\"font-family:Arial,Helvetica,sans-serif\"><span style=\"font-size:16px\">Tartu \u00dclikool \/<\/span><\/span>\n\t\t\t\t<\/p>\n<p>\n\t\t\t\t\t<span style=\"font-family:Arial,Helvetica,sans-serif\"><span style=\"font-size:16px\"><a data-url=\"https:\/\/www.ut.ee\/en\" href=\"https:\/\/www.ut.ee\/en\" target=\"_blank\" title=\"\" rel=\"noopener\">University of Tartu<\/a>\u00a0(Estonia)<\/span><\/span>\n\t\t\t\t<\/p>\n<\/td>\n<td>\n<p>\n\t\t\t\t\t<span style=\"font-family:Arial,Helvetica,sans-serif\"><span style=\"font-size:16px\"><a href=\"mailto:katrin.vaino@ut.ee\">Katrin Vaino<\/a>\u00a0 (Project coordinator)<a href=\"mailto:anastasiya.ast@gmail.com\">,<\/a><\/span><\/span>\n\t\t\t\t<\/p>\n<p>\n\t\t\t\t\t<span style=\"font-family:Arial,Helvetica,sans-serif\"><span style=\"font-size:16px\"><a href=\"mailto:ana.valdmann@ut.ee\">Ana Valdmann<\/a><a href=\"mailto:anastasiya.ast@gmail.com\">,<\/a>\u00a0<a href=\"mailto:triin.rosin@ut.ee\">Triin Rosin<\/a><a href=\"mailto:anastasiya.ast@gmail.com\">,\u00a0 Anastasiya Astapova<\/a><\/span><\/span>\n\t\t\t\t<\/p>\n<\/td>\n<\/tr>\n<tr>\n<td style=\"text-align: justify\">\n\t\t\t\t<span style=\"font-family:Arial,Helvetica,sans-serif\"><span style=\"font-size:16px\"><b id=\"docs-internal-guid-dbbe73eb-7fff-3237-505d-73cf5a9882d5\"><img loading=\"lazy\" decoding=\"async\" height=\"80\" src=\"https:\/\/lh5.googleusercontent.com\/sRgvisgJ88CQy7wXuXNMVoMBvpr-0lbNUCQwOfoSusMTHHulfmZUxHgJ2lfi8Mw_5c9k2ICjmt-a9WWqXf8qOZLNHIV3aGauY8_QZZe8l1TifSw4y_hgPGo1r9MUO2Danznvkcj7\" width=\"81\"><\/b><\/span><\/span>\n\t\t\t<\/td>\n<td>\n<p>\n\t\t\t\t\t<span style=\"font-family:Arial,Helvetica,sans-serif\"><span style=\"font-size:16px\">Ume\u00e5 Universitet\/<\/span><\/span>\n\t\t\t\t<\/p>\n<p>\n\t\t\t\t\t<span style=\"font-family:Arial,Helvetica,sans-serif\"><span style=\"font-size:16px\"><a data-url=\"https:\/\/www.umu.se\/en\/\" href=\"https:\/\/www.umu.se\/en\/\" target=\"_blank\" title=\"\" rel=\"noopener\">Ume\u00e5 University<\/a>\u00a0(Sweden)<\/span><\/span>\n\t\t\t\t<\/p>\n<\/td>\n<td>\n<p>\n\t\t\t\t\t<span style=\"font-family:Arial,Helvetica,sans-serif\"><span style=\"font-size:16px\"><a href=\"mailto:oleg.popov@umu.se\">Oleg Popov <\/a>(Local coordinator),<\/span><\/span><span style=\"font-family:Arial,Helvetica,sans-serif\"><span style=\"font-size:16px\">\u00a0Hans Orru<\/span><\/span>\n\t\t\t\t<\/p>\n<\/td>\n<\/tr>\n<tr>\n<td>\n\t\t\t\t<span style=\"font-family:Arial,Helvetica,sans-serif\"><span style=\"font-size:16px\"><b id=\"docs-internal-guid-2cf795ee-7fff-2d54-421e-126197034be5\"><img loading=\"lazy\" decoding=\"async\" height=\"58\" src=\"https:\/\/lh3.googleusercontent.com\/WFvzzCDXDKK3T5_ZMjGXFnbIo0f7LdjDDQXoy23BVlSkkK8oYDnzCEUTZp6M-Y2YYAK_lt8BtkZF1Sy8GMLNzhXLrVsyfs8EMbg8EUWfngPxv2JBA_mBBEsTzCFPi5HgAxbHQ1IY\" width=\"224\"><\/b><\/span><\/span>\n\t\t\t<\/td>\n<td>\n<p>\n\t\t\t\t\t<span style=\"font-family:Arial,Helvetica,sans-serif\"><span style=\"font-size:16px\">Kuressaare Ametikool \/<\/span><\/span>\n\t\t\t\t<\/p>\n<p>\n\t\t\t\t\t<span style=\"font-family:Arial,Helvetica,sans-serif\"><span style=\"font-size:16px\"><a data-url=\"https:\/\/www.ametikool.ee\/en\" href=\"https:\/\/www.ametikool.ee\/en\" target=\"_blank\" title=\"\" rel=\"noopener\">Kuressaare Regional Training Centre <\/a><\/span><\/span>\n\t\t\t\t<\/p>\n<p>\n\t\t\t\t\t<span style=\"font-family:Arial,Helvetica,sans-serif\"><span style=\"font-size:16px\">\u202f(Estonia)<\/span><\/span>\n\t\t\t\t<\/p>\n<\/td>\n<td>\n\t\t\t\t<span style=\"font-family:Arial,Helvetica,sans-serif\"><span style=\"font-size:16px\"><a href=\"mailto:merit.karise@gmail.com\">Merit Karise<\/a>\u00a0(Local coordinator), Oliver Maaker<\/span><\/span>\n\t\t\t<\/td>\n<\/tr>\n<tr>\n<td>\n\t\t\t\t<span style=\"font-family:Arial,Helvetica,sans-serif\"><span style=\"font-size:16px\"><b id=\"docs-internal-guid-557156fd-7fff-cd7b-3bdc-26a9058f7e47\"><img loading=\"lazy\" decoding=\"async\" height=\"96\" src=\"https:\/\/lh4.googleusercontent.com\/g6if62p-fNoNdlmBDVFeY-tzultReXoVPSqE1WaxxEMfvf7Sor1XgVjvwntK-uL9GlzxIFvaLeC1KfglxsDaUfVj9kz5rVI4RUnDc26j_GTCBJz8HGZRV2GHHFlWA-EqvBgba3C-\" width=\"94\"><\/b><\/span><\/span>\n\t\t\t<\/td>\n<td>\n<p>\n\t\t\t\t\t<span style=\"font-family:Arial,Helvetica,sans-serif\"><span style=\"font-size:16px\">Escola Art\u00edstica Ant\u00f3nio Arroio\/<\/span><\/span>\n\t\t\t\t<\/p>\n<p>\n\t\t\t\t\t<span style=\"font-family:Arial,Helvetica,sans-serif\"><span style=\"font-size:16px\"><a data-url=\"https:\/\/www.antonioarroio.edu.pt\/\u00a0\" href=\"https:\/\/www.antonioarroio.edu.pt\/%C2%A0\" target=\"_blank\" title=\"Escola Art\u00edstica Ant\u00f3nio Arroio\/ Ant\u00f3nio Arroio Arts School\" rel=\"noopener\">Ant\u00f3nio Arroio Arts School<\/a>\u00a0(Portugal)<\/span><\/span>\n\t\t\t\t<\/p>\n<\/td>\n<td>\n\t\t\t\t<span style=\"font-family:Arial,Helvetica,sans-serif\"><span style=\"font-size:16px\"><a href=\"mailto:marcio.martins@antonioarroio.edu.pt\">M\u00e1rcio Martins<\/a>\u00a0(Local coordinator),\u00a0Jo\u00e3o Duarte<\/span><\/span>\n\t\t\t<\/td>\n<\/tr>\n<tr>\n<td>\n\t\t\t\t<span style=\"font-family:Arial,Helvetica,sans-serif\"><span style=\"font-size:16px\"><b id=\"docs-internal-guid-cdd627e2-7fff-b7de-7365-ff5fff196ce9\"><img loading=\"lazy\" decoding=\"async\" height=\"69\" src=\"https:\/\/lh4.googleusercontent.com\/fu5s3fCz7xWK2l7lP-ZIbwpYpx27hvuMXIDYLDLTQFU7rry_3zxItFst92EW3IFfebyDzx2KB5x1N86LL3zb6yI0wZLExHBWxkbz5CC0lRuxYDfqSJCzIstCo6y8OBQHDAB6tda4\" width=\"163\"><\/b><\/span><\/span>\n\t\t\t<\/td>\n<td>\n<p>\n\t\t\t\t\t<span style=\"font-family:Arial,Helvetica,sans-serif\"><span style=\"font-size:16px\">\u03a0\u03b1\u03bd\u03b5\u03c0\u03b9\u03c3\u03c4\u03ae\u03bc\u03b9\u03bf \u039a\u03cd\u03c0\u03c1\u03bf\u03c5\/<\/span><\/span>\n\t\t\t\t<\/p>\n<p>\n\t\t\t\t\t<span style=\"font-family:Arial,Helvetica,sans-serif\"><span style=\"font-size:16px\"><a data-url=\"http:\/\/www.ucy.ac.cy\/en\/\" href=\"http:\/\/www.ucy.ac.cy\/en\/\" target=\"_blank\" title=\"\" rel=\"noopener\">University of Cyprus<\/a> (Cyprus)<\/span><\/span>\n\t\t\t\t<\/p>\n<\/td>\n<td>\n<p>\n\t\t\t\t\t<span style=\"font-family:Arial,Helvetica,sans-serif\"><span style=\"font-size:16px\"><a href=\"mailto:korfiati@ucy.ac.cy\">Konstantinos Korfiatis<\/a>\u00a0(Local coordinator),\u00a0<\/span><\/span>\n\t\t\t\t<\/p>\n<p>\n\t\t\t\t\t<span style=\"font-family:Arial,Helvetica,sans-serif\"><span style=\"font-size:16px\">Andreas Panayides,\u00a0 \u00a0 \u00a0<\/span><\/span><span style=\"font-family:Arial,Helvetica,sans-serif\"><span style=\"font-size:16px\">Filio Ioulianou, <\/span><\/span>\n\t\t\t\t<\/p>\n<p>\n\t\t\t\t\t<span style=\"font-family:Arial,Helvetica,sans-serif\"><span style=\"font-size:16px\">Stella Petrou, Vasiliki Vasileiou<\/span><\/span>\n\t\t\t\t<\/p>\n<p>\n\t\t\t\t\t\u00a0\n\t\t\t\t<\/p>\n<\/td>\n<\/tr>\n<\/tbody>\n<\/table>\n<p dir=\"ltr\">\n\t\u00a0\n<\/p>\n<p dir=\"ltr\">\n<\/p><p><span style=\"color:#808080\"><span style=\"font-family:Lucida Sans Unicode,Lucida Grande,sans-serif\"><span style=\"font-size:24px\">Associated partners<\/span><\/span><\/span>\n<\/p>\n<table class=\"table table-hover\" align=\"center\" border=\"0\" cellpadding=\"1\" cellspacing=\"1\" style=\"width: 900px\">\n<tbody>\n<tr>\n<td>\n\t\t\t\t<span style=\"font-family:Arial,Helvetica,sans-serif\"><span style=\"font-size:16px\"><img loading=\"lazy\" decoding=\"async\" width=\"204\" height=\"133\" class=\"alignnone wp-image-39\" src=\"https:\/\/sisu.ut.ee\/wp-content\/uploads\/sites\/492\/kooli_logo_2.png\" title=\"kooli_logo_2.png\" alt=\"Kooli logo\"><\/span><\/span>\n\t\t\t<\/td>\n<td>\n<p>\n\t\t\t\t\t<span style=\"font-size:16px\"><a data-url=\"https:\/\/agrupamento-de-escolas-professor-armando-de-lucena.webnode.pt\/\" href=\"https:\/\/agrupamento-de-escolas-professor-armando-de-lucena.webnode.pt\/\" target=\"_blank\" title=\"\" rel=\"noopener\">Agrupamento de Escolas Professor<\/a><\/span>\n\t\t\t\t<\/p>\n<p>\n\t\t\t\t\t<span style=\"font-size:16px\"><a data-url=\"https:\/\/agrupamento-de-escolas-professor-armando-de-lucena.webnode.pt\/\" href=\"https:\/\/agrupamento-de-escolas-professor-armando-de-lucena.webnode.pt\/\" target=\"_blank\" title=\"\" rel=\"noopener\">Armando de Lucena\u00a0<\/a><\/span><span style=\"font-family:Arial,Helvetica,sans-serif\"><span style=\"font-size:16px\"><span style=\"line-height:normal\">(Portugal)<\/span><\/span><\/span>\n\t\t\t\t<\/p>\n<\/td>\n<td>\n\t\t\t\t<span style=\"font-family:Arial,Helvetica,sans-serif\"><span style=\"font-size:16px\">Maria Eduarda Alves de Oliveira (Contact person)<\/span><\/span>\n\t\t\t<\/td>\n<\/tr>\n<tr>\n<td>\n\t\t\t\t<span style=\"font-family:Arial,Helvetica,sans-serif\"><span style=\"font-size:16px\"><img decoding=\"async\" alt=\"\" height=\"78.92361450195312\" src=\"https:\/\/luunja.edu.ee\/wp-content\/uploads\/2020\/01\/droon-3-scaled-e1579263544242.jpg\" width=\"233.99307250976562\">\u00a0 \u00a0\u00a0<\/span><\/span>\n\t\t\t<\/td>\n<td>\n<p>\n\t\t\t\t\t<span style=\"font-family:Arial,Helvetica,sans-serif\"><span style=\"font-size:16px\"><a data-url=\"https:\/\/luunja.edu.ee\/\" href=\"https:\/\/luunja.edu.ee\/\" target=\"_blank\" title=\"\" rel=\"noopener\">Luunja Keskkool<\/a>\u00a0<\/span><\/span><span style=\"font-family:Arial,Helvetica,sans-serif\"><span style=\"font-size:16px\">(Estonia)<\/span><\/span>\n\t\t\t\t<\/p>\n<\/td>\n<td>\n\t\t\t\t<span style=\"font-family:Arial,Helvetica,sans-serif\"><span style=\"font-size:16px\">Liis R\u00fc\u00fctel (Contact person), Toomas Liivam\u00e4gi<\/span><\/span>\n\t\t\t<\/td>\n<\/tr>\n<tr>\n<td>\n\t\t\t\t<img loading=\"lazy\" decoding=\"async\" width=\"233\" height=\"212\" class=\"alignnone wp-image-41\" src=\"https:\/\/sisu.ut.ee\/wp-content\/uploads\/sites\/492\/archagellos.png\" title=\"archagellos.png\" alt=\"Archagellos\">\n\t\t\t<\/td>\n<td dir=\"rtl\" style=\"text-align: left\">\n\t\t\t\t<a data-url=\"http:\/\/gym-archangelos-lef.schools.ac.cy\/2020-2021\/index.html\" href=\"http:\/\/gym-archangelos-lef.schools.ac.cy\/2020-2021\/index.html\" target=\"_blank\" title=\"\" rel=\"noopener\"><span style=\"font-family:Arial,Helvetica,sans-serif\"><span style=\"font-size:16px\">Archagellos gymnasioum<\/span><\/span> <\/a><span style=\"font-size:16px\"><span style=\"font-family:Arial,Helvetica,sans-serif\">(Cypr<\/span><span style=\"font-family:Arial,Helvetica,sans-serif\">us)<\/span><\/span>\n\t\t\t<\/td>\n<td>\n\t\t\t\t<span style=\"font-size:16px\">Helena Constantinou (Contact person)<\/span>\n\t\t\t<\/td>\n<\/tr>\n<tr>\n<td>\n\t\t\t\t<img loading=\"lazy\" decoding=\"async\" width=\"151\" height=\"158\" class=\"alignnone wp-image-42\" src=\"https:\/\/sisu.ut.ee\/wp-content\/uploads\/sites\/492\/agias.png\" title=\"agias.png\" alt=\"Agios\">\n\t\t\t<\/td>\n<td dir=\"rtl\" style=\"text-align: left\">\n\t\t\t\t<span style=\"font-size:16px\"><a data-url=\"http:\/\/gym-ag-fylaxi-lem.schools.ac.cy\/\" href=\"http:\/\/gym-ag-fylaxi-lem.schools.ac.cy\/\" target=\"_blank\" title=\"\" rel=\"noopener\">Agias Filaxeos\u00a0gymnasium <\/a><span style=\"font-family:Arial,Helvetica,sans-serif\">(Cyprus)<\/span><\/span>\n\t\t\t<\/td>\n<td>\n\t\t\t\t<span style=\"font-size:16px\"><span style=\"font-family:Arial,Helvetica,sans-serif\">Andreas Panayides (Contact person)<\/span><\/span>\n\t\t\t<\/td>\n<\/tr>\n<tr>\n<td>\n\t\t\t\t<span style=\"font-family:Arial,Helvetica,sans-serif\"><span style=\"font-size:16px\"><img loading=\"lazy\" decoding=\"async\" width=\"162\" height=\"110\" class=\"alignnone wp-image-40\" src=\"https:\/\/sisu.ut.ee\/wp-content\/uploads\/sites\/492\/tegs.png\" title=\"tegs.png\" alt=\"Tegs\"><\/span><\/span>\n\t\t\t<\/td>\n<td>\n\t\t\t\t<span style=\"font-family:Arial,Helvetica,sans-serif\"><span style=\"font-size:16px\"><a data-url=\"https:\/\/www.skola.umea.se\/skolor\/grundskolor\/tegs-centralskola-7-9.html\" href=\"https:\/\/www.skola.umea.se\/skolor\/grundskolor\/tegs-centralskola-7-9.html\" target=\"_blank\" title=\"\" rel=\"noopener\">Tegs Centralskola<\/a> (Sweden)<\/span><\/span>\n\t\t\t<\/td>\n<td>\n\t\t\t\t<span style=\"font-family:Arial,Helvetica,sans-serif\"><span style=\"font-size:16px\">Anna Strid (Contact person)<\/span><\/span>\n\t\t\t<\/td>\n<\/tr>\n<tr>\n<td>\n\t\t\t\t<span style=\"font-family:Arial,Helvetica,sans-serif\"><span style=\"font-size:16px\"><img decoding=\"async\" alt=\"\" height=\"55.9953727722168\" src=\"https:\/\/www.viljandigymnaasium.edu.ee\/sites\/viljandigymnaasium.edu.ee\/files\/styles\/hitsa_core_logo\/public\/vg_logo.jpg?itok=f4BIiU3G\" width=\"166.9791717529297\"><\/span><\/span>\n\t\t\t<\/td>\n<td>\n\t\t\t\t<span style=\"font-family:Arial,Helvetica,sans-serif\"><span style=\"font-size:16px\"><a data-url=\"https:\/\/www.viljandigymnaasium.edu.ee\/et\" href=\"https:\/\/www.viljandigymnaasium.edu.ee\/et\" target=\"_blank\" title=\"\" rel=\"noopener\">Viljandi G\u00fcmnaasium<\/a>\u00a0(Estonia)<\/span><\/span>\n\t\t\t<\/td>\n<td>\n\t\t\t\t<span style=\"font-family:Arial,Helvetica,sans-serif\"><span style=\"font-size:16px\">Ave Vitsut (Contact person), Marie Johanna Univer<\/span><\/span>\n\t\t\t<\/td>\n<\/tr>\n<\/tbody>\n<\/table>\n<p>\n\t\u00a0\n<\/p>\n<p>\n\t\u00a0\n<\/p>\n<p>\n\t<span style=\"color:#808080\"><span style=\"font-size:24px\"><span style=\"font-family:Lucida Sans Unicode,Lucida Grande,sans-serif\">External experts<\/span><\/span><\/span>\n<\/p>\n<p style=\"margin-left: 160px\">\n\t<span style=\"font-family:Arial,Helvetica,sans-serif\"><span style=\"font-size:16px\">Prof. <strong>Bulent Cavas<\/strong>, PhD (Dokuz Eylul University)<\/span><\/span>\n<\/p>\n<p style=\"margin-left: 160px\">\n\t<span style=\"font-family:Arial,Helvetica,sans-serif\"><span style=\"font-size:16px\"><strong>Antti Laherto<\/strong>, PhD (University of Helsinki)<\/span><\/span>\n<\/p>\n<p style=\"margin-left: 160px\">\n\t\u00a0<\/p>\n","protected":false},"excerpt":{"rendered":"<p>\u00a0 Tartu \u00dclikool \/ University of Tartu\u00a0(Estonia) Katrin Vaino\u00a0 (Project coordinator), Ana Valdmann,\u00a0Triin Rosin,\u00a0 Anastasiya Astapova Ume\u00e5 Universitet\/ Ume\u00e5 University\u00a0(Sweden) Oleg Popov (Local coordinator),\u00a0Hans Orru Kuressaare Ametikool \/ Kuressaare Regional Training Centre \u202f(Estonia) Merit Karise\u00a0(Local coordinator), Oliver Maaker Escola Art\u00edstica &#8230;<\/p>\n","protected":false},"author":255,"featured_media":0,"parent":0,"menu_order":0,"comment_status":"closed","ping_status":"closed","template":"","meta":{"_acf_changed":false,"inline_featured_image":false,"footnotes":""},"class_list":["post-9","page","type-page","status-publish","hentry"],"acf":[],"_links":{"self":[{"href":"https:\/\/sisu.ut.ee\/evidence\/wp-json\/wp\/v2\/pages\/9","targetHints":{"allow":["GET"]}}],"collection":[{"href":"https:\/\/sisu.ut.ee\/evidence\/wp-json\/wp\/v2\/pages"}],"about":[{"href":"https:\/\/sisu.ut.ee\/evidence\/wp-json\/wp\/v2\/types\/page"}],"author":[{"embeddable":true,"href":"https:\/\/sisu.ut.ee\/evidence\/wp-json\/wp\/v2\/users\/255"}],"replies":[{"embeddable":true,"href":"https:\/\/sisu.ut.ee\/evidence\/wp-json\/wp\/v2\/comments?post=9"}],"version-history":[{"count":1,"href":"https:\/\/sisu.ut.ee\/evidence\/wp-json\/wp\/v2\/pages\/9\/revisions"}],"predecessor-version":[{"id":104,"href":"https:\/\/sisu.ut.ee\/evidence\/wp-json\/wp\/v2\/pages\/9\/revisions\/104"}],"wp:attachment":[{"href":"https:\/\/sisu.ut.ee\/evidence\/wp-json\/wp\/v2\/media?parent=9"}],"curies":[{"name":"wp","href":"https:\/\/api.w.org\/{rel}","templated":true}]}}