{"id":9,"date":"2024-04-03T23:16:14","date_gmt":"2024-04-03T20:16:14","guid":{"rendered":"https:\/\/sisu.ut.ee\/eviddiferents\/intellektipuudega-lapsed\/"},"modified":"2024-04-03T23:16:17","modified_gmt":"2024-04-03T20:16:17","slug":"intellektipuudega-lapsed","status":"publish","type":"page","link":"https:\/\/sisu.ut.ee\/eviddiferents\/intellektipuudega-lapsed\/","title":{"rendered":"Intellektipuudega lapsed"},"content":{"rendered":"<h2><\/h2>\n<table class=\"table table-hover\" style=\"width: 100%\" border=\"0\">\n<tbody>\n<tr>\n<td style=\"background-color: #90ab5c;text-align: center;width: 50%\"><strong>vanuses 0-3 aastat\u00a0<\/strong><\/td>\n<td style=\"background-color: #90ab5c;text-align: center\"><strong>vanuses 3-7 aastat<\/strong><\/td>\n<\/tr>\n<tr>\n<td>sotsiaalsete osuste arendamine<\/td>\n<td>eneseteenindusoskuste arendamine<\/td>\n<\/tr>\n<tr>\n<td>eneseteenindusoskuste kujundamine<\/td>\n<td>sotsiaalsete oskuste arendamine<\/td>\n<\/tr>\n<tr>\n<td>f\u00fc\u00fcsilise arengu korrigeerimine<\/td>\n<td>f\u00fc\u00fcsiliste v\u00f5imete korrigeerimine<\/td>\n<\/tr>\n<tr>\n<td>tunnetustegevuse arendamine<\/td>\n<td>tunnetustegevuse arendamine<\/td>\n<\/tr>\n<tr>\n<td>esemelise tegevuse kujundamine<\/td>\n<td>produktiivsete tegevuste kujundamine ja arendamine<\/td>\n<\/tr>\n<tr>\n<td>produktiivsete tegevuste kujundamine<\/td>\n<td>rollim\u00e4ngu kujundamine<\/td>\n<\/tr>\n<tr>\n<td>m\u00e4ngu algoskuste kujundamine<\/td>\n<td>k\u00f5nearendus<\/td>\n<\/tr>\n<tr>\n<td>k\u00f5nearendus<\/td>\n<td><\/td>\n<\/tr>\n<tr>\n<td>lapsevanemate n\u00f5ustamine<\/td>\n<td><\/td>\n<\/tr>\n<\/tbody>\n<\/table>\n","protected":false},"excerpt":{"rendered":"<p>vanuses 0-3 aastat\u00a0 vanuses 3-7 aastat sotsiaalsete osuste arendamine eneseteenindusoskuste arendamine eneseteenindusoskuste kujundamine sotsiaalsete oskuste arendamine f\u00fc\u00fcsilise arengu korrigeerimine f\u00fc\u00fcsiliste v\u00f5imete korrigeerimine tunnetustegevuse arendamine tunnetustegevuse arendamine esemelise tegevuse kujundamine produktiivsete tegevuste kujundamine ja arendamine produktiivsete tegevuste kujundamine rollim\u00e4ngu kujundamine m\u00e4ngu &#8230;<\/p>\n","protected":false},"author":3,"featured_media":0,"parent":0,"menu_order":0,"comment_status":"closed","ping_status":"closed","template":"","meta":{"_acf_changed":false,"inline_featured_image":false,"footnotes":""},"class_list":["post-9","page","type-page","status-publish","hentry"],"acf":[],"_links":{"self":[{"href":"https:\/\/sisu.ut.ee\/eviddiferents\/wp-json\/wp\/v2\/pages\/9","targetHints":{"allow":["GET"]}}],"collection":[{"href":"https:\/\/sisu.ut.ee\/eviddiferents\/wp-json\/wp\/v2\/pages"}],"about":[{"href":"https:\/\/sisu.ut.ee\/eviddiferents\/wp-json\/wp\/v2\/types\/page"}],"author":[{"embeddable":true,"href":"https:\/\/sisu.ut.ee\/eviddiferents\/wp-json\/wp\/v2\/users\/3"}],"replies":[{"embeddable":true,"href":"https:\/\/sisu.ut.ee\/eviddiferents\/wp-json\/wp\/v2\/comments?post=9"}],"version-history":[{"count":1,"href":"https:\/\/sisu.ut.ee\/eviddiferents\/wp-json\/wp\/v2\/pages\/9\/revisions"}],"predecessor-version":[{"id":55,"href":"https:\/\/sisu.ut.ee\/eviddiferents\/wp-json\/wp\/v2\/pages\/9\/revisions\/55"}],"wp:attachment":[{"href":"https:\/\/sisu.ut.ee\/eviddiferents\/wp-json\/wp\/v2\/media?parent=9"}],"curies":[{"name":"wp","href":"https:\/\/api.w.org\/{rel}","templated":true}]}}