{"id":23,"date":"2024-04-03T23:16:14","date_gmt":"2024-04-03T20:16:14","guid":{"rendered":"https:\/\/sisu.ut.ee\/eviddiferents\/erilasteasutused\/"},"modified":"2024-04-03T23:16:18","modified_gmt":"2024-04-03T20:16:18","slug":"erilasteasutused","status":"publish","type":"page","link":"https:\/\/sisu.ut.ee\/eviddiferents\/erilasteasutused\/","title":{"rendered":"Erilasteaiad ja erikoolid"},"content":{"rendered":"<p>\u00dcldjuhul p\u00fc\u00fcavad meie haridusasutused tagada erivajadustega laste \u00f5petamiseks vajalikud tingimused ning luua olukorra, kus erivajadustega lapsed saavad k\u00e4ia kodul\u00e4hedases lasteaias v\u00f5i koolis. Siiski on maakondades ja suuremates linnades v\u00f5imalused \u00f5ppida ka erikoolides v\u00f5i k\u00e4ia erilasteaias. Need on spetsialiseerunud teatud liiki erivajadustega laste arengu toetamiseks.<\/p>\n<h2><span style=\"font-size: medium;line-height: 1.6em\" data-mce-mark=\"1\">Erilasteaiad\u00a0<\/span><\/h2>\n<p>Need on lasteaiad, kus k\u00f5ik r\u00fchmad on erir\u00fchmad. N\u00e4iteks on sellised lasteaiad Rapla erilasteaed P\u00e4\u00e4supesa, milles on tasandusr\u00fchmad ning \u00a0\u00d5unake Tallinnas, milles on arendusr\u00fchmad ja liitpuudega laste r\u00fchmad.<\/p>\n<h2><span style=\"line-height: 1.6em;font-size: medium\" data-mce-mark=\"1\">Erikoolid<\/span><\/h2>\n<div class=\"O1\">Riigi poolt peetakse j\u00e4rgmisi erikoole:<\/div>\n<div class=\"O1\">\n<ul>\n<li><span style=\"line-height: 1.6em\" data-mce-mark=\"1\">intellektipuudega \u00f5pilaste koolid (Kosej\u00f5e Kool,\u00a0Porkuni Kool jt);<\/span><\/li>\n<li><span style=\"line-height: 1.6em\" data-mce-mark=\"1\">meele- ja liikumispuudega \u00f5pilaste koolid (Tartu Emaj\u00f5e Kool,\u00a0Tartu Hiie Kool,\u00a0Haapsalu Viigi\u00a0 Kool (endine Sanatoorne Internaatkool);<\/span><\/li>\n<li>tundeelu- ja k\u00e4itumish\u00e4iretega \u00f5pilaste koolid (Tallinna K. P\u00e4tsi Vaba\u00f5hukool jt);<\/li>\n<li><span style=\"line-height: 1.6em\">kasvatuse eritingimusi vajavate ning tundeelu- ja k\u00e4itumish\u00e4iretega \u00f5pilaste kool (Maarjamaa Hariduskolleegium).<\/span><\/li>\n<\/ul>\n<\/div>\n<div class=\"O1\">Lisaks eksisteerivad veel munitsipaalkoolid, mida peavad kohalikud omavalitsused ja erakoolid.\n<\/div>\n<div class=\"O1\"><\/div>\n<div class=\"O1\">\n<div id=\"accordion\" class=\"accordion\">\n<h3><a href=\"#\">Kuigi erilasteaiad ja -koolid ei ole kaasava hariduse kontekstis k\u00f5ige ootusp\u00e4rasemad, on neid Eestimaal siiski p\u00e4ris mitmeid. Kui sellised lasteaiad ja koolid meil eksisteerivad, siis ilmselt on neil omad positiivsed k\u00fcljed v\u00f5i isegi eelised tavakoolide ees. Too v\u00e4lja argumente, miks erivajadusega lapsel v\u00f5iks olla kasulik k\u00e4ia m\u00f5nes sellises lasteaias v\u00f5i koolis!<\/a><\/h3>\n<div>Vihjeks: vaata asjale nii erivajadustega laste, vanemate kui \u00f5petajate seisukohast. Lisaks m\u00f5tle ka \u00fchiskonnale laiemalt.<\/div>\n<\/div>\n<div><\/div>\n<\/div>\n<div class=\"O1\"><\/div>\n","protected":false},"excerpt":{"rendered":"<p>\u00dcldjuhul p\u00fc\u00fcavad meie haridusasutused tagada erivajadustega laste \u00f5petamiseks vajalikud tingimused ning luua olukorra, kus erivajadustega lapsed saavad k\u00e4ia kodul\u00e4hedases lasteaias v\u00f5i koolis. Siiski on maakondades ja suuremates linnades v\u00f5imalused \u00f5ppida ka erikoolides v\u00f5i k\u00e4ia erilasteaias. Need on spetsialiseerunud teatud liiki &#8230;<\/p>\n","protected":false},"author":3,"featured_media":0,"parent":0,"menu_order":0,"comment_status":"closed","ping_status":"closed","template":"","meta":{"_acf_changed":false,"inline_featured_image":false,"footnotes":""},"class_list":["post-23","page","type-page","status-publish","hentry"],"acf":[],"_links":{"self":[{"href":"https:\/\/sisu.ut.ee\/eviddiferents\/wp-json\/wp\/v2\/pages\/23","targetHints":{"allow":["GET"]}}],"collection":[{"href":"https:\/\/sisu.ut.ee\/eviddiferents\/wp-json\/wp\/v2\/pages"}],"about":[{"href":"https:\/\/sisu.ut.ee\/eviddiferents\/wp-json\/wp\/v2\/types\/page"}],"author":[{"embeddable":true,"href":"https:\/\/sisu.ut.ee\/eviddiferents\/wp-json\/wp\/v2\/users\/3"}],"replies":[{"embeddable":true,"href":"https:\/\/sisu.ut.ee\/eviddiferents\/wp-json\/wp\/v2\/comments?post=23"}],"version-history":[{"count":1,"href":"https:\/\/sisu.ut.ee\/eviddiferents\/wp-json\/wp\/v2\/pages\/23\/revisions"}],"predecessor-version":[{"id":69,"href":"https:\/\/sisu.ut.ee\/eviddiferents\/wp-json\/wp\/v2\/pages\/23\/revisions\/69"}],"wp:attachment":[{"href":"https:\/\/sisu.ut.ee\/eviddiferents\/wp-json\/wp\/v2\/media?parent=23"}],"curies":[{"name":"wp","href":"https:\/\/api.w.org\/{rel}","templated":true}]}}