{"id":8,"date":"2025-09-01T14:22:00","date_gmt":"2025-09-01T11:22:00","guid":{"rendered":"https:\/\/sisu.ut.ee\/evadip\/?page_id=8"},"modified":"2025-09-08T12:57:11","modified_gmt":"2025-09-08T09:57:11","slug":"publikatsioonid","status":"publish","type":"page","link":"https:\/\/sisu.ut.ee\/evadip\/publikatsioonid\/","title":{"rendered":"Publikatsioonid"},"content":{"rendered":"<p>Timo Aava. Diplomaatia ja j\u00e4rjepidevus \u2013 Ernst Jaakson 120. <em>Eesti Rahvusringh\u00e4\u00e4ling (ERR)<\/em>. 10.08.2025, <a href=\"https:\/\/www.err.ee\/1609765977\/timo-aava-diplomaatia-ja-jarjepidevus-ernst-jaakson-120\">https:\/\/www.err.ee\/1609765977\/timo-aava-diplomaatia-ja-jarjepidevus-ernst-jaakson-120<\/a>.<\/p>\n\n\n\n<p>Robert Varik, Kaarel Piirim\u00e4e. Eesti ja L\u00e4ti v\u00f5ivad olla vahel kauged, aga alati l\u00e4hedal. <em>Postimees.<\/em> 05.04.2025, <a href=\"https:\/\/arvamus.postimees.ee\/8224031\/robert-varik-ja-kaarel-piirimae-eesti-ja-lati-voivad-olla-vahel-kauged-aga-alati-lahedal\">https:\/\/arvamus.postimees.ee\/8224031\/robert-varik-ja-kaarel-piirimae-eesti-ja-lati-voivad-olla-vahel-kauged-aga-alati-lahedal<\/a>. <\/p>\n\n\n\n<p><\/p>\n\n\n\n<p><\/p>\n","protected":false},"excerpt":{"rendered":"<p>Timo Aava. Diplomaatia ja j\u00e4rjepidevus \u2013 Ernst Jaakson 120. Eesti Rahvusringh\u00e4\u00e4ling (ERR). 10.08.2025, https:\/\/www.err.ee\/1609765977\/timo-aava-diplomaatia-ja-jarjepidevus-ernst-jaakson-120. Robert Varik, Kaarel Piirim\u00e4e. Eesti ja L\u00e4ti v\u00f5ivad olla vahel kauged, aga alati l\u00e4hedal. Postimees. 05.04.2025, https:\/\/arvamus.postimees.ee\/8224031\/robert-varik-ja-kaarel-piirimae-eesti-ja-lati-voivad-olla-vahel-kauged-aga-alati-lahedal.<\/p>\n","protected":false},"author":884,"featured_media":0,"parent":0,"menu_order":0,"comment_status":"closed","ping_status":"closed","template":"","meta":{"_acf_changed":false,"inline_featured_image":false,"footnotes":""},"class_list":["post-8","page","type-page","status-publish","hentry"],"acf":[],"_links":{"self":[{"href":"https:\/\/sisu.ut.ee\/evadip\/wp-json\/wp\/v2\/pages\/8","targetHints":{"allow":["GET"]}}],"collection":[{"href":"https:\/\/sisu.ut.ee\/evadip\/wp-json\/wp\/v2\/pages"}],"about":[{"href":"https:\/\/sisu.ut.ee\/evadip\/wp-json\/wp\/v2\/types\/page"}],"author":[{"embeddable":true,"href":"https:\/\/sisu.ut.ee\/evadip\/wp-json\/wp\/v2\/users\/884"}],"replies":[{"embeddable":true,"href":"https:\/\/sisu.ut.ee\/evadip\/wp-json\/wp\/v2\/comments?post=8"}],"version-history":[{"count":3,"href":"https:\/\/sisu.ut.ee\/evadip\/wp-json\/wp\/v2\/pages\/8\/revisions"}],"predecessor-version":[{"id":167,"href":"https:\/\/sisu.ut.ee\/evadip\/wp-json\/wp\/v2\/pages\/8\/revisions\/167"}],"wp:attachment":[{"href":"https:\/\/sisu.ut.ee\/evadip\/wp-json\/wp\/v2\/media?parent=8"}],"curies":[{"name":"wp","href":"https:\/\/api.w.org\/{rel}","templated":true}]}}