{"id":5,"date":"2025-09-01T14:21:59","date_gmt":"2025-09-01T11:21:59","guid":{"rendered":"https:\/\/sisu.ut.ee\/evadip\/?page_id=5"},"modified":"2025-09-02T18:39:19","modified_gmt":"2025-09-02T15:39:19","slug":"projekist","status":"publish","type":"page","link":"https:\/\/sisu.ut.ee\/evadip\/projekist\/","title":{"rendered":"Projektist"},"content":{"rendered":"<p>Eesti diplomaatia, v\u00e4lis- ja julgeolekupoliitika ajaloo uurimise projekt (EVaDip) l\u00e4htub t\u00f5demusest, et siiani on Eesti diplomaatia, v\u00e4lis- ja julgeolekupoliitika uurimine olnud juhuslik. Avaldatud on m\u00f5ningaid m\u00e4lestuste kogumikke (\u201eTeine tulemine\u201c), osaliselt on teemat k\u00e4sitletud ka iseseisvuse taastamise j\u00e4rgsete poliitikute kirjat\u00f6\u00f6des v\u00f5i m\u00f5nele \u00fcksikk\u00fcsimusele keskendunud artiklite kogumikes. Kollektiivse m\u00e4lu uurimine Eesti v\u00e4lispoliitika ja laiemalt rahvusvaheliste suhete m\u00f5jutaja ja m\u00e4\u00e4rajana on sootuks p\u00f5gusat t\u00e4helepanu leidnud.<\/p>\n\n\n\n<p>Mida aeg edasi, seda suurem on oht, et Eesti ajalugu puudutavaid narratiive nii Eestis kui kaugemal j\u00e4\u00e4vad kujundama juhuslikele seikadele keskenduvad kirjat\u00f6\u00f6d, mis ei l\u00e4htu mitte Eesti, vaid teiste riikide ja huvigruppide perspektiividest. Eesti v\u00e4lis- ja julgeolekupoliitika ning diplomaatia ajaloo uurimisel on seega otsene seos:<\/p>\n\n\n\n<ul class=\"wp-block-list\">\n<li>Eesti julgeoleku ja sotsiaal-majandusliku heaolu ning s\u00f5ltumatuse ja rahva eluj\u00f5u s\u00e4ilitamisega;<\/li>\n\n\n\n<li>Eesti v\u00f5imega olla v\u00e4\u00e4rtuslik partner liitlastele.<\/li>\n<\/ul>\n\n\n\n<p>EVaDip projekti tulemusel on Eestil paremini l\u00e4bi uuritud v\u00e4lispoliitika ja diplomaatia ajalugu, selle tulemina omakorda v\u00e4lispoliitikast paremini informeeritud \u00fchiskond ja v\u00e4listeenistus. Lisaks tekib laiahaardelisem, sisuliselt s\u00fcgavam v\u00e4lis- ja julgeolekupoliitika, diplomaatia ajaloo ning kollektiivse m\u00e4lu uurimisv\u00e4li, mille teadus- ja \u00f5petamist\u00f6\u00f6 tulemusi on v\u00f5imalik rakendada Eesti v\u00e4listeenistuse tegevuses ning nii Eesti kui v\u00e4lismaise avalikkuse teadlikkuse t\u00f5stmisel. Eesti koht ajalooteaduses, meedias ja sotsiaalmeedias ning \u00fcldiselt avalikkuses levivates ajaloonarratiivides v\u00f5ib muutunud rahvusvaheliste suhete ja uue geopoliitilise olukorra tingimustes muutuda Eesti riigi ja rahva tuleviku seisukohast eksistentsiaalse t\u00e4htsusega k\u00fcsimuseks.<\/p>\n\n\n\n<p>Uurimisprojekti <a href=\"https:\/\/www.etis.ee\/Portal\/Projects\/Display\/0b192a6c-936a-49c3-a6a5-bdd6e0790399\" data-type=\"link\" data-id=\"https:\/\/www.etis.ee\/Portal\/Projects\/Display\/0b192a6c-936a-49c3-a6a5-bdd6e0790399\">Eesti diplomaatia ja v\u00e4lis- ning julgeolekupoliitika ajalugu aastatel 1990-2010<\/a> (2025-2028) tellija ning finantseerija on V\u00e4lisministeerium. Uurimist\u00f6\u00f6d viib ellu Tartu \u00dclikooli ajaloo ja arheoloogia instituut ning projekti juhib Kaarel Piirim\u00e4e. Projekti rahastatakse summas 110 000 EUR aastas nelja aasta jooksul. Lisaks teadusartiklitele on projekti oluliseks v\u00e4ljundiks kollektiivse monograafia kirjutamine Eesti liitumistest rahvusvaheliste organisatsiooniga.<\/p>\n\n\n\n<p><\/p>\n\n\n\n<div class=\"wp-block-group is-content-justification-left is-nowrap is-layout-flex wp-container-core-group-is-layout-c6736c52 wp-block-group-is-layout-flex\">\n<figure class=\"wp-block-image size-large is-resized\"><img loading=\"lazy\" decoding=\"async\" width=\"1024\" height=\"258\" src=\"https:\/\/sisu.ut.ee\/wp-content\/uploads\/sites\/925\/ajaloo-ja-arheoloogia-instituut_est_sinine-1024x258.png\" alt=\"\" class=\"wp-image-62\" style=\"width:359px;height:auto\" srcset=\"https:\/\/sisu.ut.ee\/wp-content\/uploads\/sites\/925\/ajaloo-ja-arheoloogia-instituut_est_sinine-1024x258.png 1024w, https:\/\/sisu.ut.ee\/wp-content\/uploads\/sites\/925\/ajaloo-ja-arheoloogia-instituut_est_sinine-300x76.png 300w, https:\/\/sisu.ut.ee\/wp-content\/uploads\/sites\/925\/ajaloo-ja-arheoloogia-instituut_est_sinine-768x193.png 768w, https:\/\/sisu.ut.ee\/wp-content\/uploads\/sites\/925\/ajaloo-ja-arheoloogia-instituut_est_sinine.png 1494w\" sizes=\"auto, (max-width: 1024px) 100vw, 1024px\"><\/figure>\n\n\n\n<figure class=\"wp-block-image size-large is-resized\"><img loading=\"lazy\" decoding=\"async\" width=\"1024\" height=\"410\" src=\"https:\/\/sisu.ut.ee\/wp-content\/uploads\/sites\/925\/1890-756-max-1024x410.png\" alt=\"\" class=\"wp-image-59\" style=\"width:393px;height:auto\" srcset=\"https:\/\/sisu.ut.ee\/wp-content\/uploads\/sites\/925\/1890-756-max-1024x410.png 1024w, https:\/\/sisu.ut.ee\/wp-content\/uploads\/sites\/925\/1890-756-max-300x120.png 300w, https:\/\/sisu.ut.ee\/wp-content\/uploads\/sites\/925\/1890-756-max-768x307.png 768w, https:\/\/sisu.ut.ee\/wp-content\/uploads\/sites\/925\/1890-756-max-1536x614.png 1536w, https:\/\/sisu.ut.ee\/wp-content\/uploads\/sites\/925\/1890-756-max.png 1890w\" sizes=\"auto, (max-width: 1024px) 100vw, 1024px\"><\/figure>\n<\/div>\n\n\n\n<p><\/p>\n","protected":false},"excerpt":{"rendered":"<p>Eesti diplomaatia, v\u00e4lis- ja julgeolekupoliitika ajaloo uurimise projekt (EVaDip) l\u00e4htub t\u00f5demusest, et siiani on Eesti diplomaatia, v\u00e4lis- ja julgeolekupoliitika uurimine olnud juhuslik. Avaldatud on m\u00f5ningaid m\u00e4lestuste kogumikke (\u201eTeine tulemine\u201c), osaliselt on teemat k\u00e4sitletud ka iseseisvuse taastamise j\u00e4rgsete poliitikute kirjat\u00f6\u00f6des v\u00f5i &#8230;<\/p>\n","protected":false},"author":884,"featured_media":0,"parent":0,"menu_order":0,"comment_status":"closed","ping_status":"closed","template":"","meta":{"_acf_changed":false,"inline_featured_image":false,"footnotes":""},"class_list":["post-5","page","type-page","status-publish","hentry"],"acf":[],"_links":{"self":[{"href":"https:\/\/sisu.ut.ee\/evadip\/wp-json\/wp\/v2\/pages\/5","targetHints":{"allow":["GET"]}}],"collection":[{"href":"https:\/\/sisu.ut.ee\/evadip\/wp-json\/wp\/v2\/pages"}],"about":[{"href":"https:\/\/sisu.ut.ee\/evadip\/wp-json\/wp\/v2\/types\/page"}],"author":[{"embeddable":true,"href":"https:\/\/sisu.ut.ee\/evadip\/wp-json\/wp\/v2\/users\/884"}],"replies":[{"embeddable":true,"href":"https:\/\/sisu.ut.ee\/evadip\/wp-json\/wp\/v2\/comments?post=5"}],"version-history":[{"count":11,"href":"https:\/\/sisu.ut.ee\/evadip\/wp-json\/wp\/v2\/pages\/5\/revisions"}],"predecessor-version":[{"id":146,"href":"https:\/\/sisu.ut.ee\/evadip\/wp-json\/wp\/v2\/pages\/5\/revisions\/146"}],"wp:attachment":[{"href":"https:\/\/sisu.ut.ee\/evadip\/wp-json\/wp\/v2\/media?parent=5"}],"curies":[{"name":"wp","href":"https:\/\/api.w.org\/{rel}","templated":true}]}}