{"id":10,"date":"2024-04-04T06:14:09","date_gmt":"2024-04-04T03:14:09","guid":{"rendered":"https:\/\/sisu.ut.ee\/eva\/projektist\/"},"modified":"2024-08-17T22:17:20","modified_gmt":"2024-08-17T19:17:20","slug":"projektist","status":"publish","type":"page","link":"https:\/\/sisu.ut.ee\/eva\/projektist\/","title":{"rendered":"Meeskond"},"content":{"rendered":"<p><strong>Dr Terje Toomistu, vastutav t\u00e4itja<\/strong><\/p>\n<p><img loading=\"lazy\" decoding=\"async\" width=\"720\" height=\"720\" class=\"alignnone wp-image-51\" style=\"width: 200px; height: 200px;\" title=\"terjetoomistu_by_georg_korre_720_1080_90_1.jpg\" src=\"https:\/\/sisu.ut.ee\/wp-content\/uploads\/sites\/436\/terjetoomistu_by_georg_korre_720_1080_90_1.jpg\" alt=\"Toomistu\" srcset=\"https:\/\/sisu.ut.ee\/wp-content\/uploads\/sites\/436\/terjetoomistu_by_georg_korre_720_1080_90_1.jpg 720w, https:\/\/sisu.ut.ee\/wp-content\/uploads\/sites\/436\/terjetoomistu_by_georg_korre_720_1080_90_1-300x300.jpg 300w, https:\/\/sisu.ut.ee\/wp-content\/uploads\/sites\/436\/terjetoomistu_by_georg_korre_720_1080_90_1-150x150.jpg 150w\" sizes=\"auto, (max-width: 720px) 100vw, 720px\"><\/p>\n<p>Dr Terje Toomistu on antropoloog, Tartu \u00dclikooli etnoloogia osakonna teadur, kelle peamised uurimishuvid on seotud soo, mobiilsuse ja afektiga. Tal on doktorikraad etnoloogias ning kaks magistrikraadi (cum laude) etnoloogia ja kommunikatsiooni erialadelt Tartu \u00dclikoolist. Ta on t\u00e4iendanud end Fulbright\u2019i stipendiaadina Kalifornia \u00dclikoolis Berkeley\u2019s ning k\u00fclalisuurijana Amsterdami \u00dclikooli antropoloogia osakonnas. Ta on elanud ja \u00f5ppinud ka Prantsusmaal, Venemaal ja Indoneesias.<\/p>\n<p>Toomistu senised suurimad projektid on seotud Indoneesia soo- ja seksuaalsuse antropoloogiaga ning hilis-n\u00f5ukogudeaegse noortekultuuriga. Oma doktorit\u00f6\u00f6s keskendus ta Indoneesia transnaiste (waria\u2019de) kogukonnale, tuginedes pika-ajalistele etnograafilistele v\u00e4lit\u00f6\u00f6dele Jaaval ja L\u00e4\u00e4ne-Paapuas. Ta on kureerinud n\u00e4ituseid U.K.-s, Saksamaal, Kanadas ja Rootsis ning pidanud avalikke loenguid ja seminare paljudes rahvusvahelistes \u00fclikoolides.<\/p>\n<p>Toomistu on ka dokumentaalfilmitegija. Tema t\u00f6\u00f6 on p\u00e4lvinud m\u00e4rkimisv\u00e4\u00e4rset rahvusvahelist meediat\u00e4helepanu, sealhulgas ajalehtedelt The Guardian ja The Economist.<\/p>\n<p><a title=\"\" href=\"https:\/\/www.etis.ee\/CV\/Terje_Toomistu\/eng?lang=ENG&amp;tabId=CV_EST\" target=\"_blank\" rel=\"noopener\" data-url=\"https:\/\/www.etis.ee\/CV\/Terje_Toomistu\/eng?lang=ENG&amp;tabId=CV_EST\">Terje Toomistu CV Eesti Teadusinfos\u00fcsteemis<\/a><\/p>\n<p><strong>Dr Aet Annist, kaasuurija<\/strong><\/p>\n<p><img loading=\"lazy\" decoding=\"async\" width=\"200\" height=\"200\" class=\"alignnone wp-image-55\" title=\"289a8994_fotograafmarirostfeldt_1.jpg\" src=\"https:\/\/sisu.ut.ee\/wp-content\/uploads\/sites\/436\/289a8994_fotograafmarirostfeldt_1.jpg\" alt=\"Image\" srcset=\"https:\/\/sisu.ut.ee\/wp-content\/uploads\/sites\/436\/289a8994_fotograafmarirostfeldt_1.jpg 200w, https:\/\/sisu.ut.ee\/wp-content\/uploads\/sites\/436\/289a8994_fotograafmarirostfeldt_1-150x150.jpg 150w\" sizes=\"auto, (max-width: 200px) 100vw, 200px\"><\/p>\n<p><span style=\"color: #696969;\">Dr Aet Annist on sotsiaalantropoloog, Tartu \u00dcikooli etnoloogia osakonna vanemteadur,\u00a0kelle l\u00e4bivaks uurimishuviks on olnud sotsiaalsusega toimuvad protsessid muutuste kontekstis. Tema andmepagas p\u00e4rineb v\u00e4ga erinevatest, sageli mitmepaiksetest v\u00e4lit\u00f6\u00f6dest Eestis ja Suurbritannias, mis on Annisti t\u00e4helepanu anal\u00fc\u00fctilisse keskmesse t\u00f5stnud ilmaj\u00e4etuse kontseptsiooni arendamise selle erinevates vormides (sotsiaalne, s\u00fcmboolne, etniline ning tulevikuline ilmaj\u00e4etus). Ta vaatleb ka uute klassisuhete kujunemist\u00a0ilmaj\u00e4etuse j\u00e4tkuna v\u00f5i vastusena sellele. Annisti doktorit\u00f6\u00f6 University College Londoni juures k\u00e4sitles sotsialismij\u00e4rgsete keskusk\u00fclade sotsiaalset fragmenteerumist Suurbritannia kogukonnaarenduse abiprojekti taustal. Annisti j\u00e4reldoktori uurimist\u00f6\u00f6 Tallinna \u00dclikoolis vaatles eestlaste r\u00e4ndekarj\u00e4\u00e4re. <\/span><\/p>\n<p style=\"margin: 6pt0cm0cm;\"><span style=\"color: #696969;\">Annist on olnud haaratud mitmetesse projektidesse, mis on uurinud noori \u2013 viimati Manchesteri \u00dclikooli juhitud Horizon2020 projektis PROMISE. K\u00e4silolevate uurimishuvide hulka kuuluvad kliimasotsiaalsuste ning metsaprotestide teemad, p\u00e4randkultuuri institutsionaliseerimine ja selle m\u00f5ju kohalikele suhetele ning suhetele keskkonnaga.<\/span><\/p>\n<p style=\"margin: 6pt0cm0cm;\"><span style=\"color: #696969;\">Annist on panustanud konsultandina rakenduslikesse uuringutesse Eesti ministeeriumidele ja Riigikogule, regulaarselt Eesti meediav\u00e4ljaannetesse, kirjutava autorina kunstin\u00e4itustele ning aktivisti, n\u00f5ustaja ja kaasajana Suurbritannia ja Eesti protestigruppide tegevusse.\u00a0<\/span><\/p>\n<p style=\"margin: 0px;\"><a title=\"\" href=\"https:\/\/www.etis.ee\/CV\/Aet_Annist\/est\" target=\"_blank\" rel=\"noopener\" data-url=\"https:\/\/www.etis.ee\/CV\/Aet_Annist\/est\">Aet Annisti\u00a0CV Eesti Teadusinfos\u00fcsteemis<\/a><\/p>\n<p><strong>Rein Murakas, veebik\u00fcsitluse projektijuht<\/strong><\/p>\n<p><img loading=\"lazy\" decoding=\"async\" width=\"480\" height=\"480\" class=\"alignnone wp-image-53\" style=\"width: 200px; height: 200px;\" title=\"123_1.jpg\" src=\"https:\/\/sisu.ut.ee\/wp-content\/uploads\/sites\/436\/123_1.jpg\" alt=\"Murakas\" srcset=\"https:\/\/sisu.ut.ee\/wp-content\/uploads\/sites\/436\/123_1.jpg 480w, https:\/\/sisu.ut.ee\/wp-content\/uploads\/sites\/436\/123_1-300x300.jpg 300w, https:\/\/sisu.ut.ee\/wp-content\/uploads\/sites\/436\/123_1-150x150.jpg 150w\" sizes=\"auto, (max-width: 480px) 100vw, 480px\"><\/p>\n<p>Rein Murakas tegutseb konsultant-uurija ja anal\u00fc\u00fctikuna erinevate Eesti ja rahvusvaheliste uurimisprojektide juures. Tema p\u00f5hilisteks uurimisvaldkondadeks on olnud noorteprobleemid, ebav\u00f5rdsus, finantsk\u00e4itumine, ettev\u00f5tlus, teadlasmobiilsus, sotsiaalpoliitika, tervis,\u00a0uurimismeetodid ja\u00a0\u00a0sotsiaalteaduste alaste andmete kasutamine.<\/p>\n<p><a title=\"\" href=\"https:\/\/www.etis.ee\/CV\/Rein_Murakas\/est?lang=ENG\" target=\"_blank\" rel=\"noopener\" data-url=\"https:\/\/www.etis.ee\/CV\/Rein_Murakas\/est?lang=ENG\">Rein Muraka CV Eesti Teadusinfos\u00fcsteemis<\/a><\/p>\n<p><strong>Dr Ave Lauren, konsultant<\/strong><\/p>\n<p><img loading=\"lazy\" decoding=\"async\" width=\"556\" height=\"556\" class=\"alignnone wp-image-54\" style=\"width: 200px; height: 200px;\" title=\"ave_1.jpg\" src=\"https:\/\/sisu.ut.ee\/wp-content\/uploads\/sites\/436\/ave_1.jpg\" alt=\"Lauren\" srcset=\"https:\/\/sisu.ut.ee\/wp-content\/uploads\/sites\/436\/ave_1.jpg 556w, https:\/\/sisu.ut.ee\/wp-content\/uploads\/sites\/436\/ave_1-300x300.jpg 300w, https:\/\/sisu.ut.ee\/wp-content\/uploads\/sites\/436\/ave_1-150x150.jpg 150w\" sizes=\"auto, (max-width: 556px) 100vw, 556px\"><\/p>\n<p>Dr Ave Lauren on inimgeograaf, alates 2020. aastast EBSi vanemteadur. Tema uurimisvaldkonnad on globaalsed linnad, innovatsioonikeskused ja \u00fcleilmne talendimobiilsus.<\/p>\n<p>Ave omandas Cambridge\u2019i \u00fclikoolis doktorikrikraadi geograafias, kus uuris muuhulgas tippspetsialistide r\u00e4nnet Silicon Valleysse. Oma uurimust\u00f6\u00f6 k\u00e4igus tegi ta koost\u00f6\u00f6d tehnoloogiaettev\u00f5tetega nagu Intel, Apple, Google, Huawei and Tencent.<\/p>\n<p>Enne EBSiga liitumist juhtis Ave Euroopa R\u00e4ndev\u00f5rgustiku (EMN) Eesti kontaktpunkti.<\/p>\n<p><a title=\"\" href=\"https:\/\/www.etis.ee\/CV\/Ave_Lauren\/eng?lang=ENG&amp;tabId=CV_ES\" target=\"_blank\" rel=\"noopener\" data-url=\"https:\/\/www.etis.ee\/CV\/Ave_Lauren\/eng?lang=ENG&amp;tabId=CV_ES\">Ave Laureni CV Eesti Teadusinfos\u00fcsteemis<\/a><\/p>\n<p><strong>Eva\u00a0B\u00fcrkland, \u00fcli\u00f5pilasuurija<\/strong><\/p>\n<p><img loading=\"lazy\" decoding=\"async\" width=\"1365\" height=\"1365\" class=\"alignnone wp-image-57\" style=\"width: 200px; height: 200px;\" title=\"eva_150920_05mv.jpg\" src=\"https:\/\/sisu.ut.ee\/wp-content\/uploads\/sites\/436\/eva_150920_05mv.jpg\" alt=\"eva_150920_05mv.jpg\" srcset=\"https:\/\/sisu.ut.ee\/wp-content\/uploads\/sites\/436\/eva_150920_05mv.jpg 1365w, https:\/\/sisu.ut.ee\/wp-content\/uploads\/sites\/436\/eva_150920_05mv-300x300.jpg 300w, https:\/\/sisu.ut.ee\/wp-content\/uploads\/sites\/436\/eva_150920_05mv-1024x1024.jpg 1024w, https:\/\/sisu.ut.ee\/wp-content\/uploads\/sites\/436\/eva_150920_05mv-150x150.jpg 150w, https:\/\/sisu.ut.ee\/wp-content\/uploads\/sites\/436\/eva_150920_05mv-768x768.jpg 768w\" sizes=\"auto, (max-width: 1365px) 100vw, 1365px\"><\/p>\n<p>Eva\u00a0B\u00fcrkland\u00a0on Tartu \u00dclikooli rakendusantropoloogia magistrant. Tema huvideks on inimeste r\u00e4nne seoses \u00f5nneotsingutega, kohatunnetus ja kuulumine. Antud projekti raames uurib\u00a0Eva\u00a0diginomaade ning on ka ise viibinud diginomaadina erinevates riikides nii Euroopas kui ka L\u00f5una-Ameerikas.<\/p>\n<p><strong>Maret Luud, assistent\/praktikant<\/strong><\/p>\n<p><img loading=\"lazy\" decoding=\"async\" width=\"896\" height=\"998\" class=\"alignnone wp-image-56\" style=\"width: 200px; height: 223px;\" title=\"20210422_062124.jpg\" src=\"https:\/\/sisu.ut.ee\/wp-content\/uploads\/sites\/436\/20210422_062124.jpg\" alt=\"Maret Luud\" srcset=\"https:\/\/sisu.ut.ee\/wp-content\/uploads\/sites\/436\/20210422_062124.jpg 896w, https:\/\/sisu.ut.ee\/wp-content\/uploads\/sites\/436\/20210422_062124-269x300.jpg 269w, https:\/\/sisu.ut.ee\/wp-content\/uploads\/sites\/436\/20210422_062124-768x855.jpg 768w\" sizes=\"auto, (max-width: 896px) 100vw, 896px\"><\/p>\n<p>Maret Luud on Tartu \u00dclikooli bakalaureuseastme etnoloogiatudeng, kelle huvideks on kultuurilised erinevused ja nende m\u00f5ju inimese m\u00f5tlemisele ja k\u00e4itumisele. Suurem huvi on tal Ida-Aasia ning L\u00f5una-Korea vastu, kus on ka ise elanud ja \u00f5ppinud. Lisaks \u00f5ppet\u00f6\u00f6le on ta osalenud ka mitmetes korea keele ja kultuuri alastes ettev\u00f5tmistes Eestis.<\/p>\n<p>\u00a0<\/p>\n\n\n<figure class=\"wp-block-gallery has-nested-images columns-3 is-cropped wp-block-gallery-1 is-layout-flex wp-block-gallery-is-layout-flex\"><\/figure>\n","protected":false},"excerpt":{"rendered":"<p>Dr Terje Toomistu, vastutav t\u00e4itja Dr Terje Toomistu on antropoloog, Tartu \u00dclikooli etnoloogia osakonna teadur, kelle peamised uurimishuvid on seotud soo, mobiilsuse ja afektiga. Tal on doktorikraad etnoloogias ning kaks magistrikraadi (cum laude) etnoloogia ja kommunikatsiooni erialadelt Tartu \u00dclikoolist. Ta &#8230;<\/p>\n","protected":false},"author":158,"featured_media":0,"parent":0,"menu_order":0,"comment_status":"closed","ping_status":"closed","template":"","meta":{"_acf_changed":false,"inline_featured_image":false,"footnotes":""},"class_list":["post-10","page","type-page","status-publish","hentry"],"acf":[],"_links":{"self":[{"href":"https:\/\/sisu.ut.ee\/eva\/wp-json\/wp\/v2\/pages\/10","targetHints":{"allow":["GET"]}}],"collection":[{"href":"https:\/\/sisu.ut.ee\/eva\/wp-json\/wp\/v2\/pages"}],"about":[{"href":"https:\/\/sisu.ut.ee\/eva\/wp-json\/wp\/v2\/types\/page"}],"author":[{"embeddable":true,"href":"https:\/\/sisu.ut.ee\/eva\/wp-json\/wp\/v2\/users\/158"}],"replies":[{"embeddable":true,"href":"https:\/\/sisu.ut.ee\/eva\/wp-json\/wp\/v2\/comments?post=10"}],"version-history":[{"count":3,"href":"https:\/\/sisu.ut.ee\/eva\/wp-json\/wp\/v2\/pages\/10\/revisions"}],"predecessor-version":[{"id":239,"href":"https:\/\/sisu.ut.ee\/eva\/wp-json\/wp\/v2\/pages\/10\/revisions\/239"}],"wp:attachment":[{"href":"https:\/\/sisu.ut.ee\/eva\/wp-json\/wp\/v2\/media?parent=10"}],"curies":[{"name":"wp","href":"https:\/\/api.w.org\/{rel}","templated":true}]}}