{"id":3,"date":"2024-04-04T03:54:02","date_gmt":"2024-04-04T00:54:02","guid":{"rendered":"https:\/\/sisu.ut.ee\/ev100bakterid\/meediakajastus\/"},"modified":"2024-04-04T03:54:07","modified_gmt":"2024-04-04T00:54:07","slug":"meediakajastus","status":"publish","type":"page","link":"https:\/\/sisu.ut.ee\/ev100bakterid\/meediakajastus\/","title":{"rendered":"Meediakajastus"},"content":{"rendered":"<div class=\"clearfix\">\n\t<span style=\"font-family: verdana, geneva\">Tartu \u00dclikooli pressiteade 20.09.2017. 100-aastased eestlased toetavad tulevaste p\u00f5lvede tervist<\/span>\n<\/div>\n<div class=\"clearfix\">\n\t<span style=\"font-family: verdana, geneva\">http:\/\/www.ut.ee\/et\/uudised\/100-aastased-eestlased-toetavad-tulevate-polvede-tervist?language=et<\/span>\n<\/div>\n<p class=\"clearfix\">\n\t\u00a0\n<\/p>\n<div class=\"clearfix\">\n\t<span style=\"font-family: verdana,geneva\">Postimees 60+ 20.09.2017. 100-aastaste eestlaste mikroobid on uurimist v\u00e4\u00e4rt<\/span>\n<\/div>\n<div class=\"clearfix\">\n\t<span style=\"font-family: verdana,geneva\">http:\/\/60pluss.postimees.ee\/4249497\/100-aastaste-eestlaste-mikroobid-on-uurimist-vaart<\/span>\n<\/div>\n<p class=\"clearfix\">\n\t\u00a0\n<\/p>\n<div class=\"clearfix\">\n\t<span style=\"font-family: verdana, geneva\">Aktuaalne kaamera 21.09.2017<\/span>\n<\/div>\n<div class=\"clearfix\">\n\t<span style=\"font-family: verdana, geneva\">http:\/\/novaator.err.ee\/631814\/teadlased-otsivad-100-aastaste-eestlaste-mikroobidest-ravivoimalusi<\/span>\n<\/div>\n<p class=\"clearfix\">\n\t\u00a0\n<\/p>\n<div class=\"clearfix\">\n\t<span style=\"font-family: verdana, geneva\">Prillitoos 29.10.2017 <\/span>\n<\/div>\n<div class=\"clearfix\">\n\t<span style=\"font-family: verdana, geneva\">https:\/\/arhiiv.err.ee\/vaata\/prillitoos-434<\/span>\n<\/div>\n<div class=\"clearfix\">\n\t<span style=\"font-family: verdana, geneva\">10:15 \u2013 17:30<\/span>\n<\/div>\n<p class=\"clearfix\">\n\t\u00a0\n<\/p>\n<div>\n\tP\u00d5S, kallis juubilar! 19.02.2018 Vahur Kersna\n<\/div>\n<div>\n\thttp:\/\/arhiiv.err.ee\/guid\/20180218195307401000300112290E2BA238B440000003964B00000D0F011412\n<\/div>\n<div>\n\t50:14 \u2013 56:32\n<\/div>\n<div>\n\t\u00a0\n<\/div>\n<div>\n\tUudishimu tippkeskus. ETV 18.04.2019\n<\/div>\n<div>\n\t<a href=\"https:\/\/arhiiv.err.ee\/vaata\/uudishimu-tippkeskus-15-276328\">https:\/\/arhiiv.err.ee\/vaata\/uudishimu-tippkeskus-15-276328<\/a>\n<\/div>\n<div>\n\t\u00a0\n<\/div>\n<div>\n\tTartu \u00dclikooli uudised 28.11.2019\n<\/div>\n<div>\n\tMilline on Eesti pikaealiste inimeste tervis ja elukeskkond?\n<\/div>\n<div>\n\t<a href=\"https:\/\/www.ut.ee\/et\/uudised\/milline-eesti-pikaealiste-inimeste-tervis-elukeskkond\">https:\/\/www.ut.ee\/et\/uudised\/milline-eesti-pikaealiste-inimeste-tervis-elukeskkond<\/a>\n<\/div>\n<div>\n\t\u00a0\n<\/div>\n<div>\n\tPostimees 28.11.2019\n<\/div>\n<div>\n\t<font><font size=\"3\"><font face=\"Times New Roman,serif\"><span><font><font size=\"2\"><font face=\"Calibri,sans-serif\"><font color=\"#1F497D\"><span lang=\"en-US\">\u201c<\/span><\/font><\/font><\/font><\/font><a href=\"https:\/\/tervis.postimees.ee\/6837075\/tu-uuringus-selgus-mis-on-100-aastaste-eestlaste-pika-ea-pant\" rel=\"noopener noreferrer\" target=\"_blank\"><font><font size=\"2\"><font face=\"Calibri,sans-serif\"><span lang=\"en-US\">T\u00dc uuringus selgus, mis on 100-aastaste eestlaste pika ea pant<\/span><\/font><\/font><\/font><\/a><font><font size=\"2\"><font face=\"Calibri,sans-serif\"><font color=\"#1F497D\"><span lang=\"en-US\">\u201d<\/span><\/font><\/font><\/font><\/font><\/span><\/font><\/font><\/font>\n<\/div>\n<div>\n\t\u00a0\n<\/div>\n<div>\n\t<span style=\"font-size:14px\">Postimees 60+ 28.11.2019<\/span>\n<\/div>\n<div>\n\t<span style=\"font-size:14px\"><font><font face=\"Times New Roman,serif\"><font><font face=\"Calibri,sans-serif\"><font color=\"#1F497D\"><span lang=\"en-US\">\u201c<\/span><\/font><\/font><\/font><a href=\"https:\/\/60pluss.postimees.ee\/6837079\/uuring-selgitab-mis-on-pikaealiste-eestlaste-elujou-saladus\" rel=\"noopener noreferrer\" target=\"_blank\"><font><font face=\"Calibri,sans-serif\"><span lang=\"en-US\">Uuring selgitab, mis on pikaealiste eestlaste eluj\u00f5u saladus<\/span><\/font><\/font><\/a><font><font face=\"Calibri,sans-serif\"><font color=\"#1F497D\"><span lang=\"en-US\">\u201d<\/span><\/font><\/font><\/font><\/font><\/font><\/span>\n<\/div>\n<div>\n\t\u00a0\n<\/div>\n<div>\n\t<span style=\"font-size:14px\">Delfi 28.11.2019<\/span>\n<\/div>\n<div>\n\t<span style=\"font-size:14px\"><font><font face=\"Times New Roman,serif\"><font><font face=\"Calibri,sans-serif\"><font color=\"#1F497D\"><span lang=\"en-US\">\u201c<\/span><\/font><\/font><\/font><a href=\"https:\/\/naistekas.delfi.ee\/tervis\/tervis\/tartu-ulikooli-teadlased-uurisid-valja-mis-peitub-vaga-korgeealiste-eestlaste-tugeva-tervise-taga?id=88205331\" rel=\"noopener noreferrer\" target=\"_blank\"><font><font face=\"Calibri,sans-serif\"><span lang=\"en-US\">Tartu \u00dclikooli teadlsed uurisid v\u00e4lja, mis peitub v\u00e4ga k\u00f5rgeealiste eestlaste tugeva tervise taga<\/span><\/font><\/font><\/a><font><font face=\"Calibri,sans-serif\"><font color=\"#1F497D\"><span lang=\"en-US\">\u201d<\/span><\/font><\/font><\/font><\/font><\/font><\/span>\n<\/div>\n<div>\n\t\u00a0\n<\/div>\n<div>\n\t<span style=\"font-size:14px\">ERR Novaator 28.11.2019<\/span>\n<\/div>\n<div>\n\t<span style=\"font-size:14px\"><font><font face=\"Times New Roman,serif\"><font><font face=\"Calibri,sans-serif\"><font color=\"#1F497D\"><span lang=\"en-US\">\u201c<\/span><\/font><\/font><\/font><a href=\"https:\/\/novaator.err.ee\/1007845\/milline-on-eesti-pikaealiste-inimeste-tervis-ja-elukeskkond\" rel=\"noopener noreferrer\" target=\"_blank\"><font><font face=\"Calibri,sans-serif\"><span lang=\"en-US\">Milline on Eesti pikaealiste inimeste tervis ja elukeskkond?<\/span><\/font><\/font><\/a><font><font face=\"Calibri,sans-serif\"><font color=\"#1F497D\"><span lang=\"en-US\">\u201d<\/span><\/font><\/font><\/font><\/font><\/font><\/span>\n<\/div>\n<div>\n\t\u00a0\n<\/div>\n<div>\n<div>\n\t\t<span style=\"font-size:14px\">Pealinn 28.11.2019<\/span>\n\t<\/div>\n<div>\n\t\t<span style=\"font-size:14px\"><font face=\"Times New Roman,serif\"><font face=\"Calibri,sans-serif\"><font color=\"#1F497D\">\u201c<\/font><\/font><a href=\"http:\/\/www.pealinn.ee\/newset\/milline-on-eesti-pikaealiste-inimeste-tervis-ja-elukeskkond-n248055\" rel=\"noopener noreferrer\" target=\"_blank\"><font face=\"Calibri,sans-serif\">Milline on Eesti pikaealiste inimeste tervis ja elukeskkond?<\/font><\/a><font face=\"Calibri,sans-serif\"><font color=\"#1F497D\">\u201d<\/font><\/font><\/font><\/span>\n\t<\/div>\n<div>\n\t\t\u00a0\n\t<\/div>\n<div>\n<div>\n\t\t\tEesti Ekspress 3.06.2020\n\t\t<\/div>\n<div>\n\t\t\tKuidas elada saja-aastaseks\n\t\t<\/div>\n<div>\n\t\t\thttps:\/\/ekspress.delfi.ee\/elu\/kuidas-elada-saja-aastaseks?id=90041173\n\t\t<\/div>\n<div>\n\t\t\t\u00a0\n\t\t<\/div>\n<div>\n\t\t\tKaur Maran. Postimees 20.02.2021\n\t\t<\/div>\n<div>\n<div>\n\t\t\t\t<span style=\"font-size:15px\">Wabariigi algusaeg elab edasi soolebakterites<\/span>\n\t\t\t<\/div>\n<\/div>\n<div>\n\t\t\t<a href=\"https:\/\/leht.postimees.ee\/7183722\/wabariigi-algusaeg-elab-edasi-soolebakterites\">https:\/\/leht.postimees.ee\/7183722\/wabariigi-algusaeg-elab-edasi-soolebakterites<\/a>\n\t\t<\/div>\n<div>\n\t\t\t\u00a0\n\t\t<\/div>\n<div>\n\t\t\tKaur Maran. Postikees 21.02.2021\n\t\t<\/div>\n<div>\n\t\t\tMilline oli toitumine Eestis 1920ndatel vs. 1990ndatel?\n\t\t<\/div>\n<div>\n\t\t\t<a href=\"https:\/\/majandus24.postimees.ee\/7185058\/toitumine-eestis-1920-vs-1990\">https:\/\/majandus24.postimees.ee\/7185058\/toitumine-eestis-1920-vs-1990<\/a>\n\t\t<\/div>\n<div>\n\t\t\t\u00a0\n\t\t<\/div>\n<div>\n\t\t\tTartu \u00dclikool, uudised 22.02.2021\n\t\t<\/div>\n<div>\n\t\t\tSaja-aastased eestlased sillutavad teed meie k\u00f5ikide paremale tervisele\n\t\t<\/div>\n<div>\n\t\t\t<a href=\"https:\/\/meditsiiniteadused.ut.ee\/et\/uudised\/saja-aastased-eestlased-sillutavad-teed-meie-koikide-paremale-tervisele\">https:\/\/meditsiiniteadused.ut.ee\/et\/uudised\/saja-aastased-eestlased-sillutavad-teed-meie-koikide-paremale-tervisele<\/a>\n\t\t<\/div>\n<div>\n\t\t\t\u00a0\n\t\t<\/div>\n<div>\n\t\t\tUniversity of Tartu 22.02.2021\n\t\t<\/div>\n<div>\n<div>\n\t\t\t\t<span style=\"font-size:15px\">Estonian 100-year-olds pave the way for better health of all of us<\/span>\n\t\t\t<\/div>\n<\/div>\n<div>\n\t\t\t<a href=\"https:\/\/meditsiiniteadused.ut.ee\/en\/news\/estonian-100-year-olds-pave-way-better-health-all-us\">https:\/\/meditsiiniteadused.ut.ee\/en\/news\/estonian-100-year-olds-pave-way-better-health-all-us<\/a>\n\t\t<\/div>\n<div>\n\t\t\t\u00a0\n\t\t<\/div>\n<div>\n\t\t\tPM Tervis\u00a0 22.02.2021\n\t\t<\/div>\n<div>\n\t\t\tSaja-aastased eestlased sillutavad teed meie k\u00f5ikide paremale tervisele\n\t\t<\/div>\n<div>\n\t\t\t<a href=\"https:\/\/tervis.postimees.ee\/7185483\/saja-aastased-eestlased-sillutavad-teed-meie-koikide-paremale-tervisele\">https:\/\/tervis.postimees.ee\/7185483\/saja-aastased-eestlased-sillutavad-teed-meie-koikide-paremale-tervisele<\/a>\n\t\t<\/div>\n<div>\n\t\t\t\u00a0\n\t\t<\/div>\n<p>\n\t\t\t\u00a0\n\t\t<\/p>\n<h1>\n\t\t\t\u00a0<br>\n\t\t<\/h1>\n<p>\n\t\t\t\u00a0\n\t\t<\/p>\n<div>\n\t\t\t\u00a0\n\t\t<\/div>\n<\/div>\n<\/div>\n","protected":false},"excerpt":{"rendered":"<p>Tartu \u00dclikooli pressiteade 20.09.2017. 100-aastased eestlased toetavad tulevaste p\u00f5lvede tervist http:\/\/www.ut.ee\/et\/uudised\/100-aastased-eestlased-toetavad-tulevate-polvede-tervist?language=et \u00a0 Postimees 60+ 20.09.2017. 100-aastaste eestlaste mikroobid on uurimist v\u00e4\u00e4rt http:\/\/60pluss.postimees.ee\/4249497\/100-aastaste-eestlaste-mikroobid-on-uurimist-vaart \u00a0 Aktuaalne kaamera 21.09.2017 http:\/\/novaator.err.ee\/631814\/teadlased-otsivad-100-aastaste-eestlaste-mikroobidest-ravivoimalusi \u00a0 Prillitoos 29.10.2017 https:\/\/arhiiv.err.ee\/vaata\/prillitoos-434 10:15 \u2013 17:30 \u00a0 P\u00d5S, kallis juubilar! 19.02.2018 Vahur &#8230;<\/p>\n","protected":false},"author":130,"featured_media":0,"parent":0,"menu_order":0,"comment_status":"closed","ping_status":"closed","template":"","meta":{"_acf_changed":false,"inline_featured_image":false,"footnotes":""},"class_list":["post-3","page","type-page","status-publish","hentry"],"acf":[],"_links":{"self":[{"href":"https:\/\/sisu.ut.ee\/ev100bakterid\/wp-json\/wp\/v2\/pages\/3","targetHints":{"allow":["GET"]}}],"collection":[{"href":"https:\/\/sisu.ut.ee\/ev100bakterid\/wp-json\/wp\/v2\/pages"}],"about":[{"href":"https:\/\/sisu.ut.ee\/ev100bakterid\/wp-json\/wp\/v2\/types\/page"}],"author":[{"embeddable":true,"href":"https:\/\/sisu.ut.ee\/ev100bakterid\/wp-json\/wp\/v2\/users\/130"}],"replies":[{"embeddable":true,"href":"https:\/\/sisu.ut.ee\/ev100bakterid\/wp-json\/wp\/v2\/comments?post=3"}],"version-history":[{"count":1,"href":"https:\/\/sisu.ut.ee\/ev100bakterid\/wp-json\/wp\/v2\/pages\/3\/revisions"}],"predecessor-version":[{"id":19,"href":"https:\/\/sisu.ut.ee\/ev100bakterid\/wp-json\/wp\/v2\/pages\/3\/revisions\/19"}],"wp:attachment":[{"href":"https:\/\/sisu.ut.ee\/ev100bakterid\/wp-json\/wp\/v2\/media?parent=3"}],"curies":[{"name":"wp","href":"https:\/\/api.w.org\/{rel}","templated":true}]}}