{"id":9,"date":"2024-04-04T07:18:16","date_gmt":"2024-04-04T04:18:16","guid":{"rendered":"https:\/\/sisu.ut.ee\/eurlex-iate\/termini-usaldusvaarsuse-hindamine\/"},"modified":"2024-04-04T07:18:29","modified_gmt":"2024-04-04T04:18:29","slug":"termini-usaldusvaarsuse-hindamine","status":"publish","type":"page","link":"https:\/\/sisu.ut.ee\/eurlex-iate\/termini-usaldusvaarsuse-hindamine\/","title":{"rendered":"Termini usaldusv\u00e4\u00e4rsuse hindamine"},"content":{"rendered":"<p>\n\t<span style=\"font-size:15px\"><span style=\"line-height:107%\">Termini usaldusv\u00e4\u00e4rsus, mida v\u00e4ljendatakse IATE otsingutulemustes t\u00e4rnidega, n\u00e4itab konkreetse termini ja m\u00f5iste vastavust <\/span><a data-url=\"https:\/\/sisu.ut.ee\/eurlex-iate\/ankurkeel\" href=\"https:\/\/sisu.ut.ee\/eurlex-iate\/ankurkeel\" target=\"_blank\" title=\"\" rel=\"noopener\">ankurkeeles<u> <\/u><\/a><span style=\"line-height:107%\">defineeritu kohaselt ning kasutatud allikate usaldusv\u00e4\u00e4rsust.<\/span><\/span>\n<\/p>\n<p>\n\t<span style=\"font-size:15px\"><span style=\"line-height:107%\">\u2b50 (\u00fcks t\u00e4rn) \u2013 <b>usaldusv\u00e4\u00e4rsust pole kontrollitud<\/b> \u2013 see t\u00e4his lisatakse IATEs automaatselt terminitele, mille on terminibaasi sisestanud inimene, kes asjaomast keelt emakeelena ei r\u00e4\u00e4gi. T\u00e4his muutub \u00fcksnes siis, kui termini usaldusv\u00e4\u00e4rsuse kontrollib \u00fcle asjaomase keele puhul muutmis\u00f5igusi omav isik (tavaliselt terminoloog, kes r\u00e4\u00e4gib seda keelt emakeelena).<\/span><\/span>\n<\/p>\n<p>\n\t<span style=\"font-size:15px\"><span style=\"line-height:107%\">\u2b50\u2b50 (kaks t\u00e4rni) \u2013 <b>minimaalne n\u00f5utud usaldusv\u00e4\u00e4rsus<\/b> \u2013 see t\u00e4his lisatakse IATEs automaatselt terminitele, mille on lisanud v\u00f5i mida on uuendanud keelt emakeelena k\u00f5nelev isik. Terminoloogid muudavad selle t\u00e4hise \u00fcldjuhul kolme- v\u00f5i neljat\u00e4rniliseks, v\u00e4lja arvatud juhul, kui<\/span><\/span>\n<\/p>\n<ul>\n<li>\n\t\t<span style=\"font-size:15px\"><span style=\"line-height:107%\">asjakohaseid terminivalikut toetavaid allikaid pole v\u00f5i need on ebausaldusv\u00e4\u00e4rsed;<\/span><\/span>\n\t<\/li>\n<li>\n\t\t<span style=\"font-size:15px\"><span style=\"line-height:107%\">tegemist on neologismiga ja \u00fckski asutus ega allikas ei ole terminit heaks kiitnud;<\/span><\/span>\n\t<\/li>\n<li>\n\t\t<span style=\"font-size:15px\"><span style=\"line-height:107%\">t\u00f5en\u00e4oliselt usaldusv\u00e4\u00e4rsed allikad on olemas, kuid neis esitatud teave on vastuoluline.<\/span><\/span>\n\t<\/li>\n<\/ul>\n<p>\n\t<span style=\"font-size:15px\"><span style=\"line-height:107%\">\u2b50\u2b50\u2b50 (kolm t\u00e4rni) \u2013 <b>usaldusv\u00e4\u00e4rne<\/b> \u2013 selle t\u00e4hise lisavad IATEs terminitele k\u00e4sitsi terminoloogid p\u00e4rast seda, kui on termini usaldusv\u00e4\u00e4rsust ise hinnanud. Usaldusv\u00e4\u00e4rsete terminite puhul peab olema t\u00e4idetud v\u00e4hemalt \u00fcks j\u00e4rgmistest kriteeriumidest:<\/span><\/span>\n<\/p>\n<ul>\n<li>\n\t\t<span style=\"font-size:15px\"><span style=\"line-height:107%\">termin p\u00e4rineb usaldusv\u00e4\u00e4rsest allikast;<\/span><\/span>\n\t<\/li>\n<li>\n\t\t<span style=\"font-size:15px\"><span style=\"line-height:107%\">terminis on kokku leppinud esinduslik hulk sama keele terminolooge;<\/span><\/span>\n\t<\/li>\n<li>\n\t\t<span style=\"font-size:15px\"><span style=\"line-height:107%\">termin on k\u00f5nealuses valdkonnas m\u00f5istele viitamiseks levinud viis.<\/span><\/span>\n\t<\/li>\n<\/ul>\n<p>\n\t<span style=\"font-size:15px\"><b><span style=\"color:#ff0000\"><u><span style=\"line-height:107%\">NB!<\/span><\/u><\/span> \u00a0<\/b><span style=\"line-height:107%\">Kolm t\u00e4rni lisati automaatselt paljudele terminitele (olenemata nende terminite varasemast t\u00e4histusest) siis, kui liideti olemasolevad andmebaasid IATE terminibaasi loomiseks, mist\u00f5ttu ei pruugi k\u00f5ik kolme t\u00e4rniga t\u00e4histatud terminid olla tingimata usaldusv\u00e4\u00e4rsed.<\/span><\/span>\n<\/p>\n<p>\n\t<span style=\"font-size:15px\"><span style=\"line-height:107%\">\u2b50\u2b50\u2b50\u2b50 (neli t\u00e4rni) \u2013 <b>v\u00e4ga<\/b> <b>usaldusv\u00e4\u00e4rne<\/b> \u2013 selle t\u00e4hise lisavad IATEs terminitele k\u00e4sitsi terminoloogid p\u00e4rast seda, kui on termini t\u00e4iesti usaldusv\u00e4\u00e4rseks hinnanud, kuna<\/span><\/span>\n<\/p>\n<ul>\n<li>\n\t\t<span style=\"font-size:15px\"><span style=\"line-height:107%\">termin on levinud ja selle kasutuse asjaomase m\u00f5iste t\u00e4histamiseks on laialdaselt heaks kiitnud eksperdid v\u00f5i<\/span><\/span>\n\t<\/li>\n<li>\n\t\t<span style=\"font-size:15px\"><span style=\"line-height:107%\">termini on heaks kiitnud usaldusv\u00e4\u00e4rne ja autoriteetne allikas (eriti juhul, kui see allikas on kirjalikus vormis k\u00e4ttesaadav).<\/span><\/span>\n\t<\/li>\n<\/ul>\n","protected":false},"excerpt":{"rendered":"<p>Termini usaldusv\u00e4\u00e4rsus, mida v\u00e4ljendatakse IATE otsingutulemustes t\u00e4rnidega, n\u00e4itab konkreetse termini ja m\u00f5iste vastavust ankurkeeles defineeritu kohaselt ning kasutatud allikate usaldusv\u00e4\u00e4rsust. \u2b50 (\u00fcks t\u00e4rn) \u2013 usaldusv\u00e4\u00e4rsust pole kontrollitud \u2013 see t\u00e4his lisatakse IATEs automaatselt terminitele, mille on terminibaasi sisestanud inimene, kes &#8230;<\/p>\n","protected":false},"author":211,"featured_media":0,"parent":0,"menu_order":0,"comment_status":"closed","ping_status":"closed","template":"","meta":{"_acf_changed":false,"inline_featured_image":false,"footnotes":""},"class_list":["post-9","page","type-page","status-publish","hentry"],"acf":[],"_links":{"self":[{"href":"https:\/\/sisu.ut.ee\/eurlex-iate\/wp-json\/wp\/v2\/pages\/9","targetHints":{"allow":["GET"]}}],"collection":[{"href":"https:\/\/sisu.ut.ee\/eurlex-iate\/wp-json\/wp\/v2\/pages"}],"about":[{"href":"https:\/\/sisu.ut.ee\/eurlex-iate\/wp-json\/wp\/v2\/types\/page"}],"author":[{"embeddable":true,"href":"https:\/\/sisu.ut.ee\/eurlex-iate\/wp-json\/wp\/v2\/users\/211"}],"replies":[{"embeddable":true,"href":"https:\/\/sisu.ut.ee\/eurlex-iate\/wp-json\/wp\/v2\/comments?post=9"}],"version-history":[{"count":1,"href":"https:\/\/sisu.ut.ee\/eurlex-iate\/wp-json\/wp\/v2\/pages\/9\/revisions"}],"predecessor-version":[{"id":97,"href":"https:\/\/sisu.ut.ee\/eurlex-iate\/wp-json\/wp\/v2\/pages\/9\/revisions\/97"}],"wp:attachment":[{"href":"https:\/\/sisu.ut.ee\/eurlex-iate\/wp-json\/wp\/v2\/media?parent=9"}],"curies":[{"name":"wp","href":"https:\/\/api.w.org\/{rel}","templated":true}]}}