{"id":19,"date":"2024-04-04T07:18:17","date_gmt":"2024-04-04T04:18:17","guid":{"rendered":"https:\/\/sisu.ut.ee\/eurlex-iate\/keelekoodid\/"},"modified":"2024-04-04T07:18:29","modified_gmt":"2024-04-04T04:18:29","slug":"keelekoodid","status":"publish","type":"page","link":"https:\/\/sisu.ut.ee\/eurlex-iate\/keelekoodid\/","title":{"rendered":"Keelekoodid"},"content":{"rendered":"<p>\n\t<strong><span style=\"font-size:16px\">IATE-s kasutatavad keelekoodid t\u00e4histavad j\u00e4rgmiseid keeli:<\/span><\/strong>\n<\/p>\n<table class=\"table table-hover\" border=\"0\" cellpadding=\"0\" cellspacing=\"0\">\n<tbody>\n<tr>\n<td>\n\t\t\t\t<span style=\"font-size:15px\">BG<\/span>\n\t\t\t<\/td>\n<td>\n\t\t\t\t<span style=\"font-size:15px\">bulgaaria<\/span>\n\t\t\t<\/td>\n<\/tr>\n<tr>\n<td>\n\t\t\t\t<span style=\"font-size:15px\">CS<\/span>\n\t\t\t<\/td>\n<td>\n\t\t\t\t<span style=\"font-size:15px\">t\u0161ehhi<\/span>\n\t\t\t<\/td>\n<\/tr>\n<tr>\n<td>\n\t\t\t\t<span style=\"font-size:15px\">DA<\/span>\n\t\t\t<\/td>\n<td>\n\t\t\t\t<span style=\"font-size:15px\">taani<\/span>\n\t\t\t<\/td>\n<\/tr>\n<tr>\n<td>\n\t\t\t\t<span style=\"font-size:15px\">DE<\/span>\n\t\t\t<\/td>\n<td>\n\t\t\t\t<span style=\"font-size:15px\">saksa<\/span>\n\t\t\t<\/td>\n<\/tr>\n<tr>\n<td>\n\t\t\t\t<span style=\"font-size:15px\">EL<\/span>\n\t\t\t<\/td>\n<td>\n\t\t\t\t<span style=\"font-size:15px\">kreeka<\/span>\n\t\t\t<\/td>\n<\/tr>\n<tr>\n<td>\n\t\t\t\t<span style=\"font-size:15px\">EN<\/span>\n\t\t\t<\/td>\n<td>\n\t\t\t\t<span style=\"font-size:15px\">inglise<\/span>\n\t\t\t<\/td>\n<\/tr>\n<tr>\n<td>\n\t\t\t\t<span style=\"font-size:15px\">ES<\/span>\n\t\t\t<\/td>\n<td>\n\t\t\t\t<span style=\"font-size:15px\">hispaania<\/span>\n\t\t\t<\/td>\n<\/tr>\n<tr>\n<td>\n\t\t\t\t<span style=\"font-size:15px\">ET<\/span>\n\t\t\t<\/td>\n<td>\n\t\t\t\t<span style=\"font-size:15px\">eesti<\/span>\n\t\t\t<\/td>\n<\/tr>\n<tr>\n<td>\n\t\t\t\t<span style=\"font-size:15px\">FI<\/span>\n\t\t\t<\/td>\n<td>\n\t\t\t\t<span style=\"font-size:15px\">soome<\/span>\n\t\t\t<\/td>\n<\/tr>\n<tr>\n<td>\n\t\t\t\t<span style=\"font-size:15px\">FR<\/span>\n\t\t\t<\/td>\n<td>\n\t\t\t\t<span style=\"font-size:15px\">prantsuse<\/span>\n\t\t\t<\/td>\n<\/tr>\n<tr>\n<td>\n\t\t\t\t<span style=\"font-size:15px\">GA<\/span>\n\t\t\t<\/td>\n<td>\n\t\t\t\t<span style=\"font-size:15px\">iiri<\/span>\n\t\t\t<\/td>\n<\/tr>\n<tr>\n<td>\n\t\t\t\t<span style=\"font-size:15px\">HR<\/span>\n\t\t\t<\/td>\n<td>\n\t\t\t\t<span style=\"font-size:15px\">horvaadi<\/span>\n\t\t\t<\/td>\n<\/tr>\n<tr>\n<td>\n\t\t\t\t<span style=\"font-size:15px\">HU<\/span>\n\t\t\t<\/td>\n<td>\n\t\t\t\t<span style=\"font-size:15px\">ungari<\/span>\n\t\t\t<\/td>\n<\/tr>\n<tr>\n<td>\n\t\t\t\t<span style=\"font-size:15px\">IT<\/span>\n\t\t\t<\/td>\n<td>\n\t\t\t\t<span style=\"font-size:15px\">itaalia<\/span>\n\t\t\t<\/td>\n<\/tr>\n<tr>\n<td>\n\t\t\t\t<span style=\"font-size:15px\">LA<\/span>\n\t\t\t<\/td>\n<td>\n\t\t\t\t<span style=\"font-size:15px\">ladina (kasutatakse peamiselt taksonoomias (taimede ja loomade teaduslike nimetuste puhul), samuti \u00f5iguslike v\u00e4ljendite puhul ja muudel eesm\u00e4rkidel)<\/span>\n\t\t\t<\/td>\n<\/tr>\n<tr>\n<td>\n\t\t\t\t<span style=\"font-size:15px\">LT<\/span>\n\t\t\t<\/td>\n<td>\n\t\t\t\t<span style=\"font-size:15px\">leedu<\/span>\n\t\t\t<\/td>\n<\/tr>\n<tr>\n<td>\n\t\t\t\t<span style=\"font-size:15px\">LV<\/span>\n\t\t\t<\/td>\n<td>\n\t\t\t\t<span style=\"font-size:15px\">l\u00e4ti<\/span>\n\t\t\t<\/td>\n<\/tr>\n<tr>\n<td>\n\t\t\t\t<span style=\"font-size:15px\">MT<\/span>\n\t\t\t<\/td>\n<td>\n\t\t\t\t<span style=\"font-size:15px\">malta<\/span>\n\t\t\t<\/td>\n<\/tr>\n<tr>\n<td>\n\t\t\t\t<span style=\"font-size:15px\">MUL<\/span>\n\t\t\t<\/td>\n<td>\n\t\t\t\t<span style=\"font-size:15px\">keelte\u00fclene (kasutatakse selliste koodide ja valemite sisestamiseks, mis on k\u00f5igis keeltes \u00fchesugused, n\u00e4iteks CO<sub>2<\/sub>)<\/span>\n\t\t\t<\/td>\n<\/tr>\n<tr>\n<td>\n\t\t\t\t<span style=\"font-size:15px\">NL<\/span>\n\t\t\t<\/td>\n<td>\n\t\t\t\t<span style=\"font-size:15px\">hollandi<\/span>\n\t\t\t<\/td>\n<\/tr>\n<tr>\n<td>\n\t\t\t\t<span style=\"font-size:15px\">PL<\/span>\n\t\t\t<\/td>\n<td>\n\t\t\t\t<span style=\"font-size:15px\">poola<\/span>\n\t\t\t<\/td>\n<\/tr>\n<tr>\n<td>\n\t\t\t\t<span style=\"font-size:15px\">PT<\/span>\n\t\t\t<\/td>\n<td>\n\t\t\t\t<span style=\"font-size:15px\">portugali<\/span>\n\t\t\t<\/td>\n<\/tr>\n<tr>\n<td>\n\t\t\t\t<span style=\"font-size:15px\">RO<\/span>\n\t\t\t<\/td>\n<td>\n\t\t\t\t<span style=\"font-size:15px\">rumeenia<\/span>\n\t\t\t<\/td>\n<\/tr>\n<tr>\n<td>\n\t\t\t\t<span style=\"font-size:15px\">SK<\/span>\n\t\t\t<\/td>\n<td>\n\t\t\t\t<span style=\"font-size:15px\">slovaki<\/span>\n\t\t\t<\/td>\n<\/tr>\n<tr>\n<td>\n\t\t\t\t<span style=\"font-size:15px\">SL<\/span>\n\t\t\t<\/td>\n<td>\n\t\t\t\t<span style=\"font-size:15px\">sloveeni<\/span>\n\t\t\t<\/td>\n<\/tr>\n<tr>\n<td>\n\t\t\t\t<span style=\"font-size:15px\">SV<\/span>\n\t\t\t<\/td>\n<td>\n\t\t\t\t<span style=\"font-size:15px\">rootsi<\/span>\n\t\t\t<\/td>\n<\/tr>\n<\/tbody>\n<\/table>\n","protected":false},"excerpt":{"rendered":"<p>IATE-s kasutatavad keelekoodid t\u00e4histavad j\u00e4rgmiseid keeli: BG bulgaaria CS t\u0161ehhi DA taani DE saksa EL kreeka EN inglise ES hispaania ET eesti FI soome FR prantsuse GA iiri HR horvaadi HU ungari IT itaalia LA ladina (kasutatakse peamiselt taksonoomias (taimede &#8230;<\/p>\n","protected":false},"author":211,"featured_media":0,"parent":0,"menu_order":0,"comment_status":"closed","ping_status":"closed","template":"","meta":{"_acf_changed":false,"inline_featured_image":false,"footnotes":""},"class_list":["post-19","page","type-page","status-publish","hentry"],"acf":[],"_links":{"self":[{"href":"https:\/\/sisu.ut.ee\/eurlex-iate\/wp-json\/wp\/v2\/pages\/19","targetHints":{"allow":["GET"]}}],"collection":[{"href":"https:\/\/sisu.ut.ee\/eurlex-iate\/wp-json\/wp\/v2\/pages"}],"about":[{"href":"https:\/\/sisu.ut.ee\/eurlex-iate\/wp-json\/wp\/v2\/types\/page"}],"author":[{"embeddable":true,"href":"https:\/\/sisu.ut.ee\/eurlex-iate\/wp-json\/wp\/v2\/users\/211"}],"replies":[{"embeddable":true,"href":"https:\/\/sisu.ut.ee\/eurlex-iate\/wp-json\/wp\/v2\/comments?post=19"}],"version-history":[{"count":1,"href":"https:\/\/sisu.ut.ee\/eurlex-iate\/wp-json\/wp\/v2\/pages\/19\/revisions"}],"predecessor-version":[{"id":87,"href":"https:\/\/sisu.ut.ee\/eurlex-iate\/wp-json\/wp\/v2\/pages\/19\/revisions\/87"}],"wp:attachment":[{"href":"https:\/\/sisu.ut.ee\/eurlex-iate\/wp-json\/wp\/v2\/media?parent=19"}],"curies":[{"name":"wp","href":"https:\/\/api.w.org\/{rel}","templated":true}]}}