{"id":12,"date":"2024-04-04T07:18:16","date_gmt":"2024-04-04T04:18:16","guid":{"rendered":"https:\/\/sisu.ut.ee\/eurlex-iate\/allikad-ja-edasist-lugemistvaatamist\/"},"modified":"2024-04-19T10:32:32","modified_gmt":"2024-04-19T07:32:32","slug":"allikad-ja-edasist-lugemistvaatamist","status":"publish","type":"page","link":"https:\/\/sisu.ut.ee\/eurlex-iate\/allikad-ja-edasist-lugemistvaatamist\/","title":{"rendered":"Allikad ja edasist lugemist\/vaatamist"},"content":{"rendered":"<ul>\n<li><span style=\"font-size: 15px;\"><a title=\"\" href=\"https:\/\/iate.europa.eu\/assets\/IATE_Handbook_public.pdf\" target=\"_blank\" rel=\"noopener\" data-url=\"https:\/\/iate.europa.eu\/assets\/IATE_Handbook_public.pdf\">IATE User\u2019s Handbook\u00a0(inglise keeles)<\/a><\/span><\/li>\n<li><span style=\"font-size: 15px;\"><a title=\"\" href=\"https:\/\/eur-lex.europa.eu\/e-learning\/index.html\" target=\"_blank\" rel=\"noopener\" data-url=\"https:\/\/eur-lex.europa.eu\/e-learning\/index.html\">EUR-Lex, e-\u00f5ppe moodul (inglise keeles)<\/a><\/span><\/li>\n<li><span style=\"font-size: 15px;\"><a title=\"\" href=\"https:\/\/twitter.com\/EURLex\" target=\"_blank\" rel=\"noopener\" data-url=\"https:\/\/twitter.com\/EURLex\">EUR-Lexi Twitter (n\u00e4pun\u00e4ited m\u00e4rks\u00f5naga #eurlextip)<\/a><\/span><\/li>\n<li><span style=\"font-size: 15px;\"><a title=\"\" href=\"https:\/\/op.europa.eu\/et\/home\" target=\"_blank\" rel=\"noopener\" data-url=\"https:\/\/op.europa.eu\/et\/home\">Euroopa Liidu V\u00e4ljaannete Talitus<\/a><\/span><\/li>\n<\/ul>\n","protected":false},"excerpt":{"rendered":"<p>IATE User\u2019s Handbook\u00a0(inglise keeles) EUR-Lex, e-\u00f5ppe moodul (inglise keeles) EUR-Lexi Twitter (n\u00e4pun\u00e4ited m\u00e4rks\u00f5naga #eurlextip) Euroopa Liidu V\u00e4ljaannete Talitus<\/p>\n","protected":false},"author":211,"featured_media":0,"parent":0,"menu_order":0,"comment_status":"closed","ping_status":"closed","template":"","meta":{"_acf_changed":false,"inline_featured_image":false,"footnotes":""},"class_list":["post-12","page","type-page","status-publish","hentry"],"acf":[],"_links":{"self":[{"href":"https:\/\/sisu.ut.ee\/eurlex-iate\/wp-json\/wp\/v2\/pages\/12","targetHints":{"allow":["GET"]}}],"collection":[{"href":"https:\/\/sisu.ut.ee\/eurlex-iate\/wp-json\/wp\/v2\/pages"}],"about":[{"href":"https:\/\/sisu.ut.ee\/eurlex-iate\/wp-json\/wp\/v2\/types\/page"}],"author":[{"embeddable":true,"href":"https:\/\/sisu.ut.ee\/eurlex-iate\/wp-json\/wp\/v2\/users\/211"}],"replies":[{"embeddable":true,"href":"https:\/\/sisu.ut.ee\/eurlex-iate\/wp-json\/wp\/v2\/comments?post=12"}],"version-history":[{"count":2,"href":"https:\/\/sisu.ut.ee\/eurlex-iate\/wp-json\/wp\/v2\/pages\/12\/revisions"}],"predecessor-version":[{"id":118,"href":"https:\/\/sisu.ut.ee\/eurlex-iate\/wp-json\/wp\/v2\/pages\/12\/revisions\/118"}],"wp:attachment":[{"href":"https:\/\/sisu.ut.ee\/eurlex-iate\/wp-json\/wp\/v2\/media?parent=12"}],"curies":[{"name":"wp","href":"https:\/\/api.w.org\/{rel}","templated":true}]}}