{"id":11,"date":"2024-04-04T07:18:16","date_gmt":"2024-04-04T04:18:16","guid":{"rendered":"https:\/\/sisu.ut.ee\/eurlex-iate\/ankurkeel\/"},"modified":"2024-04-04T07:18:29","modified_gmt":"2024-04-04T04:18:29","slug":"ankurkeel","status":"publish","type":"page","link":"https:\/\/sisu.ut.ee\/eurlex-iate\/ankurkeel\/","title":{"rendered":"IATE ankurkeel"},"content":{"rendered":"<p>\n\t<span style=\"font-size:15px\">IATE terminikaardi ankurkeel (<em>anchor language<\/em>, t\u00e4histatud v\u00e4ikese ankruikooniga termini k\u00f5rval) defineerib m\u00f5iste, millega on seotud kogu kirje. Muudes keeltes v\u00f5ib definitsioon olla teistsuguse s\u00f5nastusega, kuid defineeritakse siiski sama m\u00f5istet.<\/span>\n<\/p>\n<p>\n\t<span style=\"font-size:15px\">Kui asjaomane m\u00f5iste on seotud konkreetse riigiga, on ankurkeel tavaliselt (\u00fcks) selle riigi keel(test). Taimede ja loomade puhul on ankurkeel tavaliselt ladina keel. \u00dcldjuhul on aga ankurkeeleks IATEs inglise keel, millele j\u00e4rgneb sageduselt prantsuse keel.<\/span>\n<\/p>\n<p>\n\t<span style=\"font-size:15px\">Ankurkeelega on seotud IATE terminite usaldusv\u00e4\u00e4rsust t\u00e4histavad tasemed, mis v\u00e4ljendavad muu hulgas seda, kui usaldusv\u00e4\u00e4rselt v\u00e4ljendab termin (n\u00e4iteks eesti keeles) terminikaardi ankurkeeles defineeritud m\u00f5istet.<\/span><\/p>\n","protected":false},"excerpt":{"rendered":"<p>IATE terminikaardi ankurkeel (anchor language, t\u00e4histatud v\u00e4ikese ankruikooniga termini k\u00f5rval) defineerib m\u00f5iste, millega on seotud kogu kirje. Muudes keeltes v\u00f5ib definitsioon olla teistsuguse s\u00f5nastusega, kuid defineeritakse siiski sama m\u00f5istet. Kui asjaomane m\u00f5iste on seotud konkreetse riigiga, on ankurkeel tavaliselt (\u00fcks) &#8230;<\/p>\n","protected":false},"author":211,"featured_media":0,"parent":0,"menu_order":0,"comment_status":"closed","ping_status":"closed","template":"","meta":{"_acf_changed":false,"inline_featured_image":false,"footnotes":""},"class_list":["post-11","page","type-page","status-publish","hentry"],"acf":[],"_links":{"self":[{"href":"https:\/\/sisu.ut.ee\/eurlex-iate\/wp-json\/wp\/v2\/pages\/11","targetHints":{"allow":["GET"]}}],"collection":[{"href":"https:\/\/sisu.ut.ee\/eurlex-iate\/wp-json\/wp\/v2\/pages"}],"about":[{"href":"https:\/\/sisu.ut.ee\/eurlex-iate\/wp-json\/wp\/v2\/types\/page"}],"author":[{"embeddable":true,"href":"https:\/\/sisu.ut.ee\/eurlex-iate\/wp-json\/wp\/v2\/users\/211"}],"replies":[{"embeddable":true,"href":"https:\/\/sisu.ut.ee\/eurlex-iate\/wp-json\/wp\/v2\/comments?post=11"}],"version-history":[{"count":1,"href":"https:\/\/sisu.ut.ee\/eurlex-iate\/wp-json\/wp\/v2\/pages\/11\/revisions"}],"predecessor-version":[{"id":95,"href":"https:\/\/sisu.ut.ee\/eurlex-iate\/wp-json\/wp\/v2\/pages\/11\/revisions\/95"}],"wp:attachment":[{"href":"https:\/\/sisu.ut.ee\/eurlex-iate\/wp-json\/wp\/v2\/media?parent=11"}],"curies":[{"name":"wp","href":"https:\/\/api.w.org\/{rel}","templated":true}]}}