{"id":488,"date":"2025-10-23T09:35:56","date_gmt":"2025-10-23T06:35:56","guid":{"rendered":"https:\/\/sisu.ut.ee\/euko\/?page_id=488"},"modified":"2025-10-23T09:43:11","modified_gmt":"2025-10-23T06:43:11","slug":"metoodika","status":"publish","type":"page","link":"https:\/\/sisu.ut.ee\/euko\/metoodika\/","title":{"rendered":"Metoodika"},"content":{"rendered":"<p><strong>K\u00fcsitlusuuringu metoodika<\/strong><\/p>\n\n\n\n<p>Kolmanda laine uurimist\u00f6\u00f6 ja v\u00e4lit\u00f6\u00f6de planeerimine algas 2024. aasta m\u00e4rtsis. See h\u00f5lmas k\u00fcsimustiku kohandamist, t\u00f5lkimist ja testimist, kvalitatiivuuringu ja andmehalduse planeerimist, k\u00fcsitlusuuringu ja kvalitatiivuuringu valimi koostamist.<\/p>\n\n\n\n<p>K\u00fcsimustik on kahes versioonis: 9\u201311-aastaste (3.\u20134. klass) ning 11\u201316-aastaste (5.\u20139. klass) k\u00fcsimustik. M\u00f5lema vanuser\u00fchma k\u00fcsimuste s\u00f5nastus on sama. Vanema vanuser\u00fchma versioonis on aga rohkem teemasid ja k\u00fcsimuste plokke. Ankeet koostati arvestusega, et keskmine vastamisaeg oleks 40 minutit, st kogu ankeedile j\u00f5uaks l\u00f5puni vastata koolitunni jooksul.\u00a0\u00a0<\/p>\n\n\n\n<p>Kognitiivse testimise tegi T\u00dc uurimisr\u00fchm. K\u00fcsimustikke testiti v\u00e4ikese mugavusvalimiga, milles olid esindatud m\u00f5lema vanuser\u00fchma lapsed (n=4). Kognitiivset testimist aitas teostada T\u00dc ps\u00fchholoogia instituudi magistrant Katre Lamp. Erilist t\u00e4helepanu p\u00f6\u00f6rati k\u00fcsimustiku pikkusele ja k\u00fcsimuste arusaadavusele, samuti s\u00f5nastusele, et see oleks vastavuses laste endi poolt kasutatava tehnoloogiat, internetti ja veebitegevusi puudutava s\u00f5navaraga. Vastavalt kognitiivse testimise tulemustele tehti mitmeid muudatusi, eriti k\u00fcsimustiku pikkuse osas. V\u00e4hesel m\u00e4\u00e4ral kohendati ka s\u00f5nastust, et tagada arusaadavus k\u00f5igile vanuser\u00fchmadele.\u00a0<\/p>\n\n\n\n<p><\/p>\n","protected":false},"excerpt":{"rendered":"<p>K\u00fcsitlusuuringu metoodika Kolmanda laine uurimist\u00f6\u00f6 ja v\u00e4lit\u00f6\u00f6de planeerimine algas 2024. aasta m\u00e4rtsis. See h\u00f5lmas k\u00fcsimustiku kohandamist, t\u00f5lkimist ja testimist, kvalitatiivuuringu ja andmehalduse planeerimist, k\u00fcsitlusuuringu ja kvalitatiivuuringu valimi koostamist. K\u00fcsimustik on kahes versioonis: 9\u201311-aastaste (3.\u20134. klass) ning 11\u201316-aastaste (5.\u20139. klass) k\u00fcsimustik. &#8230;<\/p>\n","protected":false},"author":330,"featured_media":0,"parent":0,"menu_order":0,"comment_status":"closed","ping_status":"closed","template":"","meta":{"_acf_changed":false,"inline_featured_image":false,"footnotes":""},"class_list":["post-488","page","type-page","status-publish","hentry"],"acf":[],"_links":{"self":[{"href":"https:\/\/sisu.ut.ee\/euko\/wp-json\/wp\/v2\/pages\/488","targetHints":{"allow":["GET"]}}],"collection":[{"href":"https:\/\/sisu.ut.ee\/euko\/wp-json\/wp\/v2\/pages"}],"about":[{"href":"https:\/\/sisu.ut.ee\/euko\/wp-json\/wp\/v2\/types\/page"}],"author":[{"embeddable":true,"href":"https:\/\/sisu.ut.ee\/euko\/wp-json\/wp\/v2\/users\/330"}],"replies":[{"embeddable":true,"href":"https:\/\/sisu.ut.ee\/euko\/wp-json\/wp\/v2\/comments?post=488"}],"version-history":[{"count":3,"href":"https:\/\/sisu.ut.ee\/euko\/wp-json\/wp\/v2\/pages\/488\/revisions"}],"predecessor-version":[{"id":492,"href":"https:\/\/sisu.ut.ee\/euko\/wp-json\/wp\/v2\/pages\/488\/revisions\/492"}],"wp:attachment":[{"href":"https:\/\/sisu.ut.ee\/euko\/wp-json\/wp\/v2\/media?parent=488"}],"curies":[{"name":"wp","href":"https:\/\/api.w.org\/{rel}","templated":true}]}}