{"id":434,"date":"2025-05-13T17:31:10","date_gmt":"2025-05-13T14:31:10","guid":{"rendered":"https:\/\/sisu.ut.ee\/euko\/?page_id=434"},"modified":"2025-05-13T17:31:10","modified_gmt":"2025-05-13T14:31:10","slug":"1-laine-peamised-tulemused","status":"publish","type":"page","link":"https:\/\/sisu.ut.ee\/euko\/1-laine-peamised-tulemused\/","title":{"rendered":"1. laine peamised tulemused"},"content":{"rendered":"<p>2010. aasta kevad-suvel intervjueeriti 25 Euroopa riigis juhuvalimi p\u00f5hjal 25 142 9-16-aastast last, kes kasutavad internetti. Lisaks iga lapse \u00fcht vanemat. Uuringus esitati k\u00fcsimusi pornograafia, kiusamise, seksuaalse alatooniga s\u00f5numite saamise, v\u00f5\u00f5rastega n\u00e4ost n\u00e4kku kohtumise, potentsiaalselt kahjuliku kasutaja-loodud veebisisu ja personaalse info v\u00e4\u00e4rkasutamise kohta.\u00a0\u00a0<\/p>\n\n\n\n<p>EU Kids Online Eesti koordinaator professor Veronika Kalmus kirjutas kokkuv\u00f5tlikult laste turvalisusest internetikeskkonnas <a href=\"http:\/\/www.kogu.ee\/wp-content\/uploads\/2014\/05\/EIA_lowres.pdf\" target=\"_blank\" rel=\"noreferrer noopener\">2012\/2013 Eesti Inimarengu aruandes<\/a>. Seal kirjutab Kalmus n\u00e4iteks sellest, et Eesti lapsed troonivad Euroopa edetabelites k\u00f5rgetel kohtadel nii internetiv\u00f5imaluste kasutamise kui riskide kogemise osas. Eesti kuulub koos Norra, Rootsi, Taani ja mitme EL-i uue liikmesmaaga Euroopa riikide r\u00fchma, kus infotehnoloogilise taristu areng ja laste internetikasutuse aktiivsus on j\u00f5udnud ette kasutusturvalisuse ja seda soodustavate meetmete arengust. Eestis ja meile kultuuri poolest l\u00e4hedastes Ida-Euroopa maades (eelk\u00f5ige Leedus ja T\u0161ehhis) lisandub v\u00f5imalikele m\u00f5juritele p\u00f5lvkondlik l\u00f5he internetikasutuses ja lapsevanemate madal riskiteadlikkus. \u00dcldisemal tasandil v\u00f5ime Eesti ja teiste siirderiikide olukorda t\u00f5lgendada kui konflikti tehnoloogia ja meediakeskkonna \u00fclikiire arengu ning inimeste kohanemis- ja \u00f5ppimisv\u00f5ime vahel. V\u00f5imalike eeskujuriikidena tasub Eestil j\u00e4lgida Suurbritanniat ja Soomet, kus laste internetiriskide kogemise tase on vaatamata k\u00f5rgele kasutusm\u00e4\u00e4rale ja liberaalsele infokeskkonnale kas alla Euroopa keskmise v\u00f5i teistest P\u00f5hjamaadest madalam. M\u00f5lema riigi puhul m\u00e4ngib t\u00f5en\u00e4oliselt rolli pikaajaline ja ulatuslik teavitustegevus ning meedia\u00f5petuse oluline koht \u00f5ppekavades.\u00a0<\/p>\n\n\n\n<p>Marianne V\u00f5ime<strong> <\/strong>kirjutas oma <a href=\"http:\/\/dspace.utlib.ee\/dspace\/bitstream\/handle\/10062\/31081\/v6ime_marianne.pdf?sequence=1\" target=\"_blank\" rel=\"noreferrer noopener\">magistrit\u00f6\u00f6<\/a> EU Kids Online\u2019i raames kogutud andmete p\u00f5hjal. Tema t\u00f6\u00f6 eesm\u00e4rgiks oli v\u00e4lja selgitada \u00fche veel Eestis v\u00e4he uuritud internetiriski, interneti liigkasutamise, olemus Eesti laste seas. Uuringust selgus, et pea pooled uuringus osalenud Eesti lastest olid t\u00e4ielikult v\u00f5i peaaegu n\u00f5us \u00fche v\u00f5i enama v\u00e4itega interneti liigkasutamise kohta, olles Euroopas selle tulemuse poolest esirinnas. Kolmandik Eesti lastest olid t\u00e4ielikult v\u00f5i peaaegu n\u00f5us, et neil on esinenud olukorda, kus nad on viibinud internetis ka siis, kui see neile tegelikult huvi ei paku. Viiendik lastest on v\u00e4ga v\u00f5i \u00fcsna sageli proovinud tulutult v\u00e4hendada internetis veetmise aega.\u00a0<\/p>\n\n\n\n<p>MT\u00dc Lastekaitse Liit andis 2012. aasta veebruaris v\u00e4lja ajakirja M\u00e4rka Last eriv\u00e4ljaande <a href=\"https:\/\/genire.ut.ee\/wp-content\/uploads\/sites\/128\/kalmus_2012_polvkondlik_digilohe.pdf\" target=\"_blank\" rel=\"noreferrer noopener\">Targalt internetis<\/a>, kus Veronika Kalmus k\u00fcsib artiklis \u201cP\u00f5lvkondlik digil\u00f5he \u2013 m\u00fc\u00fct v\u00f5i tegelikkus?\u201d kuiv\u00f5rd on lapsevanematel ja \u00f5petajatel p\u00f5hjust pidada lapsi k\u00f5iketeadvateks netiekspertideks ning ennast ajast lootusetult mahaj\u00e4\u00e4nuteks, kel pole j\u00e4reltulevale p\u00f5lvele veebimaailma kohta midagi \u00f5petada. Artikli kokkuv\u00f5tteks t\u00f5deb autor, et kahtlemata valitsevad p\u00f5lvkondade vahel m\u00e4rkimisv\u00e4\u00e4rsed erinevused uute tehnovidinate ja interneti kasutamise eesm\u00e4rkides, harjumustes ja vilumuses, kuid neid erisusi ei maksa kujutleda \u00fcletamatu kuristikuna. Digimaailma tasub \u00fcheskoos avastada vanavanemal ja lapselapsel, \u00f5petajal ja \u00f5pilasel, lasteaednikul ja mudilasel, mis tahes eas lapsevanemast ja lapsest r\u00e4\u00e4kimata.\u00a0<\/p>\n","protected":false},"excerpt":{"rendered":"<p>2010. aasta kevad-suvel intervjueeriti 25 Euroopa riigis juhuvalimi p\u00f5hjal 25 142 9-16-aastast last, kes kasutavad internetti. Lisaks iga lapse \u00fcht vanemat. Uuringus esitati k\u00fcsimusi pornograafia, kiusamise, seksuaalse alatooniga s\u00f5numite saamise, v\u00f5\u00f5rastega n\u00e4ost n\u00e4kku kohtumise, potentsiaalselt kahjuliku kasutaja-loodud veebisisu ja personaalse &#8230;<\/p>\n","protected":false},"author":794,"featured_media":0,"parent":0,"menu_order":0,"comment_status":"closed","ping_status":"closed","template":"","meta":{"_acf_changed":false,"inline_featured_image":false,"footnotes":""},"class_list":["post-434","page","type-page","status-publish","hentry"],"acf":[],"_links":{"self":[{"href":"https:\/\/sisu.ut.ee\/euko\/wp-json\/wp\/v2\/pages\/434","targetHints":{"allow":["GET"]}}],"collection":[{"href":"https:\/\/sisu.ut.ee\/euko\/wp-json\/wp\/v2\/pages"}],"about":[{"href":"https:\/\/sisu.ut.ee\/euko\/wp-json\/wp\/v2\/types\/page"}],"author":[{"embeddable":true,"href":"https:\/\/sisu.ut.ee\/euko\/wp-json\/wp\/v2\/users\/794"}],"replies":[{"embeddable":true,"href":"https:\/\/sisu.ut.ee\/euko\/wp-json\/wp\/v2\/comments?post=434"}],"version-history":[{"count":2,"href":"https:\/\/sisu.ut.ee\/euko\/wp-json\/wp\/v2\/pages\/434\/revisions"}],"predecessor-version":[{"id":436,"href":"https:\/\/sisu.ut.ee\/euko\/wp-json\/wp\/v2\/pages\/434\/revisions\/436"}],"wp:attachment":[{"href":"https:\/\/sisu.ut.ee\/euko\/wp-json\/wp\/v2\/media?parent=434"}],"curies":[{"name":"wp","href":"https:\/\/api.w.org\/{rel}","templated":true}]}}