{"id":142,"date":"2025-02-06T15:07:47","date_gmt":"2025-02-06T13:07:47","guid":{"rendered":"https:\/\/sisu.ut.ee\/euko\/?page_id=142"},"modified":"2025-02-10T11:13:25","modified_gmt":"2025-02-10T09:13:25","slug":"mure-korral","status":"publish","type":"page","link":"https:\/\/sisu.ut.ee\/euko\/mure-korral\/","title":{"rendered":"Mure korral"},"content":{"rendered":"<p class=\"has-text-align-left has-large-font-size\">Kui tunned, et\u00a0internetis v\u00f5i p\u00e4riselus kogetu\u00a0paneb Sind muretsema, v\u00f5id\u00a0julgelt\u00a0r\u00e4\u00e4kida oma\u00a0vanemate, \u00f5petaja, koolips\u00fchholoogi\u00a0v\u00f5i\u00a0sotsiaalpedagoogiga.<\/p>\n\n\n\n<h2 class=\"wp-block-heading has-text-align-center\">MURE KORRAL V\u00d5TA \u00dcHENDUST:<\/h2>\n\n\n\n<div class=\"wp-block-columns is-layout-flex wp-container-core-columns-is-layout-9d6595d7 wp-block-columns-is-layout-flex\">\n<div class=\"wp-block-column is-layout-flow wp-block-column-is-layout-flow\" style=\"flex-basis:66.66%\">\n<p class=\"has-text-align-center has-large-font-size\"><br><strong><a href=\"https:\/\/www.lasteabi.ee\/et\" data-type=\"link\" data-id=\"https:\/\/www.lasteabi.ee\/et\">Lasteabi.ee<\/a> <\/strong>lehel\u00a0<em>chat<\/em>\u00a0(vestlusaken) ja telefon 116 111 (24 h) lastele, noortele, t\u00e4iskasvanutele.<\/p>\n\n\n\n<p class=\"has-text-align-center has-large-font-size\"><strong><a href=\"https:\/\/www.palunabi.ee\/et?link=https%3A%2F%2Fpalunabi.web.tehik.ee%2Fru%2Fnode%2F255\" data-type=\"link\" data-id=\"https:\/\/www.palunabi.ee\/et?link=https%3A%2F%2Fpalunabi.web.tehik.ee%2Fru%2Fnode%2F255\">Palunabi.ee<\/a> lehel ohvriabi<\/strong>\u00a0<em>chat<\/em>\u00a0ja telefon 116 006 (24 h)\u00a0k\u00f5igile, kes on kokku puutunud mistahes v\u00e4givalla, \u00f5nnetus- v\u00f5i kriisijuhtumiga.<\/p>\n\n\n\n<p class=\"has-text-align-center has-large-font-size\"><strong><a href=\"https:\/\/sova.ee\">Sova.ee<\/a>\u00a0<\/strong><em>chat<\/em>\u00a0(iga p\u00e4ev kl 14\u201322)\u00a07\u201316-aastastele.<\/p>\n\n\n\n<p class=\"has-text-align-center has-large-font-size\"><strong>Vaimse tervise tugiliin<\/strong>: telefon 116 123\u00a0eesti, vene ja inglise keeles (n\u00f5ustaja vastab iga p\u00e4ev kl 10\u201324, hingehoidja vastab iga p\u00e4ev kl 16\u201324).<\/p>\n\n\n\n<p class=\"has-text-align-center has-large-font-size\"><strong><a href=\"https:\/\/www.eluliin.ee\" data-type=\"link\" data-id=\"https:\/\/www.eluliin.ee\">Eluliin<\/a><\/strong>: telefon 655 8088 (eesti keeles),\u00a0telefon 655 5688 (vene keeles kl 19\u201307),\u00a0 telefon +372 681 1700 (ukraina keeles kl 19\u201323).<\/p>\n\n\n\n<p class=\"has-text-align-center has-large-font-size\"><strong>Kui on oht kellegi elule v\u00f5i tervisele<\/strong>,\u00a0<strong>siis h\u00e4daabinumber: 112<\/strong>\u00a0(24 h).<\/p>\n<\/div>\n\n\n\n<div class=\"wp-block-column is-layout-flow wp-block-column-is-layout-flow\" style=\"flex-basis:33.33%\">\n<figure class=\"wp-block-image size-full\"><img loading=\"lazy\" decoding=\"async\" width=\"500\" height=\"500\" src=\"https:\/\/sisu.ut.ee\/wp-content\/uploads\/sites\/289\/ai-aitab.gif\" alt=\"\" class=\"wp-image-163\"><figcaption class=\"wp-element-caption\">Pildi\u00a0autori\u00f5igus:\u00a0storyset\u00a0(Freepik).<\/figcaption><\/figure>\n<\/div>\n<\/div>\n\n\n\n<hr class=\"wp-block-separator has-alpha-channel-opacity\">\n\n\n\n<h2 class=\"wp-block-heading has-text-align-center\" style=\"padding-top:var(--wp--preset--spacing--60);padding-bottom:var(--wp--preset--spacing--60)\">VAIMSE TERVISE ABI JA N\u00d5USTAMINE:<\/h2>\n\n\n\n<div class=\"wp-block-columns is-layout-flex wp-container-core-columns-is-layout-9d6595d7 wp-block-columns-is-layout-flex\">\n<div class=\"wp-block-column is-layout-flow wp-block-column-is-layout-flow\" style=\"flex-basis:33.33%\">\n<figure class=\"wp-block-image size-full is-resized\"><img loading=\"lazy\" decoding=\"async\" width=\"310\" height=\"163\" src=\"https:\/\/sisu.ut.ee\/wp-content\/uploads\/sites\/289\/peasi.png\" alt=\"\" class=\"wp-image-164\" style=\"width:399px;height:auto\" srcset=\"https:\/\/sisu.ut.ee\/wp-content\/uploads\/sites\/289\/peasi.png 310w, https:\/\/sisu.ut.ee\/wp-content\/uploads\/sites\/289\/peasi-300x158.png 300w\" sizes=\"auto, (max-width: 310px) 100vw, 310px\"><\/figure>\n<\/div>\n\n\n\n<div class=\"wp-block-column is-layout-flow wp-block-column-is-layout-flow\" style=\"flex-basis:66.66%\">\n<h2 class=\"wp-block-heading has-extra-large-font-size\"><strong><a href=\"https:\/\/peaaasi.ee\" data-type=\"link\" data-id=\"https:\/\/peaaasi.ee\">Peaasi.ee<\/a><\/strong><\/h2>\n\n\n\n<p class=\"has-large-font-size\">Noorte vaimse tervise portaal<\/p>\n\n\n\n<p class=\"has-large-font-size\"><a href=\"https:\/\/robot.peaasi.ee\" data-type=\"link\" data-id=\"https:\/\/robot.peaasi.ee\">Vestlus n\u00f5ustamisrobotiga<\/a><br><a href=\"https:\/\/peaasi.ee\/enesetundetest\/?l=et\" target=\"_blank\" rel=\"noreferrer noopener\">Emotsionaalse enesetunde k\u00fcsimustik<\/a><br><a href=\"https:\/\/peaasi.ee\/vaimse-tervise-vitamiinid\/\" target=\"_blank\" rel=\"noreferrer noopener\">Vaimse tervise vitamiinid<\/a><\/p>\n<\/div>\n<\/div>\n\n\n\n<hr class=\"wp-block-separator has-alpha-channel-opacity\">\n\n\n\n<div class=\"wp-block-columns is-layout-flex wp-container-core-columns-is-layout-9d6595d7 wp-block-columns-is-layout-flex\">\n<div class=\"wp-block-column is-layout-flow wp-block-column-is-layout-flow\" style=\"flex-basis:33.33%\">\n<h2 class=\"wp-block-heading has-extra-large-font-size\"><br><strong><a href=\"https:\/\/lahendus.net\/\" data-type=\"link\" data-id=\"https:\/\/lahendus.net\/\">Lahendus.net<\/a><\/strong><\/h2>\n\n\n\n<p class=\"has-large-font-size\">Tasuta ja anon\u00fc\u00fcmne ps\u00fchholoogiline n\u00f5ustamine<\/p>\n<\/div>\n\n\n\n<div class=\"wp-block-column is-layout-flow wp-block-column-is-layout-flow\" style=\"flex-basis:66.66%\">\n<figure class=\"wp-block-image size-large is-resized\"><img loading=\"lazy\" decoding=\"async\" width=\"1024\" height=\"298\" src=\"https:\/\/sisu.ut.ee\/wp-content\/uploads\/sites\/289\/lahendus-net-1024x298.png\" alt=\"\" class=\"wp-image-165\" style=\"width:488px;height:auto\" srcset=\"https:\/\/sisu.ut.ee\/wp-content\/uploads\/sites\/289\/lahendus-net-1024x298.png 1024w, https:\/\/sisu.ut.ee\/wp-content\/uploads\/sites\/289\/lahendus-net-300x87.png 300w, https:\/\/sisu.ut.ee\/wp-content\/uploads\/sites\/289\/lahendus-net-768x223.png 768w, https:\/\/sisu.ut.ee\/wp-content\/uploads\/sites\/289\/lahendus-net.png 1280w\" sizes=\"auto, (max-width: 1024px) 100vw, 1024px\"><\/figure>\n<\/div>\n<\/div>\n\n\n\n<hr class=\"wp-block-separator has-alpha-channel-opacity\">\n\n\n\n<div class=\"wp-block-columns is-layout-flex wp-container-core-columns-is-layout-9d6595d7 wp-block-columns-is-layout-flex\">\n<div class=\"wp-block-column is-layout-flow wp-block-column-is-layout-flow\" style=\"flex-basis:33.33%\">\n<figure class=\"wp-block-image size-full\"><img loading=\"lazy\" decoding=\"async\" width=\"832\" height=\"212\" src=\"https:\/\/sisu.ut.ee\/wp-content\/uploads\/sites\/289\/Screenshot-2025-02-07-at-11.12.46.png\" alt=\"\" class=\"wp-image-177\" srcset=\"https:\/\/sisu.ut.ee\/wp-content\/uploads\/sites\/289\/Screenshot-2025-02-07-at-11.12.46.png 832w, https:\/\/sisu.ut.ee\/wp-content\/uploads\/sites\/289\/Screenshot-2025-02-07-at-11.12.46-300x76.png 300w, https:\/\/sisu.ut.ee\/wp-content\/uploads\/sites\/289\/Screenshot-2025-02-07-at-11.12.46-768x196.png 768w\" sizes=\"auto, (max-width: 832px) 100vw, 832px\"><\/figure>\n<\/div>\n\n\n\n<div class=\"wp-block-column is-layout-flow wp-block-column-is-layout-flow\" style=\"flex-basis:66.66%\">\n<h2 class=\"wp-block-heading has-extra-large-font-size\"><strong><a href=\"https:\/\/vihjeliin.targaltinternetis.ee\/\" data-type=\"link\" data-id=\"https:\/\/vihjeliin.targaltinternetis.ee\/\">Vihjeliin<\/a><\/strong><\/h2>\n\n\n\n<p class=\"has-large-font-size\">Lastekaitse Liidu vihjeliinile saad teatada internetis levivast <br>ebaseaduslikust sisust (nt laste seksuaalsest v\u00e4\u00e4rkohtlemisest jms).<\/p>\n<\/div>\n<\/div>\n\n\n\n<hr class=\"wp-block-separator has-alpha-channel-opacity\">\n","protected":false},"excerpt":{"rendered":"<p>Kui tunned, et\u00a0internetis v\u00f5i p\u00e4riselus kogetu\u00a0paneb Sind muretsema, v\u00f5id\u00a0julgelt\u00a0r\u00e4\u00e4kida oma\u00a0vanemate, \u00f5petaja, koolips\u00fchholoogi\u00a0v\u00f5i\u00a0sotsiaalpedagoogiga. MURE KORRAL V\u00d5TA \u00dcHENDUST: Lasteabi.ee lehel\u00a0chat\u00a0(vestlusaken) ja telefon 116 111 (24 h) lastele, noortele, t\u00e4iskasvanutele. Palunabi.ee lehel ohvriabi\u00a0chat\u00a0ja telefon 116 006 (24 h)\u00a0k\u00f5igile, kes on kokku puutunud mistahes &#8230;<\/p>\n","protected":false},"author":330,"featured_media":0,"parent":0,"menu_order":0,"comment_status":"closed","ping_status":"closed","template":"","meta":{"_acf_changed":false,"inline_featured_image":false,"footnotes":""},"class_list":["post-142","page","type-page","status-publish","hentry"],"acf":[],"_links":{"self":[{"href":"https:\/\/sisu.ut.ee\/euko\/wp-json\/wp\/v2\/pages\/142","targetHints":{"allow":["GET"]}}],"collection":[{"href":"https:\/\/sisu.ut.ee\/euko\/wp-json\/wp\/v2\/pages"}],"about":[{"href":"https:\/\/sisu.ut.ee\/euko\/wp-json\/wp\/v2\/types\/page"}],"author":[{"embeddable":true,"href":"https:\/\/sisu.ut.ee\/euko\/wp-json\/wp\/v2\/users\/330"}],"replies":[{"embeddable":true,"href":"https:\/\/sisu.ut.ee\/euko\/wp-json\/wp\/v2\/comments?post=142"}],"version-history":[{"count":14,"href":"https:\/\/sisu.ut.ee\/euko\/wp-json\/wp\/v2\/pages\/142\/revisions"}],"predecessor-version":[{"id":191,"href":"https:\/\/sisu.ut.ee\/euko\/wp-json\/wp\/v2\/pages\/142\/revisions\/191"}],"wp:attachment":[{"href":"https:\/\/sisu.ut.ee\/euko\/wp-json\/wp\/v2\/media?parent=142"}],"curies":[{"name":"wp","href":"https:\/\/api.w.org\/{rel}","templated":true}]}}