{"id":70,"date":"2024-04-19T13:04:05","date_gmt":"2024-04-19T10:04:05","guid":{"rendered":"https:\/\/sisu.ut.ee\/ettevotlusopik\/?page_id=70"},"modified":"2025-10-03T15:40:52","modified_gmt":"2025-10-03T12:40:52","slug":"naide-2-meeskond-nutikas-noel-sonastab-enda-ettevotte-missiooni-visiooni-ja-eesmargid","status":"publish","type":"page","link":"https:\/\/sisu.ut.ee\/ettevotlusopik\/2-missioon-visioon-ja-eesmargid\/naide-2-meeskond-nutikas-noel-sonastab-enda-ettevotte-missiooni-visiooni-ja-eesmargid\/","title":{"rendered":"N\u00c4IDE 4. Nutika N\u00f5ela ettev\u00f5tte missioon, visioon ja eesm\u00e4rgid"},"content":{"rendered":"<p><\/p>\n\n\n\n<p>Meeskond alustas ettev\u00f5tte Nutikas N\u00f5el missiooni ja visiooni s\u00f5nastamisest ja eesm\u00e4rkide seadmist.<\/p>\n\n\n\n<p>Missiooni s\u00f5nastamisel olid meeskonna jaoks k\u00f5ige olulisemaks j\u00e4tkusuutlikkuse, ainulaadsuse seostamine funktsionaalsusega ning Eestis loodud k\u00e4sit\u00f6\u00f6 r\u00f5hutamine.<\/p>\n\n\n\n<p><strong>MISSIOON:<\/strong> pakume eristuva disainiga Eesti k\u00e4sit\u00f6\u00f6na valminud \u00f5mblustooteid, mis muudavad loodust reostamata Sinu elu mugavaks!<\/p>\n\n\n\n<p>Visiooni s\u00f5nastamisel soovis meeskond lisaks keskkonna hoidmisele v\u00e4lja tuua laienemisplaanid teistesse Balti riikidesse ning klientide usalduse ettev\u00f5tte vastu. Visiooni s\u00f5nastamisel sooviti j\u00f5uda enda disainitud toodeteni 2\u20123 aasta p\u00e4rast ning sellest l\u00e4htuvalt laieneda Baltikumi turule 2030. aastal, kuid eksperdiga konsulteerides otsustati visiooniga saavutatavat eesm\u00e4rki l\u00fckata edasi viie aasta v\u00f5rra (2035). Samuti oli meeskonnal ambitsioon olla Eestis ja Baltikumis esimene klientide poolt enim hinnatud ettev\u00f5te, kuid eksperdi suunamisel muudeti visiooni olla klientide poolt k\u00fcmne enim hinnatud ettev\u00f5tte hulgas. Meeskond muutis eksperdi soovitustest l\u00e4htuvalt visiooni ning s\u00f5nastas selle allj\u00e4rgnevalt.<\/p>\n\n\n\n<p><strong>VISIOON:<\/strong> Nutikas N\u00f5el on kvaliteetsete ja keskkonnas\u00e4\u00e4stlike erilahendustega Eesti k\u00e4sit\u00f6\u00f6na valmivate disain\u00f5mblustoodetega aastaks 2035 Baltikumis klientide poolt k\u00fcmne enim hinnatud ettev\u00f5tte hulgas.<\/p>\n\n\n\n<p>Veel enne ettev\u00f5ttega alustamist on vajalik koostada \u00e4riplaan ning v\u00e4lja t\u00f6\u00f6tada esimeste toodete \u2012sobiva disaini ja funktsionaalsusega selja- ja \u00f5lakoti ning pesemistarvikute koti protot\u00fc\u00fcbid, mis valmivad Adele bakalaureuset\u00f6\u00f6 osana. Samuti alustada nende toodete katsetamise (eelk\u00f5ige tutvusringkonnas) ja toodetele klientidelt tagasiside k\u00fcsimisega. Edasi s\u00f5nastas meeskond ettev\u00f5tte Nutikas N\u00f5el l\u00fchi- ja pikaajalised eesm\u00e4rgid. L\u00fchiajaliste eesm\u00e4rkide s\u00f5nastamisel peeti otstarbekaks eraldi v\u00e4lja tuua eesm\u00e4rgid ettev\u00f5tte k\u00e4ivitamiseks ja eesm\u00e4rgid ettev\u00f5tte esimeseks tegevusaastaks.<\/p>\n\n\n\n<p><strong>L\u00fchiajalised eesm\u00e4rgid (m\u00e4rts kuni mai):<\/strong><\/p>\n\n\n\n<p>1) ettev\u00f5tte registreerimine m\u00e4rtsi alguses;<br>2) j\u00e4rgmiste toodete arendamine ja eritellimust\u00f6\u00f6dega alustamine mai alguses; esimeste eraklientide ja ettev\u00f5tetest klientide leidmine aprillis;<br>3) sotsiaalmeedia kontode loomine m\u00e4rtsi l\u00f5puks; esimestele toodetele tagasisidek\u00fcsitluse tegemine, sotsiaalmeedia kampaaniate l\u00e4biviimine aprillis; turundusspetsialisti, kes hakkaks sotsiaalmeedia kontodel l\u00e4bi viima turundustegevusi ning planeerima ja haldama kodulehte, palkamine mai alguses;<br>4) sobiva tootmispinna v\u00f5i tootmis- ja laopinna leidmine ning ruumi vajaliku m\u00f6\u00f6bli: juurdel\u00f5ikuslaua, triikraua ja triikimislaua, tootmis- ja pakkematerjalide ning valmistoodangu ladustamise riiulitega sisustamine mai alguseks; \u00f5mblemis- ja abilaua, valgusti, \u00f5mblusseadmete ja -vahendite hankimine;<br>5) pikaajaliste partnerite leidmine \u00f5mblusmaterjalide ja -tarvikute pakkujate, pakkematerjalide pakkujate ning tarnijate seast; nendega koost\u00f6\u00f6lepingute s\u00f5lmimine (juristi abil) mai alguseks.<\/p>\n\n\n\n<p><strong>Eesm\u00e4rgid esimeseks tegevusaastaks:<\/strong><\/p>\n\n\n\n<p>1) kodulehe ja veebipoe loomine esimese tegevusaasta l\u00f5puks;<br>2) p\u00fcsiklientide arv 50 ja m\u00fc\u00fcgimahu 39 500 \u20ac saavutamine;<br>3) koost\u00f6\u00f6partneritena v\u00e4hemalt kahe edasim\u00fc\u00fcja leidmine.<\/p>\n\n\n\n<p><strong>Pikaajalised eesm\u00e4rgid (kolm aastat):<\/strong><\/p>\n\n\n\n<p>1) igal aastal m\u00f5ne uue mudeli v\u00f5i t\u00e4iesti uue toote v\u00e4ljaarendamine;<br>2) p\u00fcsiklientide arvu kasv 3 korda (kuni 3200 tehinguni aastas), neist 3000 eraklienti ja 3 ettev\u00f5tet;<br>3) 6400 kodulehe k\u00fclastuste saavutamine; 120 000 eurose m\u00fc\u00fcgimahu saavutamine kolmanda aasta l\u00f5puks;<br>4) koost\u00f6\u00f6 teiste v\u00e4ikeettev\u00f5tete ja disaineritega, sh \u00fchised tooted;<br>5) aastaks 2030 on ettev\u00f5ttel plaan laieneda kogu Baltikumi turule.<\/p>\n\n\n\n<p><\/p>\n","protected":false},"excerpt":{"rendered":"<p>Meeskond alustas ettev\u00f5tte Nutikas N\u00f5el missiooni ja visiooni s\u00f5nastamisest ja eesm\u00e4rkide seadmist. Missiooni s\u00f5nastamisel olid meeskonna jaoks k\u00f5ige olulisemaks j\u00e4tkusuutlikkuse, ainulaadsuse seostamine funktsionaalsusega ning Eestis loodud k\u00e4sit\u00f6\u00f6 r\u00f5hutamine. MISSIOON: pakume eristuva disainiga Eesti k\u00e4sit\u00f6\u00f6na valminud \u00f5mblustooteid, mis muudavad loodust reostamata &#8230;<\/p>\n","protected":false},"author":3,"featured_media":0,"parent":61,"menu_order":0,"comment_status":"closed","ping_status":"closed","template":"","meta":{"_acf_changed":false,"inline_featured_image":false,"footnotes":""},"class_list":["post-70","page","type-page","status-publish","hentry"],"acf":[],"_links":{"self":[{"href":"https:\/\/sisu.ut.ee\/ettevotlusopik\/wp-json\/wp\/v2\/pages\/70","targetHints":{"allow":["GET"]}}],"collection":[{"href":"https:\/\/sisu.ut.ee\/ettevotlusopik\/wp-json\/wp\/v2\/pages"}],"about":[{"href":"https:\/\/sisu.ut.ee\/ettevotlusopik\/wp-json\/wp\/v2\/types\/page"}],"author":[{"embeddable":true,"href":"https:\/\/sisu.ut.ee\/ettevotlusopik\/wp-json\/wp\/v2\/users\/3"}],"replies":[{"embeddable":true,"href":"https:\/\/sisu.ut.ee\/ettevotlusopik\/wp-json\/wp\/v2\/comments?post=70"}],"version-history":[{"count":4,"href":"https:\/\/sisu.ut.ee\/ettevotlusopik\/wp-json\/wp\/v2\/pages\/70\/revisions"}],"predecessor-version":[{"id":947,"href":"https:\/\/sisu.ut.ee\/ettevotlusopik\/wp-json\/wp\/v2\/pages\/70\/revisions\/947"}],"up":[{"embeddable":true,"href":"https:\/\/sisu.ut.ee\/ettevotlusopik\/wp-json\/wp\/v2\/pages\/61"}],"wp:attachment":[{"href":"https:\/\/sisu.ut.ee\/ettevotlusopik\/wp-json\/wp\/v2\/media?parent=70"}],"curies":[{"name":"wp","href":"https:\/\/api.w.org\/{rel}","templated":true}]}}