{"id":599,"date":"2024-11-20T15:35:36","date_gmt":"2024-11-20T13:35:36","guid":{"rendered":"https:\/\/sisu.ut.ee\/ettevotlusopik\/?page_id=599"},"modified":"2025-10-03T15:42:42","modified_gmt":"2025-10-03T12:42:42","slug":"veaohtlikud-kohad-turg","status":"publish","type":"page","link":"https:\/\/sisu.ut.ee\/ettevotlusopik\/0-ettevotluse-pohimoisted\/0-2-turg-ja-turu-tasakaal\/veaohtlikud-kohad-turg\/","title":{"rendered":"Veaohtlikud kohad"},"content":{"rendered":"<p><strong>Turuanal\u00fc\u00fcs<\/strong><\/p>\n\n\n\n<p class=\"has-primary-color has-text-color has-link-color wp-elements-42abc701144bd6ad7160e25ddfe5afac\">#1 Turuanal\u00fc\u00fcs peab p\u00f5hinema faktidel<\/p>\n\n\n\n<p>Rahastaja tahab kindlust, et \u00e4riidee hakkab tooma tulu. Teda ei veena k\u00f5hutunne, vaid turuanal\u00fc\u00fcs. Ta peab \u00e4rimudelist v\u00e4lja lugema, kui suur on \u00e4riidee v\u00f5imalik tarbijaskond, kes veel tegutsevad samas valdkonnas, kas n\u00f5udlus kasvab v\u00f5i kahaneb ajas ning millised on v\u00f5imalused tulla neis oludes edukalt toime.<\/p>\n\n\n\n<p>Tihtipeale on \u00e4rimudeli koostamise viga puudulikele andmetele, seitsme s\u00f5bra arvamusele v\u00f5i suisa pelgalt k\u00f5hutundele tuginev turuanal\u00fc\u00fcs. Konkurentide tegevusest \u00fclevaate saamiseks on abiks erinevad riiklikud andmebaasid, n\u00e4iteks Statistikaameti omad. Kasulikku infot v\u00f5ib leida ka Eesti Panga kodulehek\u00fcljelt. Turuanal\u00fc\u00fcs peab olema t\u00e4pselt nii sisukas ja mahukas, et lugejale saab selgeks, kas ettev\u00f5ttesse tasub raha paigutada.<\/p>\n\n\n\n<p><strong>Konkurentsianal\u00fc\u00fcs<\/strong><\/p>\n\n\n\n<p class=\"has-primary-color has-text-color has-link-color wp-elements-949cd9757c798e58b2d577237a9c23e8\">#1 Enne konkurentsianal\u00fc\u00fcsi koostamist tuleb v\u00e4lja selgitada, kes on suurimad konkurendid<\/p>\n\n\n\n<p>Selleks tuleks esimese sammuna leida \u00fcles suurimad konkurendid, valida v\u00e4lja tegurid, mille poolest sarnanete kahe v\u00f5i kolme ettev\u00f5tte konkurendiga k\u00f5ige enam. Peale seda on v\u00f5imalik hakata detailset konkurentide anal\u00fc\u00fcsi koostama. V\u00f5rrelda tasub k\u00f5iki ettev\u00f5tte jaoks olulisi aspekte ning leida, mille poolest sarnanete v\u00f5i erinete oma konkurentidest. Samuti tasub v\u00e4lja tuua aspektid, millest v\u00f5ite eeskuju v\u00f5tta v\u00f5i ka n\u00f5rgad k\u00fcljed, mida saate paremini lahendada.<\/p>\n\n\n\n<p class=\"has-primary-color has-text-color has-link-color wp-elements-bc37a3025eecc37f06b28a04d0cc6a32\">#2 Konkurentsianal\u00fc\u00fcsile peab j\u00e4rgnema j\u00e4relduste tegemine<\/p>\n\n\n\n<p>Tooge v\u00e4lja k\u00f5ik olulisemad j\u00e4reldused, mida saate konkurentide anal\u00fc\u00fcsi p\u00f5hjal teha. Ideid enda ettev\u00f5tte (v\u00f5i m\u00f5ne aspekti, tegevuse) arendamiseks v\u00f5ite saada ka nende konkurentide tegevust anal\u00fc\u00fcsides, kes ei ole teie ettev\u00f5tte otsesed konkurendid.<\/p>\n\n\n\n<p><strong>SWOT anal\u00fc\u00fcs ja strateegia<\/strong><\/p>\n\n\n\n<p class=\"has-primary-color has-text-color has-link-color wp-elements-a9d460e1278a84e04c49969df54b1c92\">#1 SWOT anal\u00fc\u00fcsi tabelis ei tohiks olla pikki lauseid\u00a0<\/p>\n\n\n\n<p>Kasuta m\u00e4rks\u00f5nu ja vajadusel laienda oma m\u00f5tet l\u00fchidalt ja konkreetselt!<\/p>\n\n\n\n<p class=\"has-primary-color has-text-color has-link-color wp-elements-89a3c2cad801acb743b240c27a2a0d35\">#2 SWOT anal\u00fc\u00fcsil puudub strateegiate anal\u00fc\u00fcs\u00a0<\/p>\n\n\n\n<p>\u00c4ri v\u00f5ib k\u00e4ivituda plaanip\u00e4raselt, kuid ei pruugi. Sellep\u00e4rast on t\u00e4htis, et \u00e4riplaanis oleks kirjas ka riskianal\u00fc\u00fcs. P\u00f5hjalik riskide anal\u00fc\u00fcs koos nende maandamise kavaga n\u00e4itab rahastajatele, et tegu pole tuulep\u00e4ise, vaid t\u00f5siseltv\u00f5etava ettev\u00f5tjaga. SWOT anal\u00fc\u00fcsil tehtav sage viga on, et tuuakse v\u00e4lja riskid, kuid mitte nende maandamise kava. See on loomulik, kuna paljudel \u00e4riplaani koostajatel puudub ettev\u00f5tluskogemus. Kuid see t\u00e4hendab, et neil puudub ka plaan, kuidas ennast t\u00e4iendada ja harida ehk maandada kogemuse puudusest tingitud riske.<\/p>\n\n\n\n<p><strong>PESTLE anal\u00fc\u00fcs<\/strong><\/p>\n\n\n\n<p class=\"has-primary-color has-text-color has-link-color wp-elements-8afff843635046ac798ca6969c13e781\">#1 PESTLE anal\u00fc\u00fcsi puhul l\u00e4htu ainult konkreetsest ideest, tootest, teenusest v\u00f5i tegevusvaldkonnast!<\/p>\n\n\n\n<p>Vaatle vaid asjassepuutuvaid majanduskeskkonna m\u00f5jureid antud idee, toote, teenuse v\u00f5i tegevusvaldkonna kontekstis.<\/p>\n\n\n\n<p class=\"has-primary-color has-text-color has-link-color wp-elements-975e2eda6c03173711d49dd3d69ea383\">#2 PESTLE anal\u00fc\u00fcsis tuleb kajastada nii minevikku, kui ka l\u00e4bi majandusprognooside tulevikku<\/p>\n\n\n\n<p>PESTLE anal\u00fc\u00fcs kajastab makrokeskkonda ja juba toimunud s\u00fcndmusi (kehtestatud seadusandlus jne), kui vaatleb ka tulevikku (makromajanduslikud prognoosid, trendid jne).<\/p>\n\n\n\n<p class=\"has-primary-color has-text-color has-link-color wp-elements-026d40ad818cdbed5b2d5bfde421fd40\">#3 Kogutud info ei loo uusi ettev\u00f5tlusideid, vaid eeldusi nende tekkimiseks.<\/p>\n\n\n\n<p>V\u00e4liskeskkonnast info kogumine on oluline, v\u00f5ttes arvesse nii minevikku, kui ka tulevikku kajastav osa, mida kombineerides tuleb teha j\u00e4reldused edaspidiseks. T\u00e4helepanu tuleb p\u00f6\u00f6rata tulevikku kirjeldavale infole, mis on seotud eeln\u00f5ude, prognooside, trendide jm. Iga sihtturgu tuleb eraldi anal\u00fc\u00fcsida.<\/p>\n\n\n\n<p class=\"has-primary-color has-text-color has-link-color wp-elements-70e6400c86cd00889611c26f174b967f\">#4 PESTLE anal\u00fc\u00fcs on eriti oluline rahvusvaheliselt tegutsevate ettev\u00f5tete jaoks<\/p>\n\n\n\n<p>Rahvusvahelises ettev\u00f5tluses on eriti oluline olla kursis v\u00e4liskeskkonnast tulenevate muutustega erinevates riikides.<\/p>\n\n\n\n<p class=\"has-primary-color has-text-color has-link-color wp-elements-2648cecff1ec6d3c39d62d48e2f3719e\">#5 Koosta PESTLE anal\u00fc\u00fcs enne strateegia v\u00f5i ekspordiplaani koostamist!<\/p>\n\n\n\n<p class=\"has-dark-color has-text-color has-link-color wp-elements-3e85d21d03aa1e0eb6e449ecbcedfdb1\">Sel juhul on olemas andmed, mis v\u00f5imaldavad kaardista nii v\u00f5imalikke takistusi kui ka peituvaid v\u00f5imalusi.<\/p>\n\n\n\n<p><\/p>\n","protected":false},"excerpt":{"rendered":"<p>Turuanal\u00fc\u00fcs #1 Turuanal\u00fc\u00fcs peab p\u00f5hinema faktidel Rahastaja tahab kindlust, et \u00e4riidee hakkab tooma tulu. Teda ei veena k\u00f5hutunne, vaid turuanal\u00fc\u00fcs. Ta peab \u00e4rimudelist v\u00e4lja lugema, kui suur on \u00e4riidee v\u00f5imalik tarbijaskond, kes veel tegutsevad samas valdkonnas, kas n\u00f5udlus kasvab v\u00f5i &#8230;<\/p>\n","protected":false},"author":3,"featured_media":0,"parent":16,"menu_order":0,"comment_status":"closed","ping_status":"closed","template":"","meta":{"_acf_changed":false,"inline_featured_image":false,"footnotes":""},"class_list":["post-599","page","type-page","status-publish","hentry"],"acf":[],"_links":{"self":[{"href":"https:\/\/sisu.ut.ee\/ettevotlusopik\/wp-json\/wp\/v2\/pages\/599","targetHints":{"allow":["GET"]}}],"collection":[{"href":"https:\/\/sisu.ut.ee\/ettevotlusopik\/wp-json\/wp\/v2\/pages"}],"about":[{"href":"https:\/\/sisu.ut.ee\/ettevotlusopik\/wp-json\/wp\/v2\/types\/page"}],"author":[{"embeddable":true,"href":"https:\/\/sisu.ut.ee\/ettevotlusopik\/wp-json\/wp\/v2\/users\/3"}],"replies":[{"embeddable":true,"href":"https:\/\/sisu.ut.ee\/ettevotlusopik\/wp-json\/wp\/v2\/comments?post=599"}],"version-history":[{"count":6,"href":"https:\/\/sisu.ut.ee\/ettevotlusopik\/wp-json\/wp\/v2\/pages\/599\/revisions"}],"predecessor-version":[{"id":954,"href":"https:\/\/sisu.ut.ee\/ettevotlusopik\/wp-json\/wp\/v2\/pages\/599\/revisions\/954"}],"up":[{"embeddable":true,"href":"https:\/\/sisu.ut.ee\/ettevotlusopik\/wp-json\/wp\/v2\/pages\/16"}],"wp:attachment":[{"href":"https:\/\/sisu.ut.ee\/ettevotlusopik\/wp-json\/wp\/v2\/media?parent=599"}],"curies":[{"name":"wp","href":"https:\/\/api.w.org\/{rel}","templated":true}]}}