{"id":51,"date":"2024-04-19T13:00:02","date_gmt":"2024-04-19T10:00:02","guid":{"rendered":"https:\/\/sisu.ut.ee\/ettevotlusopik\/?page_id=51"},"modified":"2025-10-03T15:35:48","modified_gmt":"2025-10-03T12:35:48","slug":"e-1-allikaid-lisalugemiseks-ariidee-genereerimiseks-ja-enda-kutsumuse-leidmiseks","status":"publish","type":"page","link":"https:\/\/sisu.ut.ee\/ettevotlusopik\/1-ariidee\/e-1-allikaid-lisalugemiseks-ariidee-genereerimiseks-ja-enda-kutsumuse-leidmiseks\/","title":{"rendered":"Allikad"},"content":{"rendered":"<p><\/p>\n\n\n\n<p><strong>T\u00e4iendavad allikad<\/strong><\/p>\n\n\n\n<p>Kallas, E. 2015. Loovustehnikad. 99 viisi ideede leidmiseks. Tartu: Ecoprint.\u00a0<\/p>\n\n\n\n<p>Bland, D. J., Osterwalder, A., \u201c\u00c4riideede testimine\u201d, \u00c4rip\u00e4ev, 2021, 348 lk.<\/p>\n\n\n\n<p>7 Creative Idea Generation Methods <a href=\"https:\/\/magazine.startus.cc\/7-creative-ideageneration-methods\/\">https:\/\/magazine.startus.cc\/7-creative-ideageneration-methods\/<\/a><\/p>\n\n\n\n<p>Harald Lepisk. 10 ideed, mis aitavad enda kutsumust avastada. <a href=\"https:\/\/inspiratsioon.ee\/avasta-enda-kutsumus\/\">https:\/\/inspiratsioon.ee\/avasta-enda-kutsumus\/<\/a><\/p>\n\n\n\n<p>\u00d5nneliku t\u00f6\u00f6tamise maa <a href=\"https:\/\/inspiratsioon.ee\/tiinasaar-veelmaa-tooonne-uurija\/\">https:\/\/inspiratsioon.ee\/tiinasaar-veelmaa-tooonne-uurija\/<\/a>\u00a0<\/p>\n\n\n\n<p>Edu akadeemia webinar: kuidas aidata s\u00f5bral leida oma kutsumus (ja ise enda kutsumus leida) https:\/\/events.genndi.com\/replay\/1691051392384409 47\/399d4685b5\/0\/mL180810250De<\/p>\n\n\n\n<p>Rein Lemberpuu \u2013 Ettev\u00f5tlus kui eneseareng (Elu Looming podcast) <a href=\"https:\/\/inspiratsioon.ee\/rein-lemberpuu-ettevotlus-eneseareng\/\">https:\/\/inspiratsioon.ee\/rein-lemberpuu-ettevotlus-eneseareng\/<\/a><\/p>\n","protected":false},"excerpt":{"rendered":"<p>T\u00e4iendavad allikad Kallas, E. 2015. Loovustehnikad. 99 viisi ideede leidmiseks. Tartu: Ecoprint.\u00a0 Bland, D. J., Osterwalder, A., \u201c\u00c4riideede testimine\u201d, \u00c4rip\u00e4ev, 2021, 348 lk. 7 Creative Idea Generation Methods https:\/\/magazine.startus.cc\/7-creative-ideageneration-methods\/ Harald Lepisk. 10 ideed, mis aitavad enda kutsumust avastada. https:\/\/inspiratsioon.ee\/avasta-enda-kutsumus\/ \u00d5nneliku &#8230;<\/p>\n","protected":false},"author":3,"featured_media":0,"parent":34,"menu_order":0,"comment_status":"closed","ping_status":"closed","template":"","meta":{"_acf_changed":false,"inline_featured_image":false,"footnotes":""},"class_list":["post-51","page","type-page","status-publish","hentry"],"acf":[],"_links":{"self":[{"href":"https:\/\/sisu.ut.ee\/ettevotlusopik\/wp-json\/wp\/v2\/pages\/51","targetHints":{"allow":["GET"]}}],"collection":[{"href":"https:\/\/sisu.ut.ee\/ettevotlusopik\/wp-json\/wp\/v2\/pages"}],"about":[{"href":"https:\/\/sisu.ut.ee\/ettevotlusopik\/wp-json\/wp\/v2\/types\/page"}],"author":[{"embeddable":true,"href":"https:\/\/sisu.ut.ee\/ettevotlusopik\/wp-json\/wp\/v2\/users\/3"}],"replies":[{"embeddable":true,"href":"https:\/\/sisu.ut.ee\/ettevotlusopik\/wp-json\/wp\/v2\/comments?post=51"}],"version-history":[{"count":7,"href":"https:\/\/sisu.ut.ee\/ettevotlusopik\/wp-json\/wp\/v2\/pages\/51\/revisions"}],"predecessor-version":[{"id":927,"href":"https:\/\/sisu.ut.ee\/ettevotlusopik\/wp-json\/wp\/v2\/pages\/51\/revisions\/927"}],"up":[{"embeddable":true,"href":"https:\/\/sisu.ut.ee\/ettevotlusopik\/wp-json\/wp\/v2\/pages\/34"}],"wp:attachment":[{"href":"https:\/\/sisu.ut.ee\/ettevotlusopik\/wp-json\/wp\/v2\/media?parent=51"}],"curies":[{"name":"wp","href":"https:\/\/api.w.org\/{rel}","templated":true}]}}