{"id":43,"date":"2024-04-19T12:58:53","date_gmt":"2024-04-19T09:58:53","guid":{"rendered":"https:\/\/sisu.ut.ee\/ettevotlusopik\/?page_id=43"},"modified":"2026-01-28T20:17:46","modified_gmt":"2026-01-28T18:17:46","slug":"naide-1-meeskonna-nutikas-noel-ariidee","status":"publish","type":"page","link":"https:\/\/sisu.ut.ee\/ettevotlusopik\/1-ariidee\/1-3-kuidas-hinnata-ariidee-headust\/naide-1-meeskonna-nutikas-noel-ariidee\/","title":{"rendered":"N\u00c4IDE 1. Meeskonna Nutikas N\u00f5el \u00e4riidee"},"content":{"rendered":"<p><\/p>\n\n\n\n<p>Lisaks teooriale selgitatakse \u00f5pikus n\u00e4idisjuhtumi abil ettev\u00f5tlusprotsessi etappide rakendamise v\u00f5imalust praktikas.<\/p>\n\n\n\n<p><strong>Ettev\u00f5tlusteekonna algus<\/strong><\/p>\n\n\n\n<p>N\u00e4idisjuhtum p\u00f5hineb kolme aktiivse noore \u2013 disainieriala \u00fcli\u00f5pilase Adele, \u00f5mblustehnoloog Oti ja finantskonsultant Paula ettev\u00f5ttel, kel\/kellel lisaks \u00fchisele s\u00f5pruskonnale on ka soov midagi \u00fchiselt ette v\u00f5tta ja ellu viia. Otil on vaja otsustada, kas minna palgat\u00f6\u00f6le v\u00f5i asutada enda ettev\u00f5te. Ta otsustab ettev\u00f5tluse kasuks. Ettev\u00f5tte asukohaks saab Tartu, kuna k\u00f5ik noored elavad, \u00f5pivad ja\/v\u00f5i t\u00f6\u00f6tavad Tartus.<\/p>\n\n\n\n<figure class=\"wp-block-image aligncenter size-full\"><img loading=\"lazy\" decoding=\"async\" width=\"970\" height=\"291\" src=\"https:\/\/sisu.ut.ee\/wp-content\/uploads\/sites\/703\/noored-1.png\" alt=\"\" class=\"wp-image-721\" srcset=\"https:\/\/sisu.ut.ee\/wp-content\/uploads\/sites\/703\/noored-1.png 970w, https:\/\/sisu.ut.ee\/wp-content\/uploads\/sites\/703\/noored-1-300x90.png 300w, https:\/\/sisu.ut.ee\/wp-content\/uploads\/sites\/703\/noored-1-768x230.png 768w\" sizes=\"auto, (max-width: 970px) 100vw, 970px\"><\/figure>\n\n\n\n<p class=\"has-text-align-center\">Paula, Ott ja Adele<\/p>\n\n\n\n<p>\u00dchisel ettev\u00f5tlusideede arutelul kaardistatakse j\u00e4rgnevad v\u00f5imalused.<\/p>\n\n\n\n<p>\u25cf Paula juhib t\u00e4helepanu, et viimasel ajal on ettev\u00f5ttes, kus ta t\u00f6\u00f6tab, olnud palju t\u00f6\u00f6d ja puudu on projektijuhtimise ja -n\u00f5ustamisega tegelevatest konsultantidest.<\/p>\n\n\n\n<p>\u25cf Adelele meenub, et hiljutises seminaris korraldati meeskonnat\u00f6\u00f6, mille raames j\u00f5uti eristuva disainiga pinal-akupanga lahenduseni. Tema hinnangul oli valminud kavand nii eristuv kui ka (\u00fcli\u00f5pilase seisukohalt) v\u00e4ga vajalik, sest digiseadmed vajavad aeg-ajalt laadimist.<\/p>\n\n\n\n<p>\u25cf Ott r\u00e4\u00e4gib aga loo, kuidas pereliige palus tal \u00f5mmelda kotikese, kuhu saaks reisi ajaks pesemisvahendid panna. Selle asemel, et lihtne lukuga kott \u00f5mmelda, m\u00f5tles ta ka koti funktsionaalsusele. Nt oli tema poolt v\u00e4lja t\u00f6\u00f6tatud kott veekindlast ja kiiresti kuivavast materjalist, lahti volditav ning maksimaalse kasutusmugavuse tagamiseks sai seda \u00fcles riputada. Ideid oli ta otsinud erinevatest allikatest ning l\u00f5pptulemuses \u00fchendanud need enda ideedega.<\/p>\n\n\n\n<p>Meeskond saab peatselt aru, et lihtsa konsultatsiooniteenusega \u00fcldiste projektide valdkonnas saaks oma kogemuste ja oskustega osaleda vaid Paula, kuid disaini ja \u00f5mblemise valdkonnas oleks rakendust k\u00f5ikidel osapooltel \u2013 Adele ja Ott vastutavad disaini ja \u00f5mblemise eest ning Paula tegeleb ettev\u00f5tte juhtimise ja finantsidega.<\/p>\n\n\n\n<p>Seega kavatsetakse uuesti arutada, milliseid tooteid tasuks esmaj\u00e4rjekorras katsetada, et v\u00e4lja t\u00f6\u00f6tada kolm kuni neli erinevat toodet, millele oleks ka turgu.<\/p>\n\n\n\n<p class=\"has-primary-color has-text-color has-link-color wp-elements-0c2bfe9c6f0a78d521f9eba272eccc7a\">V\u00f5ttes aluseks seni tehtud toodete katsetused ja \u00f5mbluskogemused, on potentsiaalsete toodete nimekiri j\u00e4rgmine:<\/p>\n\n\n\n<p>\u2022 Eridisainiga pinal koos akupanga ja mobiiltelefoni\/tahvelarvuti laadimisv\u00f5imalusega<\/p>\n\n\n\n<p>\u2022 Eridisainiga funktsionaalsed reisikotid alates tualetitarvikute kotist, kosmeetikakotist kuni volditava s\u00fclearvutikotini<\/p>\n\n\n\n<p>\u2022 Eridisainiga kudumisvarraste v\u00f5i heegeln\u00f5elte jaoks m\u00f5eldud pinali-stiilis kotid, millel on taskuid ja kinnitusi ka v\u00e4iksematele vahenditele (n\u00f5elad, haakn\u00f5elad jne)<\/p>\n\n\n\n<p>\u2022 Visiitkaardihoidja v\u00f5i pangakaarditaskud<\/p>\n\n\n\n<p>\u2022 Selja- ja \u00f5lakott<\/p>\n\n\n\n<p>\u2022 S\u00fclearvutitasku<\/p>\n\n\n\n<p>\u2022 Muud kotilahendused.<\/p>\n\n\n\n<p>M\u00f5tteid, kuidas eristuda, on noortel veelgi. N\u00e4iteks v\u00f5iks kasutada oma t\u00f6\u00f6 mingis osas kanga- ja nahaj\u00e4\u00e4ke, olles nii keskkonnas\u00f5bralik kui ka ringmajandust<a href=\"#_ftn1\" id=\"_ftnref1\"><sup>[1]<\/sup><\/a> edendav ettev\u00f5te. Meeskonnale meeldis ka m\u00f5te teha valmis disainid ja mudelid, kuid m\u00e4ngida v\u00e4rvikombinatsioonidega, nii et k\u00f5ik tooted oleksid erinevad. Samuti v\u00f5iks l\u00e4htuda disainis nt aastaaegadest (kollektsioonid TALV, KEVAD, SUVI ja S\u00dcGIS) v\u00f5i geograafilisest asukohast (p\u00f5hjamaine, orientaal jne).<\/p>\n\n\n\n<p>Peale \u00fchist arutelu otsustatakse loobuda esialgu eridisainiga kudumisvarraste v\u00f5i heegeln\u00f5elte jaoks m\u00f5eldud pinal-stiilis kottide ning visiitkaardihoidjate v\u00f5i pangakaarditaskute tootmisest, kuna tegemist on spetsiifilise tootega, mille klientuur ei pruugi olla suur ja mis ei l\u00e4he kokku ka esmaste valitud toodetega.<\/p>\n\n\n\n<p>Valitud \u00e4riideeks osutub erinevate kottide disainimine ja tootmine kanga- ja nahaj\u00e4\u00e4kidest, keskendudes esimese tootevalikuna viiele tootegrupile:<\/p>\n\n\n\n<p>\u2022 pesemistarvikute funktsionaalne kott,<\/p>\n\n\n\n<p>\u2022 pinal koos akupangaga,<\/p>\n\n\n\n<p>\u2022 selja- ja \u00f5lakott,<\/p>\n\n\n\n<p>\u2022 s\u00fclearvutitasku,<\/p>\n\n\n\n<p>\u2022 eritellimusega kotilahendused,<\/p>\n\n\n\n<p>\u2022 ettev\u00f5tte logoga reklaamkingid, nt akupangaga pinal, s\u00fclearvutitasku, selja- ja \u00f5lakott.<\/p>\n\n\n\n<p>Tooted on suunatud keskkonnateadlikele, kuid samas funktsionaalsust, mugavust ja disaini hindavatele inimestele ja ettev\u00f5tetele, samuti t\u00e4iskasvanutele, kes soetavad tooteid kas endale v\u00f5i oma lastele ning ettev\u00f5tetele, kes soovivad erinevaid tooteid kas reklaamkingituseks v\u00f5i ettev\u00f5ttesiseseks kasutamiseks, nt t\u00f6\u00f6tajatele erinevate t\u00e4htp\u00e4evade puhul kinkimiseks.<\/p>\n\n\n\n<p>Tootmisel planeeritakse kasutada partnerettev\u00f5tetelt saadavaid kanga ja naha tootmisj\u00e4\u00e4ke, millest disainitakse ja \u00f5mmeldakse vastava funktsionaalsusega kotid. Lisaks eelnevalt nimetatud toodetele pakutakse nii era- kui \u00e4riklientidele eritellimusel kotilahenduste disainimist ja \u00f5mblemist ning erinevaid kotilahendusi koos logo v\u00f5i s\u00f5numi lisamise v\u00f5imalusega.<\/p>\n\n\n\n<figure class=\"wp-block-image aligncenter size-large is-resized\"><img loading=\"lazy\" decoding=\"async\" width=\"1024\" height=\"571\" src=\"https:\/\/sisu.ut.ee\/wp-content\/uploads\/sites\/703\/kotid-1024x571.png\" alt=\"\" class=\"wp-image-722\" style=\"width:604px;height:auto\" srcset=\"https:\/\/sisu.ut.ee\/wp-content\/uploads\/sites\/703\/kotid-1024x571.png 1024w, https:\/\/sisu.ut.ee\/wp-content\/uploads\/sites\/703\/kotid-300x167.png 300w, https:\/\/sisu.ut.ee\/wp-content\/uploads\/sites\/703\/kotid-768x428.png 768w, https:\/\/sisu.ut.ee\/wp-content\/uploads\/sites\/703\/kotid.png 1097w\" sizes=\"auto, (max-width: 1024px) 100vw, 1024px\"><\/figure>\n\n\n\n<p>Ettev\u00f5ttele otsustati nimeks panna Nutikas N\u00f5el. Enne nimevaliku kinnitamist viis meeskond l\u00e4bi ajur\u00fcnnaku potentsiaalsete nimede kaardistamiseks ning kontrollis kolme k\u00f5ige populaarsemat nime \u00a0nii e-\u00e4riregistris (https:\/\/www.rik.ee\/et\/e-ariregister) kui ka Patendiameti Kaubam\u00e4rkide andmebaasist (https:\/\/andmebaas.epa.ee\/avalik\/#\/trademarks). Kolmest k\u00f5ige populaarsemast nimest ei olnud ainult Nutikas N\u00f5el registreeritud ettev\u00f5tte nimena v\u00f5i kaubam\u00e4rgina ning ka internetiotsing ei andnud vasteid.<\/p>\n\n\n\n<figure class=\"wp-block-image size-full\"><img loading=\"lazy\" decoding=\"async\" width=\"253\" height=\"243\" src=\"https:\/\/sisu.ut.ee\/wp-content\/uploads\/sites\/703\/noel.png\" alt=\"\" class=\"wp-image-723\"><\/figure>\n\n\n\n<p>Ettev\u00f5tte Nutikas N\u00f5el logo.<\/p>\n\n\n<div class=\"accordion-block mb-3\">\n\t\t<div class=\"accordion \" id=\"accordion-accordion-69e0aff075ff4\">\n\t\t\t\t\t\t\t<div class=\"accordion-item accordion-item--white\">\n\t\t\t\t\t<h2 class=\"accordion-header\" id=\"accordion-69e0aff075ff4-heading-1\">\n\t\t\t\t\t\t<button class=\"accordion-button collapsed\" type=\"button\" data-bs-toggle=\"collapse\" data-bs-target=\"#accordion-69e0aff075ff4-collapse-1\" aria-expanded=\"true\" aria-controls=\"accordion-69e0aff075ff4-collapse-1\">\n\t\t\t\t\t\t\tEksperdi kommentaar\n\t\t\t\t\t\t<\/button>\n\t\t\t\t\t<\/h2>\n\t\t\t\t\t<div id=\"accordion-69e0aff075ff4-collapse-1\" class=\"accordion-collapse collapse \" aria-labelledby=\"accordion-69e0aff075ff4-heading-1\">\n\t\t\t\t\t\t<div class=\"accordion-body\">\n\t\t\t\t\t\t\t<p>Head \u00e4riideed on just sellised, mis s\u00fcnnivad praktilisest vajadusest ja meeskonnas on nende realiseerimiseks kompetents olemas v\u00f5i soovitakse seda omandada.<\/p>\n<p>Ettev\u00f5tte tegevuse alustamine mitme erineva tootega on samuti hea m\u00f5te. Kui tooteid on liiga v\u00e4he, siis v\u00f5ib klient minna konkurendi juurde, sest ta ei leia liiga v\u00e4ikese sortimendi hulgast endale sobivat. Hiljem on v\u00f5imalik katsetatud tootest juba mitu erinevat versiooni edasi arendada.<\/p>\n<p>Ringmajanduse p\u00f5him\u00f5tte ja j\u00e4\u00e4kide kasutamine on hea m\u00f5te, sest kliendid on v\u00e4ga keskkonnateadlikud. Lisaks teiste ettev\u00f5tete (tootmis)j\u00e4\u00e4kide kasutamisele on oluline p\u00f6\u00f6rata ka ise t\u00e4helepanu materjalide s\u00e4\u00e4stlikule kasutamisele ning p\u00fc\u00fcda j\u00f5uda toodete valmistamiseni v\u00f5imalikult v\u00e4ikese materjalikulu v\u00f5i \u00fclej\u00e4\u00e4kidega. Taaskasutamise idee v\u00e4ljatoomiseks v\u00f5ib tootega kaasa panna v\u00e4ikese kingituse, millele on lisatud selgituse, et toode ja kingitus on tehtud j\u00e4\u00e4kidest. Ringmajanduse p\u00f5him\u00f5tet aitab j\u00e4rgida enda toodete parandamise v\u00f5imaluse pakkumine \u2013 nt t\u00f5mbluku kelgu vahetus vms.<\/p>\n<p>Ettev\u00f5tetele suunatud kotilahendused ja nende seostamine tikkimisega on hea m\u00f5te, kuna v\u00e4ikeste koguste tikkimine on ajamahukas ja eelnevalt on vajalik teha eraldi proovitikandid. Eritellimusena valmivad tooted v\u00f5tavad palju aega: enamasti on vajalik k\u00f5igepealt kliendiga kohtuda, et v\u00e4lja selgitada tema ootused funktsioonide, mudeli, materjali, v\u00e4rvi jms suhtes, seej\u00e4rel konstrueerida ja valmis teha n\u00e4idistoode (see on valmistatud reeglina l\u00f5pptoote materjalist odavamast materjalist), mida kliendiga koos veel kord koos \u00fcle vaadata, kas see vastab kliendi k\u00f5ikidele soovidele. Alles seej\u00e4rel saab \u00f5mmelda valmis sobivast materjalist p\u00e4ristoote. Konstrueerimine on k\u00f5ige t\u00f6\u00f6- ja ajamahukam etapp. Kui idee v\u00f5iks meeldida teistelegi klientidele (nt on ka varem k\u00fcsitud sellist laadi toodet), v\u00f5ib arendust\u00f6\u00f6 toimuda ka ettev\u00f5tte kulul. Uuendusi peab tegema, nt isegi kui funktsionaalne pool tootest sobib, siis paljudel on eelistused kas v\u00e4rvi (moev\u00e4rvid v\u00f5i kujundid), \u00a0mudelis v\u00f5i lisandite osas (nt taskud, helkurid).<\/p>\n<p>Kuigi kottide \u00f5mblemine \u00fcldiselt ei ole kohaspetsiifiline, siis eritellimust\u00f6\u00f6de puhul on oluline ka ettev\u00f5tte asukoht.<\/p>\n\n\t\t\t\t\t\t<\/div>\n\t\t\t\t\t<\/div>\n\t\t\t\t<\/div>\n\t\t\t\t\t<\/div>\n\t<\/div>\n\n\n\n<hr class=\"wp-block-separator has-alpha-channel-opacity\">\n\n\n\n<p><a href=\"#_ftnref1\" id=\"_ftn1\">[1]<\/a> Ringmajandus on tootmis- ja tarbimismudel, mille puhul olemasolevaid materjale ja tooteid jagatakse, laenatakse, korduskasutatakse, parandatakse, uuendatakse ja v\u00f5etakse ringlusse v\u00f5imalikult kaua. Sellega pikendatakse toodete olelusringi (Euroopa parlament, 2023, <a href=\"https:\/\/www.europarl.europa.eu\/topics\/et\/article\/20151201STO05603\/ringmajanduse-tahendus-vajalikkus-ja-kasulikkus\">https:\/\/www.europarl.europa.eu\/topics\/et\/article\/20151201STO05603\/ringmajanduse-tahendus-vajalikkus-ja-kasulikkus<\/a>, sh on video ringmajanduse kohta).<\/p>\n","protected":false},"excerpt":{"rendered":"<p>Lisaks teooriale selgitatakse \u00f5pikus n\u00e4idisjuhtumi abil ettev\u00f5tlusprotsessi etappide rakendamise v\u00f5imalust praktikas. Ettev\u00f5tlusteekonna algus N\u00e4idisjuhtum p\u00f5hineb kolme aktiivse noore \u2013 disainieriala \u00fcli\u00f5pilase Adele, \u00f5mblustehnoloog Oti ja finantskonsultant Paula ettev\u00f5ttel, kel\/kellel lisaks \u00fchisele s\u00f5pruskonnale on ka soov midagi \u00fchiselt ette v\u00f5tta ja &#8230;<\/p>\n","protected":false},"author":3,"featured_media":0,"parent":41,"menu_order":0,"comment_status":"closed","ping_status":"closed","template":"","meta":{"_acf_changed":false,"inline_featured_image":false,"footnotes":"[]"},"class_list":["post-43","page","type-page","status-publish","hentry"],"acf":[],"_links":{"self":[{"href":"https:\/\/sisu.ut.ee\/ettevotlusopik\/wp-json\/wp\/v2\/pages\/43","targetHints":{"allow":["GET"]}}],"collection":[{"href":"https:\/\/sisu.ut.ee\/ettevotlusopik\/wp-json\/wp\/v2\/pages"}],"about":[{"href":"https:\/\/sisu.ut.ee\/ettevotlusopik\/wp-json\/wp\/v2\/types\/page"}],"author":[{"embeddable":true,"href":"https:\/\/sisu.ut.ee\/ettevotlusopik\/wp-json\/wp\/v2\/users\/3"}],"replies":[{"embeddable":true,"href":"https:\/\/sisu.ut.ee\/ettevotlusopik\/wp-json\/wp\/v2\/comments?post=43"}],"version-history":[{"count":13,"href":"https:\/\/sisu.ut.ee\/ettevotlusopik\/wp-json\/wp\/v2\/pages\/43\/revisions"}],"predecessor-version":[{"id":1077,"href":"https:\/\/sisu.ut.ee\/ettevotlusopik\/wp-json\/wp\/v2\/pages\/43\/revisions\/1077"}],"up":[{"embeddable":true,"href":"https:\/\/sisu.ut.ee\/ettevotlusopik\/wp-json\/wp\/v2\/pages\/41"}],"wp:attachment":[{"href":"https:\/\/sisu.ut.ee\/ettevotlusopik\/wp-json\/wp\/v2\/media?parent=43"}],"curies":[{"name":"wp","href":"https:\/\/api.w.org\/{rel}","templated":true}]}}