{"id":41,"date":"2024-04-19T12:58:31","date_gmt":"2024-04-19T09:58:31","guid":{"rendered":"https:\/\/sisu.ut.ee\/ettevotlusopik\/?page_id=41"},"modified":"2026-01-27T18:38:31","modified_gmt":"2026-01-27T16:38:31","slug":"1-3-kuidas-hinnata-ariidee-headust","status":"publish","type":"page","link":"https:\/\/sisu.ut.ee\/ettevotlusopik\/1-ariidee\/1-3-kuidas-hinnata-ariidee-headust\/","title":{"rendered":"Kuidas hinnata \u00e4riidee headust?"},"content":{"rendered":"<p>\u00c4riidee teostatavuse anal\u00fc\u00fcs on protsess, mille kaudu tehakse kindlaks, kas antud \u00e4riidee on eluj\u00f5uline, s.t\u00a0 kas see idee toimiks ka reaalses elus. Protsessi k\u00e4igus kogutakse informatsiooni mitmel erineval kujul.<\/p>\n<p><strong>Teostatavusanal\u00fc\u00fcs ei ole mitte lihtsalt toote v\u00f5i teenuse hindamine vaid \u00e4ri kui terviku hindamise viis\/hindamine. Teostatavusanal\u00fc\u00fcsi k\u00e4igus vaadeldakse j\u00e4rgnevaid aspekte<\/strong>.<\/p>\n<p>1) \u00c4riidee teostatavus toote v\u00f5i teenuse aspektist.<\/p>\n<ul>\n<li>Toote v\u00f5i teenuse atraktiivsus.<\/li>\n<li>N\u00f5udlus toote j\u00e4rele.<\/li>\n<\/ul>\n<p>2) \u00c4riidee teostatavus tegevusharu\/turu aspektist.<\/p>\n<ul>\n<li>Tegevusharu atraktiivsus.<\/li>\n<li>Sihtturu atraktiivsus.<\/li>\n<\/ul>\n<p>3) \u00c4riidee teostatavus organisatsiooni aspektist.<\/p>\n<ul>\n<li>Juhtkonna osavus.<\/li>\n<li>Ressursside piisavus.<\/li>\n<\/ul>\n<p>4) \u00c4riidee teostatavus finantsilisest aspektist.<\/p>\n<ul>\n<li>Vajalik stardikapital.<\/li>\n<li>Sarnaste ettev\u00f5tete finantstulemus.<\/li>\n<li>\u00dcle\u00fcldine finantsatraktiivsus esitatud ettev\u00f5tmisel.<\/li>\n<\/ul>\n<p>5) Konkurentsisituatsioon.<\/p>\n<p>Peale teostatavusanal\u00fc\u00fcsi l\u00e4biviimist tuleks saadud andmed protokollida, tuues v\u00e4lja olulisemad j\u00e4reldused ja edasised plaanid. <span style=\"color: #000000;\"><strong>Harjutamiseks vt harjutusvihiku ptk 1.1 ja ptk 1.2.<\/strong><\/span><\/p>\n<p>J\u00e4rgmisena tulebki v\u00f5tta vastu teadlik otsus, kas \u00e4riidee arendamisega minnakse edasi v\u00f5i otsitakse alternatiivseid ideid.<\/p>\n","protected":false},"excerpt":{"rendered":"<p>\u00c4riidee teostatavuse anal\u00fc\u00fcs on protsess, mille kaudu tehakse kindlaks, kas antud \u00e4riidee on eluj\u00f5uline, s.t\u00a0 kas see idee toimiks ka reaalses elus. Protsessi k\u00e4igus kogutakse informatsiooni mitmel erineval kujul. Teostatavusanal\u00fc\u00fcs ei ole mitte lihtsalt toote v\u00f5i teenuse hindamine vaid \u00e4ri &#8230;<\/p>\n","protected":false},"author":3,"featured_media":0,"parent":34,"menu_order":0,"comment_status":"closed","ping_status":"closed","template":"","meta":{"_acf_changed":false,"inline_featured_image":false,"footnotes":""},"class_list":["post-41","page","type-page","status-publish","hentry"],"acf":[],"_links":{"self":[{"href":"https:\/\/sisu.ut.ee\/ettevotlusopik\/wp-json\/wp\/v2\/pages\/41","targetHints":{"allow":["GET"]}}],"collection":[{"href":"https:\/\/sisu.ut.ee\/ettevotlusopik\/wp-json\/wp\/v2\/pages"}],"about":[{"href":"https:\/\/sisu.ut.ee\/ettevotlusopik\/wp-json\/wp\/v2\/types\/page"}],"author":[{"embeddable":true,"href":"https:\/\/sisu.ut.ee\/ettevotlusopik\/wp-json\/wp\/v2\/users\/3"}],"replies":[{"embeddable":true,"href":"https:\/\/sisu.ut.ee\/ettevotlusopik\/wp-json\/wp\/v2\/comments?post=41"}],"version-history":[{"count":14,"href":"https:\/\/sisu.ut.ee\/ettevotlusopik\/wp-json\/wp\/v2\/pages\/41\/revisions"}],"predecessor-version":[{"id":1062,"href":"https:\/\/sisu.ut.ee\/ettevotlusopik\/wp-json\/wp\/v2\/pages\/41\/revisions\/1062"}],"up":[{"embeddable":true,"href":"https:\/\/sisu.ut.ee\/ettevotlusopik\/wp-json\/wp\/v2\/pages\/34"}],"wp:attachment":[{"href":"https:\/\/sisu.ut.ee\/ettevotlusopik\/wp-json\/wp\/v2\/media?parent=41"}],"curies":[{"name":"wp","href":"https:\/\/api.w.org\/{rel}","templated":true}]}}